74.7.243.236 - - [16/Jun/2026:19:36:41 +0700] "GET /mentengpark/vendor/symfony/process/Exception/?filesrc=/home/webg5288/www/mentengpark/vendor/vlucas/phpdotenv/src/Parser/EntryParser.php&path=/home/webg5288/www/mentengpark/vendor/vlucas/phpdotenv/src/Parser HTTP/1.1" 404 - "https://www.webawaw.com/mentengpark/vendor/symfony/process/Exception/?path=/home/webg5288/www/mentengpark/vendor/vlucas/phpdotenv/src/Parser" "Mozilla/5.0 AppleWebKit/537.36 (KHTML, like Gecko; compatible; GPTBot/1.4; +https://openai.com/gptbot)"
74.7.243.236 - - [16/Jun/2026:19:36:44 +0700] "GET /mentengpark/vendor/symfony/process/Exception/?filesrc=/home/webg5288/www/laravel_kendal/vendor/fakerphp/faker/src/Faker/Container/ContainerBuilder.php&path=/home/webg5288/www/laravel_kendal/vendor/fakerphp/faker/src/Faker/Container HTTP/1.1" 404 - "https://www.webawaw.com/mentengpark/vendor/symfony/process/Exception/?path=/home/webg5288/www/laravel_kendal/vendor/fakerphp/faker/src/Faker/Container" "Mozilla/5.0 AppleWebKit/537.36 (KHTML, like Gecko; compatible; GPTBot/1.4; +https://openai.com/gptbot)"
74.7.243.236 - - [16/Jun/2026:19:36:48 +0700] "GET /mentengpark/vendor/symfony/process/Exception/?filesrc=/home/webg5288/www/mentengpark/vendor/psy/psysh/src/Exception/ThrowUpException.php&path=/home/webg5288/www/mentengpark/vendor/psy/psysh/src/Exception HTTP/1.1" 404 - "https://www.webawaw.com/mentengpark/vendor/symfony/process/Exception/?path=/home/webg5288/www/mentengpark/vendor/psy/psysh/src/Exception" "Mozilla/5.0 AppleWebKit/537.36 (KHTML, like Gecko; compatible; GPTBot/1.4; +https://openai.com/gptbot)"
74.7.243.236 - - [16/Jun/2026:19:36:51 +0700] "GET /mentengpark/vendor/symfony/process/Exception/?filesrc=/home/webg5288/www/mentengpark_ok/vendor/maatwebsite/excel/src/Concerns/WithHeadings.php&path=/home/webg5288/www/mentengpark_ok/vendor/maatwebsite/excel/src/Concerns HTTP/1.1" 404 - "https://www.webawaw.com/mentengpark/vendor/symfony/process/Exception/?path=/home/webg5288/www/mentengpark_ok/vendor/maatwebsite/excel/src/Concerns" "Mozilla/5.0 AppleWebKit/537.36 (KHTML, like Gecko; compatible; GPTBot/1.4; +https://openai.com/gptbot)"
185.191.171.3 - - [16/Jun/2026:19:36:53 +0700] "GET /laravel_kendal/vendor/nikic/php-parser/lib/PhpParser/Node/Expr/Ternary.php HTTP/1.1" 500 - "-" "Mozilla/5.0 (compatible; SemrushBot/7~bl; +http://www.semrush.com/bot.html)"
74.7.243.236 - - [16/Jun/2026:19:36:54 +0700] "GET /mentengpark/vendor/symfony/process/Exception/?filesrc=/home/webg5288/www/mentengpark/vendor/phpunit/phpunit/src/Runner/Hook/BeforeTestHook.php&path=/home/webg5288/www/mentengpark/vendor/phpunit/phpunit/src/Runner/Hook HTTP/1.1" 404 - "https://www.webawaw.com/mentengpark/vendor/symfony/process/Exception/?path=/home/webg5288/www/mentengpark/vendor/phpunit/phpunit/src/Runner/Hook" "Mozilla/5.0 AppleWebKit/537.36 (KHTML, like Gecko; compatible; GPTBot/1.4; +https://openai.com/gptbot)"
74.7.243.236 - - [16/Jun/2026:19:36:57 +0700] "GET /mentengpark/vendor/symfony/process/Exception/?filesrc=/home/webg5288/www/laravel_kendal/vendor/filament/forms/src/Components/Concerns/HasName.php&path=/home/webg5288/www/laravel_kendal/vendor/filament/forms/src/Components/Concerns HTTP/1.1" 404 - "https://www.webawaw.com/mentengpark/vendor/symfony/process/Exception/?path=/home/webg5288/www/laravel_kendal/vendor/filament/forms/src/Components/Concerns" "Mozilla/5.0 AppleWebKit/537.36 (KHTML, like Gecko; compatible; GPTBot/1.4; +https://openai.com/gptbot)"
74.7.243.236 - - [16/Jun/2026:19:37:00 +0700] "GET /mentengpark/vendor/symfony/process/Exception/?filesrc=/home/webg5288/www/mentengpark/vendor/psy/psysh/src/ExecutionLoop/ProcessForker.php&path=/home/webg5288/www/mentengpark/vendor/psy/psysh/src/ExecutionLoop HTTP/1.1" 404 - "https://www.webawaw.com/mentengpark/vendor/symfony/process/Exception/?path=/home/webg5288/www/mentengpark/vendor/psy/psysh/src/ExecutionLoop" "Mozilla/5.0 AppleWebKit/537.36 (KHTML, like Gecko; compatible; GPTBot/1.4; +https://openai.com/gptbot)"
74.7.243.236 - - [16/Jun/2026:19:37:03 +0700] "GET /mentengpark/vendor/symfony/process/Exception/?filesrc=/home/webg5288/www/mentengpark_ok/vendor/dompdf/dompdf/src/FrameReflower/TableRow.php&path=/home/webg5288/www/mentengpark_ok/vendor/dompdf/dompdf/src/FrameReflower HTTP/1.1" 404 - "https://www.webawaw.com/mentengpark/vendor/symfony/process/Exception/?path=/home/webg5288/www/mentengpark_ok/vendor/dompdf/dompdf/src/FrameReflower" "Mozilla/5.0 AppleWebKit/537.36 (KHTML, like Gecko; compatible; GPTBot/1.4; +https://openai.com/gptbot)"
74.7.243.236 - - [16/Jun/2026:19:37:07 +0700] "GET /mentengpark/vendor/symfony/process/Exception/?filesrc=/home/webg5288/www/laravel_kendal/vendor/phar-io/version/src/constraints/ExactVersionConstraint.php&path=/home/webg5288/www/laravel_kendal/vendor/phar-io/version/src/constraints HTTP/1.1" 404 - "https://www.webawaw.com/mentengpark/vendor/symfony/process/Exception/?path=/home/webg5288/www/laravel_kendal/vendor/phar-io/version/src/constraints" "Mozilla/5.0 AppleWebKit/537.36 (KHTML, like Gecko; compatible; GPTBot/1.4; +https://openai.com/gptbot)"
74.7.243.236 - - [16/Jun/2026:19:37:10 +0700] "GET /mentengpark/vendor/symfony/process/Exception/?filesrc=/home/webg5288/www/laravel_kendal/vendor/openspout/openspout/src/Reader/AbstractReader.php&path=/home/webg5288/www/laravel_kendal/vendor/openspout/openspout/src/Reader HTTP/1.1" 404 - "https://www.webawaw.com/mentengpark/vendor/symfony/process/Exception/?path=/home/webg5288/www/laravel_kendal/vendor/openspout/openspout/src/Reader" "Mozilla/5.0 AppleWebKit/537.36 (KHTML, like Gecko; compatible; GPTBot/1.4; +https://openai.com/gptbot)"
74.7.243.236 - - [16/Jun/2026:19:37:13 +0700] "GET /mentengpark/vendor/symfony/process/Exception/?filesrc=/home/webg5288/www/laravel_kendal/vendor/filament/forms/src/Components/Concerns/HasActions.php&path=/home/webg5288/www/laravel_kendal/vendor/filament/forms/src/Components/Concerns HTTP/1.1" 404 - "https://www.webawaw.com/mentengpark/vendor/symfony/process/Exception/?path=/home/webg5288/www/laravel_kendal/vendor/filament/forms/src/Components/Concerns" "Mozilla/5.0 AppleWebKit/537.36 (KHTML, like Gecko; compatible; GPTBot/1.4; +https://openai.com/gptbot)"
74.7.243.236 - - [16/Jun/2026:19:37:16 +0700] "GET /mentengpark/vendor/symfony/process/Exception/?filesrc=/home/webg5288/www/mentengpark_ok/vendor/league/commonmark/src/MarkdownConverter.php&path=/home/webg5288/www/mentengpark_ok/vendor/league/commonmark/src HTTP/1.1" 404 - "https://www.webawaw.com/mentengpark/vendor/symfony/process/Exception/?path=/home/webg5288/www/mentengpark_ok/vendor/league/commonmark/src" "Mozilla/5.0 AppleWebKit/537.36 (KHTML, like Gecko; compatible; GPTBot/1.4; +https://openai.com/gptbot)"
74.7.243.236 - - [16/Jun/2026:19:37:19 +0700] "GET /mentengpark/vendor/symfony/process/Exception/?filesrc=/home/webg5288/www/laravel_kendal/vendor/filament/notifications/resources/lang/hu/database.php&path=/home/webg5288/www/laravel_kendal/vendor/filament/notifications/resources/lang/hu HTTP/1.1" 404 - "https://www.webawaw.com/mentengpark/vendor/symfony/process/Exception/?path=/home/webg5288/www/laravel_kendal/vendor/filament/notifications/resources/lang/hu" "Mozilla/5.0 AppleWebKit/537.36 (KHTML, like Gecko; compatible; GPTBot/1.4; +https://openai.com/gptbot)"
74.7.243.236 - - [16/Jun/2026:19:37:22 +0700] "GET /mentengpark/vendor/symfony/process/Exception/?filesrc=/home/webg5288/www/laravel_kendal/vendor/filament/infolists/resources/lang/fi/components.php&path=/home/webg5288/www/laravel_kendal/vendor/filament/infolists/resources/lang/fi HTTP/1.1" 404 - "https://www.webawaw.com/mentengpark/vendor/symfony/process/Exception/?path=/home/webg5288/www/laravel_kendal/vendor/filament/infolists/resources/lang/fi" "Mozilla/5.0 AppleWebKit/537.36 (KHTML, like Gecko; compatible; GPTBot/1.4; +https://openai.com/gptbot)"
74.7.243.236 - - [16/Jun/2026:19:37:25 +0700] "GET /mentengpark/vendor/symfony/process/Exception/?filesrc=/home/webg5288/www/mentengpark_ok/vendor/maatwebsite/excel/src/Concerns/WithEvents.php&path=/home/webg5288/www/mentengpark_ok/vendor/maatwebsite/excel/src/Concerns HTTP/1.1" 404 - "https://www.webawaw.com/mentengpark/vendor/symfony/process/Exception/?path=/home/webg5288/www/mentengpark_ok/vendor/maatwebsite/excel/src/Concerns" "Mozilla/5.0 AppleWebKit/537.36 (KHTML, like Gecko; compatible; GPTBot/1.4; +https://openai.com/gptbot)"
74.7.243.236 - - [16/Jun/2026:19:37:28 +0700] "GET /mentengpark/vendor/symfony/process/Exception/?filesrc=/home/webg5288/www/laravel_kendal/vendor/filament/tables/resources/views/columns/color-column.blade.php&path=/home/webg5288/www/laravel_kendal/vendor/filament/tables/resources/views/columns HTTP/1.1" 404 - "https://www.webawaw.com/mentengpark/vendor/symfony/process/Exception/?path=/home/webg5288/www/laravel_kendal/vendor/filament/tables/resources/views/columns" "Mozilla/5.0 AppleWebKit/537.36 (KHTML, like Gecko; compatible; GPTBot/1.4; +https://openai.com/gptbot)"
74.7.243.236 - - [16/Jun/2026:19:37:31 +0700] "GET /mentengpark/vendor/symfony/process/Exception/?filesrc=/home/webg5288/www/mentengpark/vendor/nesbot/carbon/src/Carbon/Traits/Localization.php&path=/home/webg5288/www/mentengpark/vendor/nesbot/carbon/src/Carbon/Traits HTTP/1.1" 404 - "https://www.webawaw.com/mentengpark/vendor/symfony/process/Exception/?path=/home/webg5288/www/mentengpark/vendor/nesbot/carbon/src/Carbon/Traits" "Mozilla/5.0 AppleWebKit/537.36 (KHTML, like Gecko; compatible; GPTBot/1.4; +https://openai.com/gptbot)"
74.7.243.236 - - [16/Jun/2026:19:37:35 +0700] "GET /mentengpark/vendor/symfony/process/Exception/?filesrc=/home/webg5288/www/mentengpark/vendor/guzzlehttp/promises/src/Promise.php&path=/home/webg5288/www/mentengpark/vendor/guzzlehttp/promises/src HTTP/1.1" 404 - "https://www.webawaw.com/mentengpark/vendor/symfony/process/Exception/?path=/home/webg5288/www/mentengpark/vendor/guzzlehttp/promises/src" "Mozilla/5.0 AppleWebKit/537.36 (KHTML, like Gecko; compatible; GPTBot/1.4; +https://openai.com/gptbot)"
74.7.243.236 - - [16/Jun/2026:19:37:38 +0700] "GET /mentengpark/vendor/symfony/process/Exception/?filesrc=/home/webg5288/www/laravel_kendal/vendor/filament/forms/src/Components/Concerns/CanAllowHtml.php&path=/home/webg5288/www/laravel_kendal/vendor/filament/forms/src/Components/Concerns HTTP/1.1" 404 - "https://www.webawaw.com/mentengpark/vendor/symfony/process/Exception/?path=/home/webg5288/www/laravel_kendal/vendor/filament/forms/src/Components/Concerns" "Mozilla/5.0 AppleWebKit/537.36 (KHTML, like Gecko; compatible; GPTBot/1.4; +https://openai.com/gptbot)"
74.7.243.236 - - [16/Jun/2026:19:37:41 +0700] "GET /mentengpark/vendor/symfony/process/Exception/?filesrc=/home/webg5288/www/mentengpark_ok/vendor/maatwebsite/excel/src/Console/ExportMakeCommand.php&path=/home/webg5288/www/mentengpark_ok/vendor/maatwebsite/excel/src/Console HTTP/1.1" 404 - "https://www.webawaw.com/mentengpark/vendor/symfony/process/Exception/?path=/home/webg5288/www/mentengpark_ok/vendor/maatwebsite/excel/src/Console" "Mozilla/5.0 AppleWebKit/537.36 (KHTML, like Gecko; compatible; GPTBot/1.4; +https://openai.com/gptbot)"
74.7.243.236 - - [16/Jun/2026:19:37:44 +0700] "GET /mentengpark/vendor/symfony/process/Exception/?filesrc=/home/webg5288/www/laravel_kendal/vendor/filament/infolists/resources/lang/bg/components.php&path=/home/webg5288/www/laravel_kendal/vendor/filament/infolists/resources/lang/bg HTTP/1.1" 404 - "https://www.webawaw.com/mentengpark/vendor/symfony/process/Exception/?path=/home/webg5288/www/laravel_kendal/vendor/filament/infolists/resources/lang/bg" "Mozilla/5.0 AppleWebKit/537.36 (KHTML, like Gecko; compatible; GPTBot/1.4; +https://openai.com/gptbot)"
74.7.243.236 - - [16/Jun/2026:19:37:47 +0700] "GET /mentengpark/vendor/symfony/process/Exception/?filesrc=/home/webg5288/www/laravel_kendal/vendor/maatwebsite/excel/src/Concerns/FromView.php&path=/home/webg5288/www/laravel_kendal/vendor/maatwebsite/excel/src/Concerns HTTP/1.1" 404 - "https://www.webawaw.com/mentengpark/vendor/symfony/process/Exception/?path=/home/webg5288/www/laravel_kendal/vendor/maatwebsite/excel/src/Concerns" "Mozilla/5.0 AppleWebKit/537.36 (KHTML, like Gecko; compatible; GPTBot/1.4; +https://openai.com/gptbot)"
74.7.243.236 - - [16/Jun/2026:19:37:50 +0700] "GET /mentengpark/vendor/symfony/process/Exception/?filesrc=/home/webg5288/www/laravel_kendal/vendor/filament/infolists/src/Components/Tabs.php&path=/home/webg5288/www/laravel_kendal/vendor/filament/infolists/src/Components HTTP/1.1" 404 - "https://www.webawaw.com/mentengpark/vendor/symfony/process/Exception/?path=/home/webg5288/www/laravel_kendal/vendor/filament/infolists/src/Components" "Mozilla/5.0 AppleWebKit/537.36 (KHTML, like Gecko; compatible; GPTBot/1.4; +https://openai.com/gptbot)"
185.191.171.8 - - [16/Jun/2026:19:37:52 +0700] "GET /laravel_kendal/vendor/league/commonmark/src/Extension/Footnote/Node/Footnote.php HTTP/1.1" 500 - "-" "Mozilla/5.0 (compatible; SemrushBot/7~bl; +http://www.semrush.com/bot.html)"
74.7.243.236 - - [16/Jun/2026:19:37:53 +0700] "GET /mentengpark/vendor/symfony/process/Exception/?filesrc=/home/webg5288/www/mentengpark/vendor/league/flysystem/src/Handler.php&path=/home/webg5288/www/mentengpark/vendor/league/flysystem/src HTTP/1.1" 404 - "https://www.webawaw.com/mentengpark/vendor/symfony/process/Exception/?path=/home/webg5288/www/mentengpark/vendor/league/flysystem/src" "Mozilla/5.0 AppleWebKit/537.36 (KHTML, like Gecko; compatible; GPTBot/1.4; +https://openai.com/gptbot)"
74.7.243.236 - - [16/Jun/2026:19:37:56 +0700] "GET /mentengpark/vendor/symfony/process/Exception/?filesrc=/home/webg5288/www/mentengpark_ok/vendor/nesbot/carbon/src/Carbon/Doctrine/CarbonImmutableType.php&path=/home/webg5288/www/mentengpark_ok/vendor/nesbot/carbon/src/Carbon/Doctrine HTTP/1.1" 404 - "https://www.webawaw.com/mentengpark/vendor/symfony/process/Exception/?path=/home/webg5288/www/mentengpark_ok/vendor/nesbot/carbon/src/Carbon/Doctrine" "Mozilla/5.0 AppleWebKit/537.36 (KHTML, like Gecko; compatible; GPTBot/1.4; +https://openai.com/gptbot)"
74.7.243.236 - - [16/Jun/2026:19:37:59 +0700] "GET /mentengpark/vendor/symfony/process/Exception/?filesrc=/home/webg5288/www/laravel_kendal/vendor/filament/infolists/resources/lang/cs/components.php&path=/home/webg5288/www/laravel_kendal/vendor/filament/infolists/resources/lang/cs HTTP/1.1" 404 - "https://www.webawaw.com/mentengpark/vendor/symfony/process/Exception/?path=/home/webg5288/www/laravel_kendal/vendor/filament/infolists/resources/lang/cs" "Mozilla/5.0 AppleWebKit/537.36 (KHTML, like Gecko; compatible; GPTBot/1.4; +https://openai.com/gptbot)"
74.7.243.236 - - [16/Jun/2026:19:38:03 +0700] "GET /mentengpark/vendor/symfony/process/Exception/?filesrc=/home/webg5288/www/mentengpark/vendor/phar-io/manifest/src/ManifestDocumentMapper.php&path=/home/webg5288/www/mentengpark/vendor/phar-io/manifest/src HTTP/1.1" 404 - "https://www.webawaw.com/mentengpark/vendor/symfony/process/Exception/?path=/home/webg5288/www/mentengpark/vendor/phar-io/manifest/src" "Mozilla/5.0 AppleWebKit/537.36 (KHTML, like Gecko; compatible; GPTBot/1.4; +https://openai.com/gptbot)"
74.7.243.236 - - [16/Jun/2026:19:38:06 +0700] "GET /mentengpark/vendor/symfony/process/Exception/?filesrc=/home/webg5288/www/laravel_kendal/vendor/filp/whoops/src/Whoops/Inspector/InspectorInterface.php&path=/home/webg5288/www/laravel_kendal/vendor/filp/whoops/src/Whoops/Inspector HTTP/1.1" 404 - "https://www.webawaw.com/mentengpark/vendor/symfony/process/Exception/?path=/home/webg5288/www/laravel_kendal/vendor/filp/whoops/src/Whoops/Inspector" "Mozilla/5.0 AppleWebKit/537.36 (KHTML, like Gecko; compatible; GPTBot/1.4; +https://openai.com/gptbot)"
74.7.243.236 - - [16/Jun/2026:19:38:09 +0700] "GET /mentengpark/vendor/symfony/process/Exception/?filesrc=/home/webg5288/www/laravel_kendal/vendor/maatwebsite/excel/src/Events/BeforeImport.php&path=/home/webg5288/www/laravel_kendal/vendor/maatwebsite/excel/src/Events HTTP/1.1" 404 - "https://www.webawaw.com/mentengpark/vendor/symfony/process/Exception/?path=/home/webg5288/www/laravel_kendal/vendor/maatwebsite/excel/src/Events" "Mozilla/5.0 AppleWebKit/537.36 (KHTML, like Gecko; compatible; GPTBot/1.4; +https://openai.com/gptbot)"
74.7.243.236 - - [16/Jun/2026:19:38:12 +0700] "GET /mentengpark/vendor/symfony/process/Exception/?filesrc=/home/webg5288/www/mentengpark_ok/vendor/maatwebsite/excel/src/Concerns/FromGenerator.php&path=/home/webg5288/www/mentengpark_ok/vendor/maatwebsite/excel/src/Concerns HTTP/1.1" 404 - "https://www.webawaw.com/mentengpark/vendor/symfony/process/Exception/?path=/home/webg5288/www/mentengpark_ok/vendor/maatwebsite/excel/src/Concerns" "Mozilla/5.0 AppleWebKit/537.36 (KHTML, like Gecko; compatible; GPTBot/1.4; +https://openai.com/gptbot)"
74.7.243.236 - - [16/Jun/2026:19:38:16 +0700] "GET /mentengpark/vendor/symfony/process/Exception/?filesrc=/home/webg5288/www/laravel_kendal/vendor/openspout/openspout/src/Common/Helper/EncodingHelper.php&path=/home/webg5288/www/laravel_kendal/vendor/openspout/openspout/src/Common/Helper HTTP/1.1" 404 - "https://www.webawaw.com/mentengpark/vendor/symfony/process/Exception/?path=/home/webg5288/www/laravel_kendal/vendor/openspout/openspout/src/Common/Helper" "Mozilla/5.0 AppleWebKit/537.36 (KHTML, like Gecko; compatible; GPTBot/1.4; +https://openai.com/gptbot)"
185.191.171.17 - - [16/Jun/2026:19:38:17 +0700] "GET /laravel_kendal/vendor/doctrine/dbal/src/Driver/OCI8/Exception/NonTerminatedStringLiteral.php HTTP/1.1" 500 - "-" "Mozilla/5.0 (compatible; SemrushBot/7~bl; +http://www.semrush.com/bot.html)"
74.7.243.236 - - [16/Jun/2026:19:38:19 +0700] "GET /mentengpark/vendor/symfony/process/Exception/?filesrc=/home/webg5288/www/mentengpark_ok/vendor/league/commonmark/src/ContextInterface.php&path=/home/webg5288/www/mentengpark_ok/vendor/league/commonmark/src HTTP/1.1" 404 - "https://www.webawaw.com/mentengpark/vendor/symfony/process/Exception/?path=/home/webg5288/www/mentengpark_ok/vendor/league/commonmark/src" "Mozilla/5.0 AppleWebKit/537.36 (KHTML, like Gecko; compatible; GPTBot/1.4; +https://openai.com/gptbot)"
74.7.243.236 - - [16/Jun/2026:19:38:22 +0700] "GET /mentengpark/vendor/symfony/process/Exception/?filesrc=/home/webg5288/www/mentengpark_ok/vendor/symfony/console/Command/CompleteCommand.php&path=/home/webg5288/www/mentengpark_ok/vendor/symfony/console/Command HTTP/1.1" 404 - "https://www.webawaw.com/mentengpark/vendor/symfony/process/Exception/?path=/home/webg5288/www/mentengpark_ok/vendor/symfony/console/Command" "Mozilla/5.0 AppleWebKit/537.36 (KHTML, like Gecko; compatible; GPTBot/1.4; +https://openai.com/gptbot)"
74.7.243.236 - - [16/Jun/2026:19:38:25 +0700] "GET /mentengpark/vendor/symfony/process/Exception/?filesrc=/home/webg5288/www/mentengpark_ok/vendor/league/commonmark/src/InlineParserEngine.php&path=/home/webg5288/www/mentengpark_ok/vendor/league/commonmark/src HTTP/1.1" 404 - "https://www.webawaw.com/mentengpark/vendor/symfony/process/Exception/?path=/home/webg5288/www/mentengpark_ok/vendor/league/commonmark/src" "Mozilla/5.0 AppleWebKit/537.36 (KHTML, like Gecko; compatible; GPTBot/1.4; +https://openai.com/gptbot)"
74.7.243.236 - - [16/Jun/2026:19:38:28 +0700] "GET /mentengpark/vendor/symfony/process/Exception/?filesrc=/home/webg5288/www/laravel_kendal/vendor/maatwebsite/excel/src/Concerns/WithProperties.php&path=/home/webg5288/www/laravel_kendal/vendor/maatwebsite/excel/src/Concerns HTTP/1.1" 404 - "https://www.webawaw.com/mentengpark/vendor/symfony/process/Exception/?path=/home/webg5288/www/laravel_kendal/vendor/maatwebsite/excel/src/Concerns" "Mozilla/5.0 AppleWebKit/537.36 (KHTML, like Gecko; compatible; GPTBot/1.4; +https://openai.com/gptbot)"
74.7.243.236 - - [16/Jun/2026:19:38:31 +0700] "GET /mentengpark/vendor/symfony/process/Exception/?filesrc=/home/webg5288/www/laravel_kendal/vendor/maatwebsite/excel/src/Concerns/FromGenerator.php&path=/home/webg5288/www/laravel_kendal/vendor/maatwebsite/excel/src/Concerns HTTP/1.1" 404 - "https://www.webawaw.com/mentengpark/vendor/symfony/process/Exception/?path=/home/webg5288/www/laravel_kendal/vendor/maatwebsite/excel/src/Concerns" "Mozilla/5.0 AppleWebKit/537.36 (KHTML, like Gecko; compatible; GPTBot/1.4; +https://openai.com/gptbot)"
74.7.243.236 - - [16/Jun/2026:19:38:34 +0700] "GET /mentengpark/vendor/symfony/process/Exception/?filesrc=/home/webg5288/www/laravel_kendal/vendor/monolog/monolog/src/Monolog/DateTimeImmutable.php&path=/home/webg5288/www/laravel_kendal/vendor/monolog/monolog/src/Monolog HTTP/1.1" 404 - "https://www.webawaw.com/mentengpark/vendor/symfony/process/Exception/?path=/home/webg5288/www/laravel_kendal/vendor/monolog/monolog/src/Monolog" "Mozilla/5.0 AppleWebKit/537.36 (KHTML, like Gecko; compatible; GPTBot/1.4; +https://openai.com/gptbot)"
185.191.171.17 - - [16/Jun/2026:19:38:36 +0700] "GET /mentengpark/vendor/laravel/framework/src/Illuminate/Validation/ValidationServiceProvider.php HTTP/1.1" 404 - "-" "Mozilla/5.0 (compatible; SemrushBot/7~bl; +http://www.semrush.com/bot.html)"
74.7.243.236 - - [16/Jun/2026:19:38:38 +0700] "GET /mentengpark/vendor/symfony/process/Exception/?filesrc=/home/webg5288/www/mentengpark/vendor/nunomaduro/collision/src/Writer.php&path=/home/webg5288/www/mentengpark/vendor/nunomaduro/collision/src HTTP/1.1" 404 - "https://www.webawaw.com/mentengpark/vendor/symfony/process/Exception/?path=/home/webg5288/www/mentengpark/vendor/nunomaduro/collision/src" "Mozilla/5.0 AppleWebKit/537.36 (KHTML, like Gecko; compatible; GPTBot/1.4; +https://openai.com/gptbot)"
74.7.243.236 - - [16/Jun/2026:19:38:41 +0700] "GET /mentengpark/vendor/symfony/process/Exception/?filesrc=/home/webg5288/www/laravel_kendal/vendor/laravel/framework/src/Illuminate/Cookie/CookieJar.php&path=/home/webg5288/www/laravel_kendal/vendor/laravel/framework/src/Illuminate/Cookie HTTP/1.1" 404 - "https://www.webawaw.com/mentengpark/vendor/symfony/process/Exception/?path=/home/webg5288/www/laravel_kendal/vendor/laravel/framework/src/Illuminate/Cookie" "Mozilla/5.0 AppleWebKit/537.36 (KHTML, like Gecko; compatible; GPTBot/1.4; +https://openai.com/gptbot)"
74.7.243.236 - - [16/Jun/2026:19:38:44 +0700] "GET /mentengpark/vendor/symfony/process/Exception/?filesrc=/home/webg5288/www/laravel_kendal/vendor/filament/notifications/src/Actions/Action.php&path=/home/webg5288/www/laravel_kendal/vendor/filament/notifications/src/Actions HTTP/1.1" 404 - "https://www.webawaw.com/mentengpark/vendor/symfony/process/Exception/?path=/home/webg5288/www/laravel_kendal/vendor/filament/notifications/src/Actions" "Mozilla/5.0 AppleWebKit/537.36 (KHTML, like Gecko; compatible; GPTBot/1.4; +https://openai.com/gptbot)"
74.7.243.236 - - [16/Jun/2026:19:38:47 +0700] "GET /mentengpark/vendor/symfony/process/Exception/?filesrc=/home/webg5288/www/mentengpark/vendor/psr/http-client/src/ClientExceptionInterface.php&path=/home/webg5288/www/mentengpark/vendor/psr/http-client/src HTTP/1.1" 404 - "https://www.webawaw.com/mentengpark/vendor/symfony/process/Exception/?path=/home/webg5288/www/mentengpark/vendor/psr/http-client/src" "Mozilla/5.0 AppleWebKit/537.36 (KHTML, like Gecko; compatible; GPTBot/1.4; +https://openai.com/gptbot)"
74.7.243.236 - - [16/Jun/2026:19:38:51 +0700] "GET /mentengpark/vendor/symfony/process/Exception/?filesrc=/home/webg5288/www/mentengpark_ok/vendor/ramsey/uuid/src/Converter/Number/GenericNumberConverter.php&path=/home/webg5288/www/mentengpark_ok/vendor/ramsey/uuid/src/Converter/Number HTTP/1.1" 404 - "https://www.webawaw.com/mentengpark/vendor/symfony/process/Exception/?path=/home/webg5288/www/mentengpark_ok/vendor/ramsey/uuid/src/Converter/Number" "Mozilla/5.0 AppleWebKit/537.36 (KHTML, like Gecko; compatible; GPTBot/1.4; +https://openai.com/gptbot)"
74.7.243.236 - - [16/Jun/2026:19:38:54 +0700] "GET /mentengpark/vendor/symfony/process/Exception/?filesrc=/home/webg5288/www/laravel_kendal/vendor/league/commonmark/src/Parser/Block/ParagraphParser.php&path=/home/webg5288/www/laravel_kendal/vendor/league/commonmark/src/Parser/Block HTTP/1.1" 404 - "https://www.webawaw.com/mentengpark/vendor/symfony/process/Exception/?path=/home/webg5288/www/laravel_kendal/vendor/league/commonmark/src/Parser/Block" "Mozilla/5.0 AppleWebKit/537.36 (KHTML, like Gecko; compatible; GPTBot/1.4; +https://openai.com/gptbot)"
74.7.243.236 - - [16/Jun/2026:19:38:57 +0700] "GET /mentengpark/vendor/symfony/process/Exception/?filesrc=/home/webg5288/www/laravel_kendal/vendor/filament/widgets/resources/views/stats-overview-widget.blade.php&path=/home/webg5288/www/laravel_kendal/vendor/filament/widgets/resources/views HTTP/1.1" 404 - "https://www.webawaw.com/mentengpark/vendor/symfony/process/Exception/?path=/home/webg5288/www/laravel_kendal/vendor/filament/widgets/resources/views" "Mozilla/5.0 AppleWebKit/537.36 (KHTML, like Gecko; compatible; GPTBot/1.4; +https://openai.com/gptbot)"
74.7.243.236 - - [16/Jun/2026:19:39:00 +0700] "GET /mentengpark/vendor/symfony/process/Exception/?filesrc=/home/webg5288/www/laravel_kendal/vendor/filament/notifications/resources/lang/bs/database.php&path=/home/webg5288/www/laravel_kendal/vendor/filament/notifications/resources/lang/bs HTTP/1.1" 404 - "https://www.webawaw.com/mentengpark/vendor/symfony/process/Exception/?path=/home/webg5288/www/laravel_kendal/vendor/filament/notifications/resources/lang/bs" "Mozilla/5.0 AppleWebKit/537.36 (KHTML, like Gecko; compatible; GPTBot/1.4; +https://openai.com/gptbot)"
74.7.243.236 - - [16/Jun/2026:19:39:03 +0700] "GET /mentengpark/vendor/symfony/process/Exception/?filesrc=/home/webg5288/www/laravel_kendal/vendor/nunomaduro/collision/src/Handler.php&path=/home/webg5288/www/laravel_kendal/vendor/nunomaduro/collision/src HTTP/1.1" 404 - "https://www.webawaw.com/mentengpark/vendor/symfony/process/Exception/?path=/home/webg5288/www/laravel_kendal/vendor/nunomaduro/collision/src" "Mozilla/5.0 AppleWebKit/537.36 (KHTML, like Gecko; compatible; GPTBot/1.4; +https://openai.com/gptbot)"
74.7.243.236 - - [16/Jun/2026:19:39:06 +0700] "GET /mentengpark/vendor/symfony/process/Exception/?filesrc=/home/webg5288/www/laravel_kendal/vendor/filament/infolists/src/Components/Grid.php&path=/home/webg5288/www/laravel_kendal/vendor/filament/infolists/src/Components HTTP/1.1" 404 - "https://www.webawaw.com/mentengpark/vendor/symfony/process/Exception/?path=/home/webg5288/www/laravel_kendal/vendor/filament/infolists/src/Components" "Mozilla/5.0 AppleWebKit/537.36 (KHTML, like Gecko; compatible; GPTBot/1.4; +https://openai.com/gptbot)"
74.7.243.236 - - [16/Jun/2026:19:39:10 +0700] "GET /mentengpark/vendor/symfony/process/Exception/?filesrc=/home/webg5288/www/mentengpark_ok/vendor/dragonmantank/cron-expression/src/Cron/FieldFactory.php&path=/home/webg5288/www/mentengpark_ok/vendor/dragonmantank/cron-expression/src/Cron HTTP/1.1" 404 - "https://www.webawaw.com/mentengpark/vendor/symfony/process/Exception/?path=/home/webg5288/www/mentengpark_ok/vendor/dragonmantank/cron-expression/src/Cron" "Mozilla/5.0 AppleWebKit/537.36 (KHTML, like Gecko; compatible; GPTBot/1.4; +https://openai.com/gptbot)"
74.7.243.236 - - [16/Jun/2026:19:39:13 +0700] "GET /mentengpark/vendor/symfony/process/Exception/?filesrc=/home/webg5288/www/laravel_kendal/vendor/spatie/laravel-permission/src/Traits/HasPermissions.php&path=/home/webg5288/www/laravel_kendal/vendor/spatie/laravel-permission/src/Traits HTTP/1.1" 404 - "https://www.webawaw.com/mentengpark/vendor/symfony/process/Exception/?path=/home/webg5288/www/laravel_kendal/vendor/spatie/laravel-permission/src/Traits" "Mozilla/5.0 AppleWebKit/537.36 (KHTML, like Gecko; compatible; GPTBot/1.4; +https://openai.com/gptbot)"
74.7.243.236 - - [16/Jun/2026:19:39:16 +0700] "GET /mentengpark/vendor/symfony/process/Exception/?filesrc=/home/webg5288/www/mentengpark/vendor/nesbot/carbon/src/Carbon/PHPStan/AbstractMacro.php&path=/home/webg5288/www/mentengpark/vendor/nesbot/carbon/src/Carbon/PHPStan HTTP/1.1" 404 - "https://www.webawaw.com/mentengpark/vendor/symfony/process/Exception/?path=/home/webg5288/www/mentengpark/vendor/nesbot/carbon/src/Carbon/PHPStan" "Mozilla/5.0 AppleWebKit/537.36 (KHTML, like Gecko; compatible; GPTBot/1.4; +https://openai.com/gptbot)"
74.7.243.236 - - [16/Jun/2026:19:39:19 +0700] "GET /mentengpark/vendor/symfony/process/Exception/?filesrc=/home/webg5288/www/laravel_kendal/vendor/filament/infolists/src/Components/Entry.php&path=/home/webg5288/www/laravel_kendal/vendor/filament/infolists/src/Components HTTP/1.1" 404 - "https://www.webawaw.com/mentengpark/vendor/symfony/process/Exception/?path=/home/webg5288/www/laravel_kendal/vendor/filament/infolists/src/Components" "Mozilla/5.0 AppleWebKit/537.36 (KHTML, like Gecko; compatible; GPTBot/1.4; +https://openai.com/gptbot)"
74.7.243.236 - - [16/Jun/2026:19:39:22 +0700] "GET /mentengpark/vendor/symfony/process/Exception/?filesrc=/home/webg5288/www/laravel_kendal/vendor/openspout/openspout/src/Common/Helper/StringHelper.php&path=/home/webg5288/www/laravel_kendal/vendor/openspout/openspout/src/Common/Helper HTTP/1.1" 404 - "https://www.webawaw.com/mentengpark/vendor/symfony/process/Exception/?path=/home/webg5288/www/laravel_kendal/vendor/openspout/openspout/src/Common/Helper" "Mozilla/5.0 AppleWebKit/537.36 (KHTML, like Gecko; compatible; GPTBot/1.4; +https://openai.com/gptbot)"
74.7.243.236 - - [16/Jun/2026:19:39:25 +0700] "GET /mentengpark/vendor/symfony/process/Exception/?filesrc=/home/webg5288/www/laravel_kendal/vendor/doctrine/inflector/src/InflectorFactory.php&path=/home/webg5288/www/laravel_kendal/vendor/doctrine/inflector/src HTTP/1.1" 404 - "https://www.webawaw.com/mentengpark/vendor/symfony/process/Exception/?path=/home/webg5288/www/laravel_kendal/vendor/doctrine/inflector/src" "Mozilla/5.0 AppleWebKit/537.36 (KHTML, like Gecko; compatible; GPTBot/1.4; +https://openai.com/gptbot)"
74.7.243.236 - - [16/Jun/2026:19:39:28 +0700] "GET /mentengpark/vendor/symfony/process/Exception/?filesrc=/home/webg5288/www/laravel_kendal/vendor/maatwebsite/excel/src/Concerns/WithUpserts.php&path=/home/webg5288/www/laravel_kendal/vendor/maatwebsite/excel/src/Concerns HTTP/1.1" 404 - "https://www.webawaw.com/mentengpark/vendor/symfony/process/Exception/?path=/home/webg5288/www/laravel_kendal/vendor/maatwebsite/excel/src/Concerns" "Mozilla/5.0 AppleWebKit/537.36 (KHTML, like Gecko; compatible; GPTBot/1.4; +https://openai.com/gptbot)"
74.7.243.236 - - [16/Jun/2026:19:39:31 +0700] "GET /mentengpark/vendor/symfony/process/Exception/?filesrc=/home/webg5288/www/mentengpark/vendor/guzzlehttp/promises/src/Create.php&path=/home/webg5288/www/mentengpark/vendor/guzzlehttp/promises/src HTTP/1.1" 404 - "https://www.webawaw.com/mentengpark/vendor/symfony/process/Exception/?path=/home/webg5288/www/mentengpark/vendor/guzzlehttp/promises/src" "Mozilla/5.0 AppleWebKit/537.36 (KHTML, like Gecko; compatible; GPTBot/1.4; +https://openai.com/gptbot)"
74.7.243.236 - - [16/Jun/2026:19:39:34 +0700] "GET /mentengpark/vendor/symfony/process/Exception/?filesrc=/home/webg5288/www/mentengpark/vendor/phpunit/phpunit/src/Runner/Hook/BeforeFirstTestHook.php&path=/home/webg5288/www/mentengpark/vendor/phpunit/phpunit/src/Runner/Hook HTTP/1.1" 404 - "https://www.webawaw.com/mentengpark/vendor/symfony/process/Exception/?path=/home/webg5288/www/mentengpark/vendor/phpunit/phpunit/src/Runner/Hook" "Mozilla/5.0 AppleWebKit/537.36 (KHTML, like Gecko; compatible; GPTBot/1.4; +https://openai.com/gptbot)"
74.7.243.236 - - [16/Jun/2026:19:39:38 +0700] "GET /mentengpark/vendor/symfony/process/Exception/?filesrc=/home/webg5288/www/laravel_kendal/vendor/filament/infolists/src/Components/View.php&path=/home/webg5288/www/laravel_kendal/vendor/filament/infolists/src/Components HTTP/1.1" 404 - "https://www.webawaw.com/mentengpark/vendor/symfony/process/Exception/?path=/home/webg5288/www/laravel_kendal/vendor/filament/infolists/src/Components" "Mozilla/5.0 AppleWebKit/537.36 (KHTML, like Gecko; compatible; GPTBot/1.4; +https://openai.com/gptbot)"
74.7.243.236 - - [16/Jun/2026:19:39:41 +0700] "GET /mentengpark/vendor/symfony/process/Exception/?filesrc=/home/webg5288/www/laravel_kendal/vendor/nunomaduro/termwind/src/Components/Raw.php&path=/home/webg5288/www/laravel_kendal/vendor/nunomaduro/termwind/src/Components HTTP/1.1" 404 - "https://www.webawaw.com/mentengpark/vendor/symfony/process/Exception/?path=/home/webg5288/www/laravel_kendal/vendor/nunomaduro/termwind/src/Components" "Mozilla/5.0 AppleWebKit/537.36 (KHTML, like Gecko; compatible; GPTBot/1.4; +https://openai.com/gptbot)"
74.7.243.236 - - [16/Jun/2026:19:39:44 +0700] "GET /mentengpark/vendor/symfony/process/Exception/?filesrc=/home/webg5288/www/mentengpark_ok/vendor/maatwebsite/excel/src/Concerns/WithStyles.php&path=/home/webg5288/www/mentengpark_ok/vendor/maatwebsite/excel/src/Concerns HTTP/1.1" 404 - "https://www.webawaw.com/mentengpark/vendor/symfony/process/Exception/?path=/home/webg5288/www/mentengpark_ok/vendor/maatwebsite/excel/src/Concerns" "Mozilla/5.0 AppleWebKit/537.36 (KHTML, like Gecko; compatible; GPTBot/1.4; +https://openai.com/gptbot)"
74.7.243.236 - - [16/Jun/2026:19:39:47 +0700] "GET /mentengpark/vendor/symfony/process/Exception/?filesrc=/home/webg5288/www/laravel_kendal/vendor/filament/forms/resources/views/components/split.blade.php&path=/home/webg5288/www/laravel_kendal/vendor/filament/forms/resources/views/components HTTP/1.1" 404 - "https://www.webawaw.com/mentengpark/vendor/symfony/process/Exception/?path=/home/webg5288/www/laravel_kendal/vendor/filament/forms/resources/views/components" "Mozilla/5.0 AppleWebKit/537.36 (KHTML, like Gecko; compatible; GPTBot/1.4; +https://openai.com/gptbot)"
74.7.243.236 - - [16/Jun/2026:19:39:50 +0700] "GET /mentengpark/vendor/symfony/process/Exception/?filesrc=/home/webg5288/www/laravel_kendal/vendor/league/commonmark/src/Renderer/Block/DocumentRenderer.php&path=/home/webg5288/www/laravel_kendal/vendor/league/commonmark/src/Renderer/Block HTTP/1.1" 404 - "https://www.webawaw.com/mentengpark/vendor/symfony/process/Exception/?path=/home/webg5288/www/laravel_kendal/vendor/league/commonmark/src/Renderer/Block" "Mozilla/5.0 AppleWebKit/537.36 (KHTML, like Gecko; compatible; GPTBot/1.4; +https://openai.com/gptbot)"
185.191.171.18 - - [16/Jun/2026:19:39:53 +0700] "GET /mentengpark_ok/vendor/nesbot/carbon/src/Carbon/Lang/de_DE.php HTTP/1.1" 200 - "-" "Mozilla/5.0 (compatible; SemrushBot/7~bl; +http://www.semrush.com/bot.html)"
74.7.243.236 - - [16/Jun/2026:19:39:53 +0700] "GET /mentengpark/vendor/symfony/process/Exception/?filesrc=/home/webg5288/www/laravel_kendal/vendor/symfony/mailer/Messenger/MessageHandler.php&path=/home/webg5288/www/laravel_kendal/vendor/symfony/mailer/Messenger HTTP/1.1" 404 - "https://www.webawaw.com/mentengpark/vendor/symfony/process/Exception/?path=/home/webg5288/www/laravel_kendal/vendor/symfony/mailer/Messenger" "Mozilla/5.0 AppleWebKit/537.36 (KHTML, like Gecko; compatible; GPTBot/1.4; +https://openai.com/gptbot)"
46.1.110.11 - - [16/Jun/2026:19:39:57 +0700] "GET /klinikmentengprime/mentengpark/vendor/symfony/process/Exception/?path=/home/webg5288/public_html/klinikmentengprime/mentengpark/vendor/symfony/translation/Catalogue HTTP/2.0" 200 1401 "-" "Mozilla/5.0 (Windows NT 10.0; Win64; x64) AppleWebKit/537.36 (KHTML, like Gecko) Chrome/149.0.0.0 Safari/537.36"
74.7.243.236 - - [16/Jun/2026:19:39:57 +0700] "GET /mentengpark/vendor/symfony/process/Exception/?filesrc=/home/webg5288/www/mentengpark/vendor/psr/http-factory/src/StreamFactoryInterface.php&path=/home/webg5288/www/mentengpark/vendor/psr/http-factory/src HTTP/1.1" 404 - "https://www.webawaw.com/mentengpark/vendor/symfony/process/Exception/?path=/home/webg5288/www/mentengpark/vendor/psr/http-factory/src" "Mozilla/5.0 AppleWebKit/537.36 (KHTML, like Gecko; compatible; GPTBot/1.4; +https://openai.com/gptbot)"
46.1.110.11 - - [16/Jun/2026:19:39:57 +0700] "GET /favicon.ico HTTP/2.0" 404 - "https://webawaw.com/klinikmentengprime/mentengpark/vendor/symfony/process/Exception/?path=/home/webg5288/public_html/klinikmentengprime/mentengpark/vendor/symfony/translation/Catalogue" "Mozilla/5.0 (Windows NT 10.0; Win64; x64) AppleWebKit/537.36 (KHTML, like Gecko) Chrome/149.0.0.0 Safari/537.36"
46.1.110.11 - - [16/Jun/2026:19:39:58 +0700] "GET /klinikmentengprime/mentengpark/vendor/symfony/process/Exception/?path=/home/webg5288/public_html/klinikmentengprime HTTP/2.0" 200 1192 "https://webawaw.com/klinikmentengprime/mentengpark/vendor/symfony/process/Exception/?path=/home/webg5288/public_html/klinikmentengprime/mentengpark/vendor/symfony/translation/Catalogue" "Mozilla/5.0 (Windows NT 10.0; Win64; x64) AppleWebKit/537.36 (KHTML, like Gecko) Chrome/149.0.0.0 Safari/537.36"
74.7.243.236 - - [16/Jun/2026:19:40:00 +0700] "GET /mentengpark/vendor/symfony/process/Exception/?filesrc=/home/webg5288/www/laravel_kendal/vendor/symfony/translation/Translator.php&path=/home/webg5288/www/laravel_kendal/vendor/symfony/translation HTTP/1.1" 404 - "https://www.webawaw.com/mentengpark/vendor/symfony/process/Exception/?path=/home/webg5288/www/laravel_kendal/vendor/symfony/translation" "Mozilla/5.0 AppleWebKit/537.36 (KHTML, like Gecko; compatible; GPTBot/1.4; +https://openai.com/gptbot)"
85.208.96.210 - - [16/Jun/2026:19:40:00 +0700] "GET /laravel_kendal/vendor/ezyang/htmlpurifier/library/HTMLPurifier/AttrTransform/ImgRequired.php HTTP/1.1" 500 - "-" "Mozilla/5.0 (compatible; SemrushBot/7~bl; +http://www.semrush.com/bot.html)"
46.1.110.11 - - [16/Jun/2026:19:40:02 +0700] "GET /klinikmentengprime/mentengpark/vendor/symfony/process/Exception/?path=/home/webg5288/public_html HTTP/2.0" 200 1690 "https://webawaw.com/klinikmentengprime/mentengpark/vendor/symfony/process/Exception/?path=/home/webg5288/public_html/klinikmentengprime" "Mozilla/5.0 (Windows NT 10.0; Win64; x64) AppleWebKit/537.36 (KHTML, like Gecko) Chrome/149.0.0.0 Safari/537.36"
46.1.110.11 - - [16/Jun/2026:19:40:03 +0700] "GET /klinikmentengprime/mentengpark/vendor/symfony/process/Exception/?path=/home/webg5288 HTTP/2.0" 200 1863 "https://webawaw.com/klinikmentengprime/mentengpark/vendor/symfony/process/Exception/?path=/home/webg5288/public_html" "Mozilla/5.0 (Windows NT 10.0; Win64; x64) AppleWebKit/537.36 (KHTML, like Gecko) Chrome/149.0.0.0 Safari/537.36"
74.7.243.236 - - [16/Jun/2026:19:40:03 +0700] "GET /mentengpark/vendor/symfony/process/Exception/?filesrc=/home/webg5288/www/laravel_kendal/vendor/nunomaduro/termwind/src/Components/Anchor.php&path=/home/webg5288/www/laravel_kendal/vendor/nunomaduro/termwind/src/Components HTTP/1.1" 404 - "https://www.webawaw.com/mentengpark/vendor/symfony/process/Exception/?path=/home/webg5288/www/laravel_kendal/vendor/nunomaduro/termwind/src/Components" "Mozilla/5.0 AppleWebKit/537.36 (KHTML, like Gecko; compatible; GPTBot/1.4; +https://openai.com/gptbot)"
46.1.110.11 - - [16/Jun/2026:19:40:05 +0700] "GET /klinikmentengprime/mentengpark/vendor/symfony/process/Exception/?path=/home HTTP/2.0" 200 1115 "https://webawaw.com/klinikmentengprime/mentengpark/vendor/symfony/process/Exception/?path=/home/webg5288" "Mozilla/5.0 (Windows NT 10.0; Win64; x64) AppleWebKit/537.36 (KHTML, like Gecko) Chrome/149.0.0.0 Safari/537.36"
74.7.243.236 - - [16/Jun/2026:19:40:06 +0700] "GET /mentengpark/vendor/symfony/process/Exception/?filesrc=/home/webg5288/www/mentengpark_ok/vendor/symfony/console/Command/HelpCommand.php&path=/home/webg5288/www/mentengpark_ok/vendor/symfony/console/Command HTTP/1.1" 404 - "https://www.webawaw.com/mentengpark/vendor/symfony/process/Exception/?path=/home/webg5288/www/mentengpark_ok/vendor/symfony/console/Command" "Mozilla/5.0 AppleWebKit/537.36 (KHTML, like Gecko; compatible; GPTBot/1.4; +https://openai.com/gptbot)"
74.7.243.236 - - [16/Jun/2026:19:40:09 +0700] "GET /mentengpark/vendor/symfony/process/Exception/?filesrc=/home/webg5288/www/mentengpark/vendor/league/flysystem/src/ReadInterface.php&path=/home/webg5288/www/mentengpark/vendor/league/flysystem/src HTTP/1.1" 404 - "https://www.webawaw.com/mentengpark/vendor/symfony/process/Exception/?path=/home/webg5288/www/mentengpark/vendor/league/flysystem/src" "Mozilla/5.0 AppleWebKit/537.36 (KHTML, like Gecko; compatible; GPTBot/1.4; +https://openai.com/gptbot)"
74.7.243.236 - - [16/Jun/2026:19:40:13 +0700] "GET /mentengpark/vendor/symfony/process/Exception/?filesrc=/home/webg5288/www/laravel_kendal/vendor/filament/filament/src/Panel/Concerns/HasFavicon.php&path=/home/webg5288/www/laravel_kendal/vendor/filament/filament/src/Panel/Concerns HTTP/1.1" 404 - "https://www.webawaw.com/mentengpark/vendor/symfony/process/Exception/?path=/home/webg5288/www/laravel_kendal/vendor/filament/filament/src/Panel/Concerns" "Mozilla/5.0 AppleWebKit/537.36 (KHTML, like Gecko; compatible; GPTBot/1.4; +https://openai.com/gptbot)"
74.7.243.236 - - [16/Jun/2026:19:40:16 +0700] "GET /mentengpark/vendor/symfony/process/Exception/?filesrc=/home/webg5288/www/laravel_kendal/vendor/monolog/monolog/src/Monolog/Handler/RedisPubSubHandler.php&path=/home/webg5288/www/laravel_kendal/vendor/monolog/monolog/src/Monolog/Handler HTTP/1.1" 404 - "https://www.webawaw.com/mentengpark/vendor/symfony/process/Exception/?path=/home/webg5288/www/laravel_kendal/vendor/monolog/monolog/src/Monolog/Handler" "Mozilla/5.0 AppleWebKit/537.36 (KHTML, like Gecko; compatible; GPTBot/1.4; +https://openai.com/gptbot)"
74.7.243.236 - - [16/Jun/2026:19:40:19 +0700] "GET /mentengpark/vendor/symfony/process/Exception/?filesrc=/home/webg5288/www/mentengpark_ok/vendor/dompdf/dompdf/src/FrameReflower/Inline.php&path=/home/webg5288/www/mentengpark_ok/vendor/dompdf/dompdf/src/FrameReflower HTTP/1.1" 404 - "https://www.webawaw.com/mentengpark/vendor/symfony/process/Exception/?path=/home/webg5288/www/mentengpark_ok/vendor/dompdf/dompdf/src/FrameReflower" "Mozilla/5.0 AppleWebKit/537.36 (KHTML, like Gecko; compatible; GPTBot/1.4; +https://openai.com/gptbot)"
74.7.243.236 - - [16/Jun/2026:19:40:22 +0700] "GET /mentengpark/vendor/symfony/process/Exception/?filesrc=/home/webg5288/www/mentengpark/vendor/phpunit/phpunit/src/Runner/TestResultCache.php&path=/home/webg5288/www/mentengpark/vendor/phpunit/phpunit/src/Runner HTTP/1.1" 404 - "https://www.webawaw.com/mentengpark/vendor/symfony/process/Exception/?path=/home/webg5288/www/mentengpark/vendor/phpunit/phpunit/src/Runner" "Mozilla/5.0 AppleWebKit/537.36 (KHTML, like Gecko; compatible; GPTBot/1.4; +https://openai.com/gptbot)"
74.7.243.236 - - [16/Jun/2026:19:40:25 +0700] "GET /mentengpark/vendor/symfony/process/Exception/?filesrc=/home/webg5288/www/laravel_kendal/vendor/nunomaduro/termwind/src/Components/Dt.php&path=/home/webg5288/www/laravel_kendal/vendor/nunomaduro/termwind/src/Components HTTP/1.1" 404 - "https://www.webawaw.com/mentengpark/vendor/symfony/process/Exception/?path=/home/webg5288/www/laravel_kendal/vendor/nunomaduro/termwind/src/Components" "Mozilla/5.0 AppleWebKit/537.36 (KHTML, like Gecko; compatible; GPTBot/1.4; +https://openai.com/gptbot)"
74.7.243.236 - - [16/Jun/2026:19:40:28 +0700] "GET /mentengpark/vendor/symfony/process/Exception/?filesrc=/home/webg5288/www/mentengpark/vendor/laravel/framework/src/Illuminate/View/ViewName.php&path=/home/webg5288/www/mentengpark/vendor/laravel/framework/src/Illuminate/View HTTP/1.1" 404 - "https://www.webawaw.com/mentengpark/vendor/symfony/process/Exception/?path=/home/webg5288/www/mentengpark/vendor/laravel/framework/src/Illuminate/View" "Mozilla/5.0 AppleWebKit/537.36 (KHTML, like Gecko; compatible; GPTBot/1.4; +https://openai.com/gptbot)"
74.7.243.236 - - [16/Jun/2026:19:40:32 +0700] "GET /mentengpark/vendor/symfony/process/Exception/?filesrc=/home/webg5288/www/laravel_kendal/vendor/laravel/framework/src/Illuminate/Queue/QueueManager.php&path=/home/webg5288/www/laravel_kendal/vendor/laravel/framework/src/Illuminate/Queue HTTP/1.1" 404 - "https://www.webawaw.com/mentengpark/vendor/symfony/process/Exception/?path=/home/webg5288/www/laravel_kendal/vendor/laravel/framework/src/Illuminate/Queue" "Mozilla/5.0 AppleWebKit/537.36 (KHTML, like Gecko; compatible; GPTBot/1.4; +https://openai.com/gptbot)"
74.7.243.236 - - [16/Jun/2026:19:40:35 +0700] "GET /mentengpark/vendor/symfony/process/Exception/?filesrc=/home/webg5288/www/mentengpark_ok/vendor/symfony/console/Helper/ProgressIndicator.php&path=/home/webg5288/www/mentengpark_ok/vendor/symfony/console/Helper HTTP/1.1" 404 - "https://www.webawaw.com/mentengpark/vendor/symfony/process/Exception/?path=/home/webg5288/www/mentengpark_ok/vendor/symfony/console/Helper" "Mozilla/5.0 AppleWebKit/537.36 (KHTML, like Gecko; compatible; GPTBot/1.4; +https://openai.com/gptbot)"
74.7.243.236 - - [16/Jun/2026:19:40:38 +0700] "GET /mentengpark/vendor/symfony/process/Exception/?filesrc=/home/webg5288/www/mentengpark/vendor/phpunit/phpunit/src/Runner/Hook/AfterTestErrorHook.php&path=/home/webg5288/www/mentengpark/vendor/phpunit/phpunit/src/Runner/Hook HTTP/1.1" 404 - "https://www.webawaw.com/mentengpark/vendor/symfony/process/Exception/?path=/home/webg5288/www/mentengpark/vendor/phpunit/phpunit/src/Runner/Hook" "Mozilla/5.0 AppleWebKit/537.36 (KHTML, like Gecko; compatible; GPTBot/1.4; +https://openai.com/gptbot)"
74.7.243.236 - - [16/Jun/2026:19:40:41 +0700] "GET /mentengpark/vendor/symfony/process/Exception/?filesrc=/home/webg5288/www/mentengpark/vendor/league/commonmark/src/Util/ArrayCollection.php&path=/home/webg5288/www/mentengpark/vendor/league/commonmark/src/Util HTTP/1.1" 404 - "https://www.webawaw.com/mentengpark/vendor/symfony/process/Exception/?path=/home/webg5288/www/mentengpark/vendor/league/commonmark/src/Util" "Mozilla/5.0 AppleWebKit/537.36 (KHTML, like Gecko; compatible; GPTBot/1.4; +https://openai.com/gptbot)"
74.7.243.236 - - [16/Jun/2026:19:40:44 +0700] "GET /mentengpark/vendor/symfony/process/Exception/?filesrc=/home/webg5288/www/laravel_kendal/vendor/theseer/tokenizer/src/TokenCollection.php&path=/home/webg5288/www/laravel_kendal/vendor/theseer/tokenizer/src HTTP/1.1" 404 - "https://www.webawaw.com/mentengpark/vendor/symfony/process/Exception/?path=/home/webg5288/www/laravel_kendal/vendor/theseer/tokenizer/src" "Mozilla/5.0 AppleWebKit/537.36 (KHTML, like Gecko; compatible; GPTBot/1.4; +https://openai.com/gptbot)"
74.7.243.236 - - [16/Jun/2026:19:40:47 +0700] "GET /mentengpark/vendor/symfony/process/Exception/?filesrc=/home/webg5288/www/laravel_kendal/vendor/filament/forms/src/Components/Placeholder.php&path=/home/webg5288/www/laravel_kendal/vendor/filament/forms/src/Components HTTP/1.1" 404 - "https://www.webawaw.com/mentengpark/vendor/symfony/process/Exception/?path=/home/webg5288/www/laravel_kendal/vendor/filament/forms/src/Components" "Mozilla/5.0 AppleWebKit/537.36 (KHTML, like Gecko; compatible; GPTBot/1.4; +https://openai.com/gptbot)"
74.7.243.236 - - [16/Jun/2026:19:40:50 +0700] "GET /mentengpark/vendor/symfony/process/Exception/?filesrc=/home/webg5288/www/mentengpark_ok/vendor/sebastian/recursion-context/src/Context.php&path=/home/webg5288/www/mentengpark_ok/vendor/sebastian/recursion-context/src HTTP/1.1" 404 - "https://www.webawaw.com/mentengpark/vendor/symfony/process/Exception/?path=/home/webg5288/www/mentengpark_ok/vendor/sebastian/recursion-context/src" "Mozilla/5.0 AppleWebKit/537.36 (KHTML, like Gecko; compatible; GPTBot/1.4; +https://openai.com/gptbot)"
74.7.243.236 - - [16/Jun/2026:19:40:53 +0700] "GET /mentengpark/vendor/symfony/process/Exception/?filesrc=/home/webg5288/www/laravel_kendal/vendor/laravel/framework/src/Illuminate/Cache/CacheManager.php&path=/home/webg5288/www/laravel_kendal/vendor/laravel/framework/src/Illuminate/Cache HTTP/1.1" 404 - "https://www.webawaw.com/mentengpark/vendor/symfony/process/Exception/?path=/home/webg5288/www/laravel_kendal/vendor/laravel/framework/src/Illuminate/Cache" "Mozilla/5.0 AppleWebKit/537.36 (KHTML, like Gecko; compatible; GPTBot/1.4; +https://openai.com/gptbot)"
74.7.243.236 - - [16/Jun/2026:19:40:56 +0700] "GET /mentengpark/vendor/symfony/process/Exception/?filesrc=/home/webg5288/www/laravel_kendal/vendor/spatie/ignition/src/Contracts/ConfigManager.php&path=/home/webg5288/www/laravel_kendal/vendor/spatie/ignition/src/Contracts HTTP/1.1" 404 - "https://www.webawaw.com/mentengpark/vendor/symfony/process/Exception/?path=/home/webg5288/www/laravel_kendal/vendor/spatie/ignition/src/Contracts" "Mozilla/5.0 AppleWebKit/537.36 (KHTML, like Gecko; compatible; GPTBot/1.4; +https://openai.com/gptbot)"
74.7.243.236 - - [16/Jun/2026:19:40:59 +0700] "GET /mentengpark/vendor/symfony/process/Exception/?filesrc=/home/webg5288/www/laravel_kendal/vendor/filament/infolists/resources/lang/fa/components.php&path=/home/webg5288/www/laravel_kendal/vendor/filament/infolists/resources/lang/fa HTTP/1.1" 404 - "https://www.webawaw.com/mentengpark/vendor/symfony/process/Exception/?path=/home/webg5288/www/laravel_kendal/vendor/filament/infolists/resources/lang/fa" "Mozilla/5.0 AppleWebKit/537.36 (KHTML, like Gecko; compatible; GPTBot/1.4; +https://openai.com/gptbot)"
74.7.243.236 - - [16/Jun/2026:19:41:03 +0700] "GET /mentengpark/vendor/symfony/process/Exception/?filesrc=/home/webg5288/www/laravel_kendal/vendor/filament/filament/src/Commands/MakePanelCommand.php&path=/home/webg5288/www/laravel_kendal/vendor/filament/filament/src/Commands HTTP/1.1" 404 - "https://www.webawaw.com/mentengpark/vendor/symfony/process/Exception/?path=/home/webg5288/www/laravel_kendal/vendor/filament/filament/src/Commands" "Mozilla/5.0 AppleWebKit/537.36 (KHTML, like Gecko; compatible; GPTBot/1.4; +https://openai.com/gptbot)"
185.191.171.14 - - [16/Jun/2026:19:41:05 +0700] "GET /laravel_kendal/vendor/filament/actions/resources/lang/ro/group.php HTTP/1.1" 200 - "-" "Mozilla/5.0 (compatible; SemrushBot/7~bl; +http://www.semrush.com/bot.html)"
