85.208.96.200 - - [16/Jun/2026:20:54:12 +0700] "GET /laravel_kendal/vendor/spatie/error-solutions/src/SolutionProviders/Laravel/MissingImportSolutionProvider.php HTTP/1.1" 500 - "-" "Mozilla/5.0 (compatible; SemrushBot/7~bl; +http://www.semrush.com/bot.html)"
74.7.243.236 - - [16/Jun/2026:20:54:13 +0700] "GET /mentengpark_ok/vendor/phpdocumentor/type-resolver/src/PseudoTypes/NonEmptyString.php HTTP/2.0" 500 1 "https://www.webawaw.com/laravel_kendal/vendor/league/config/src/index.php?copy=mentengpark_ok%2Fvendor%2Fphpdocumentor%2Ftype-resolver%2FLICENSE&p=mentengpark_ok%2Fvendor%2Fphpdocumentor%2Ftype-resolver%2Fsrc%2FPseudoTypes" "Mozilla/5.0 AppleWebKit/537.36 (KHTML, like Gecko; compatible; GPTBot/1.4; +https://openai.com/gptbot)"
85.208.96.201 - - [16/Jun/2026:20:55:14 +0700] "GET /laravel_kendal/vendor/filament/infolists/resources/lang/ca/components.php HTTP/1.1" 200 - "-" "Mozilla/5.0 (compatible; SemrushBot/7~bl; +http://www.semrush.com/bot.html)"
2602:80d:1007::3c - - [16/Jun/2026:20:55:15 +0700] "GET / HTTP/1.1" 200 3360 "-" "Mozilla/5.0 (compatible; CensysInspect/1.1; +https://about.censys.io/)"
2602:80d:1007::3c - - [16/Jun/2026:20:55:16 +0700] "GET /Caster HTTP/1.1" 301 288 "-" "Mozilla/5.0 (compatible; CensysInspect/1.1; +https://about.censys.io/)"
2602:80d:1007::3c - - [16/Jun/2026:20:55:16 +0700] "GET /Caster/ HTTP/1.1" 200 7221 "https://[2001:df0:27b:2::5:22fd]:443/Caster" "Mozilla/5.0 (compatible; CensysInspect/1.1; +https://about.censys.io/)"
74.7.243.236 - - [16/Jun/2026:20:55:18 +0700] "GET /mentengpark_ok/vendor/phpdocumentor/type-resolver/src/Types/ HTTP/2.0" 200 755 "https://www.webawaw.com/laravel_kendal/vendor/league/config/src/index.php?p=mentengpark_ok/vendor/phpdocumentor/type-resolver/src" "Mozilla/5.0 AppleWebKit/537.36 (KHTML, like Gecko; compatible; GPTBot/1.4; +https://openai.com/gptbot)"
2602:80d:1007::3c - - [16/Jun/2026:20:55:20 +0700] "GET /rwtest HTTP/1.1" 301 288 "-" "Mozilla/5.0 (compatible; CensysInspect/1.1; +https://about.censys.io/)"
2602:80d:1007::3c - - [16/Jun/2026:20:55:21 +0700] "GET /rwtest/ HTTP/1.1" 200 812 "https://[2001:df0:27b:2::5:22fd]:443/rwtest" "Mozilla/5.0 (compatible; CensysInspect/1.1; +https://about.censys.io/)"
2602:80d:1007::3c - - [16/Jun/2026:20:55:21 +0700] "GET /rwtest/compro HTTP/1.1" 301 295 "-" "Mozilla/5.0 (compatible; CensysInspect/1.1; +https://about.censys.io/)"
2602:80d:1007::3c - - [16/Jun/2026:20:55:22 +0700] "GET /rwtest/compro/ HTTP/1.1" 200 658 "https://[2001:df0:27b:2::5:22fd]:443/rwtest/compro" "Mozilla/5.0 (compatible; CensysInspect/1.1; +https://about.censys.io/)"
2602:80d:1007::3c - - [16/Jun/2026:20:55:22 +0700] "GET /mentengpark.webawaw.com HTTP/1.1" 301 305 "-" "Mozilla/5.0 (compatible; CensysInspect/1.1; +https://about.censys.io/)"
2602:80d:1007::3c - - [16/Jun/2026:20:55:22 +0700] "GET /mentengpark.webawaw.com/ HTTP/1.1" 200 847 "https://[2001:df0:27b:2::5:22fd]:443/mentengpark.webawaw.com" "Mozilla/5.0 (compatible; CensysInspect/1.1; +https://about.censys.io/)"
2602:80d:1007::3c - - [16/Jun/2026:20:55:23 +0700] "GET /mentengpark.webawaw.com/cgi-bin HTTP/1.1" 301 313 "-" "Mozilla/5.0 (compatible; CensysInspect/1.1; +https://about.censys.io/)"
2602:80d:1007::3c - - [16/Jun/2026:20:55:24 +0700] "GET /mentengpark.webawaw.com/cgi-bin/ HTTP/1.1" 200 711 "https://[2001:df0:27b:2::5:22fd]:443/mentengpark.webawaw.com/cgi-bin" "Mozilla/5.0 (compatible; CensysInspect/1.1; +https://about.censys.io/)"
2602:80d:1007::3c - - [16/Jun/2026:20:55:25 +0700] "GET /public HTTP/1.1" 301 288 "-" "Mozilla/5.0 (compatible; CensysInspect/1.1; +https://about.censys.io/)"
2602:80d:1007::3c - - [16/Jun/2026:20:55:25 +0700] "GET /public/ HTTP/1.1" 403 3 "https://[2001:df0:27b:2::5:22fd]:443/public" "Mozilla/5.0 (compatible; CensysInspect/1.1; +https://about.censys.io/)"
2602:80d:1007::3c - - [16/Jun/2026:20:55:26 +0700] "GET /kik.kendal HTTP/1.1" 301 292 "-" "Mozilla/5.0 (compatible; CensysInspect/1.1; +https://about.censys.io/)"
2602:80d:1007::3c - - [16/Jun/2026:20:55:26 +0700] "GET /kik.kendal/ HTTP/1.1" 200 821 "https://[2001:df0:27b:2::5:22fd]:443/kik.kendal" "Mozilla/5.0 (compatible; CensysInspect/1.1; +https://about.censys.io/)"
2602:80d:1007::3c - - [16/Jun/2026:20:55:27 +0700] "GET /kik.kendal/cgi-bin HTTP/1.1" 301 300 "-" "Mozilla/5.0 (compatible; CensysInspect/1.1; +https://about.censys.io/)"
2602:80d:1007::3c - - [16/Jun/2026:20:55:28 +0700] "GET /kik.kendal/cgi-bin/ HTTP/1.1" 200 672 "https://[2001:df0:27b:2::5:22fd]:443/kik.kendal/cgi-bin" "Mozilla/5.0 (compatible; CensysInspect/1.1; +https://about.censys.io/)"
2602:80d:1007::3c - - [16/Jun/2026:20:55:28 +0700] "GET /pindah HTTP/1.1" 301 288 "-" "Mozilla/5.0 (compatible; CensysInspect/1.1; +https://about.censys.io/)"
2602:80d:1007::3c - - [16/Jun/2026:20:55:29 +0700] "GET /pindah/ HTTP/1.1" 500 - "https://[2001:df0:27b:2::5:22fd]:443/pindah" "Mozilla/5.0 (compatible; CensysInspect/1.1; +https://about.censys.io/)"
2602:80d:1007::3c - - [16/Jun/2026:20:55:29 +0700] "GET /klinikmentengprime HTTP/1.1" 301 300 "-" "Mozilla/5.0 (compatible; CensysInspect/1.1; +https://about.censys.io/)"
2602:80d:1007::3c - - [16/Jun/2026:20:55:30 +0700] "GET /klinikmentengprime/ HTTP/1.1" 200 841 "https://[2001:df0:27b:2::5:22fd]:443/klinikmentengprime" "Mozilla/5.0 (compatible; CensysInspect/1.1; +https://about.censys.io/)"
185.191.171.5 - - [16/Jun/2026:20:56:00 +0700] "GET /mentengpark_ok/vendor/fakerphp/faker/src/Faker/Provider/de_DE/Payment.php HTTP/1.1" 500 - "-" "Mozilla/5.0 (compatible; SemrushBot/7~bl; +http://www.semrush.com/bot.html)"
74.7.243.236 - - [16/Jun/2026:20:56:23 +0700] "GET /mentengpark_ok/vendor/phpdocumentor/type-resolver/src/PseudoTypes/NumericString.php HTTP/2.0" 500 1 "https://www.webawaw.com/laravel_kendal/vendor/league/config/src/index.php?copy=mentengpark_ok%2Fvendor%2Fphpdocumentor%2Ftype-resolver%2FLICENSE&p=mentengpark_ok%2Fvendor%2Fphpdocumentor%2Ftype-resolver%2Fsrc%2FPseudoTypes" "Mozilla/5.0 AppleWebKit/537.36 (KHTML, like Gecko; compatible; GPTBot/1.4; +https://openai.com/gptbot)"
85.208.96.204 - - [16/Jun/2026:20:56:23 +0700] "GET /mentengpark_ok/vendor/phpoffice/phpspreadsheet/src/PhpSpreadsheet/Style/Fill.php HTTP/1.1" 500 - "-" "Mozilla/5.0 (compatible; SemrushBot/7~bl; +http://www.semrush.com/bot.html)"
74.7.243.236 - - [16/Jun/2026:20:57:18 +0700] "GET /mentengpark_ok/vendor/phpdocumentor/type-resolver/src/PseudoTypes/LiteralString.php HTTP/2.0" 500 1 "https://www.webawaw.com/laravel_kendal/vendor/league/config/src/index.php?copy=mentengpark_ok%2Fvendor%2Fphpdocumentor%2Ftype-resolver%2FLICENSE&p=mentengpark_ok%2Fvendor%2Fphpdocumentor%2Ftype-resolver%2Fsrc%2FPseudoTypes" "Mozilla/5.0 AppleWebKit/537.36 (KHTML, like Gecko; compatible; GPTBot/1.4; +https://openai.com/gptbot)"
85.208.96.204 - - [16/Jun/2026:20:57:30 +0700] "GET /mentengpark_ok/vendor/fakerphp/faker/src/Faker/Provider/fr_CA/Address.php HTTP/1.1" 500 - "-" "Mozilla/5.0 (compatible; SemrushBot/7~bl; +http://www.semrush.com/bot.html)"
185.191.171.8 - - [16/Jun/2026:20:57:37 +0700] "GET /laravel_kendal/vendor/filament/actions/resources/lang/fr/detach.php HTTP/1.1" 200 - "-" "Mozilla/5.0 (compatible; SemrushBot/7~bl; +http://www.semrush.com/bot.html)"
85.208.96.199 - - [16/Jun/2026:20:58:14 +0700] "GET /laravel_kendal/vendor/spatie/error-solutions/src/SolutionProviders/Laravel/UndefinedLivewirePropertySolutionProvider.php HTTP/1.1" 500 - "-" "Mozilla/5.0 (compatible; SemrushBot/7~bl; +http://www.semrush.com/bot.html)"
74.7.243.236 - - [16/Jun/2026:20:58:23 +0700] "GET /mentengpark_ok/vendor/phpdocumentor/type-resolver/src/FqsenResolver.php HTTP/2.0" 200 1 "https://www.webawaw.com/laravel_kendal/vendor/league/config/src/index.php?p=mentengpark_ok/vendor/phpdocumentor/type-resolver/src" "Mozilla/5.0 AppleWebKit/537.36 (KHTML, like Gecko; compatible; GPTBot/1.4; +https://openai.com/gptbot)"
85.208.96.206 - - [16/Jun/2026:20:58:48 +0700] "GET /mentengpark_ok/vendor/laravel/framework/src/Illuminate/Events/LICENSE.md HTTP/1.1" 200 1075 "-" "Mozilla/5.0 (compatible; SemrushBot/7~bl; +http://www.semrush.com/bot.html)"
85.208.96.203 - - [16/Jun/2026:20:58:53 +0700] "GET /laravel_kendal/vendor/filament/actions/resources/lang/sk/force-delete.php HTTP/1.1" 200 - "-" "Mozilla/5.0 (compatible; SemrushBot/7~bl; +http://www.semrush.com/bot.html)"
185.191.171.10 - - [16/Jun/2026:20:59:01 +0700] "GET /laravel_kendal/vendor/ezyang/htmlpurifier/library/HTMLPurifier/AttrDef/HTML/LinkTypes.php HTTP/1.1" 500 - "-" "Mozilla/5.0 (compatible; SemrushBot/7~bl; +http://www.semrush.com/bot.html)"
74.7.243.236 - - [16/Jun/2026:20:59:23 +0700] "GET /mentengpark_ok/vendor/phpdocumentor/type-resolver/src/TypeResolver.php HTTP/2.0" 200 1 "https://www.webawaw.com/laravel_kendal/vendor/league/config/src/index.php?p=mentengpark_ok/vendor/phpdocumentor/type-resolver/src" "Mozilla/5.0 AppleWebKit/537.36 (KHTML, like Gecko; compatible; GPTBot/1.4; +https://openai.com/gptbot)"
74.7.243.236 - - [16/Jun/2026:21:00:19 +0700] "GET /mentengpark_ok/vendor/phpdocumentor/type-resolver/src/PseudoTypes/ HTTP/2.0" 200 573 "https://www.webawaw.com/laravel_kendal/vendor/league/config/src/index.php?p=mentengpark_ok/vendor/phpdocumentor/type-resolver/src" "Mozilla/5.0 AppleWebKit/537.36 (KHTML, like Gecko; compatible; GPTBot/1.4; +https://openai.com/gptbot)"
185.191.171.8 - - [16/Jun/2026:21:00:29 +0700] "GET /laravel_kendal/vendor/filament/actions/resources/lang/el/associate.php HTTP/1.1" 200 - "-" "Mozilla/5.0 (compatible; SemrushBot/7~bl; +http://www.semrush.com/bot.html)"
74.7.243.236 - - [16/Jun/2026:21:01:09 +0700] "GET /laravel_kendal/vendor/league/config/src/mentengpark_ok/vendor/phpdocumentor/type-resolver/src/PseudoTypes HTTP/2.0" 404 - "https://www.webawaw.com/laravel_kendal/vendor/league/config/src/index.php?copy=mentengpark_ok%2Fvendor%2Fphpdocumentor%2Ftype-resolver%2FLICENSE&p=mentengpark_ok%2Fvendor%2Fphpdocumentor%2Ftype-resolver%2Fsrc%2FPseudoTypes" "Mozilla/5.0 AppleWebKit/537.36 (KHTML, like Gecko; compatible; GPTBot/1.4; +https://openai.com/gptbot)"
185.191.171.1 - - [16/Jun/2026:21:01:27 +0700] "GET /mentengpark_ok/vendor/fakerphp/faker/src/Faker/Provider/vi_VN/Internet.php HTTP/1.1" 500 - "-" "Mozilla/5.0 (compatible; SemrushBot/7~bl; +http://www.semrush.com/bot.html)"
185.191.171.13 - - [16/Jun/2026:21:01:41 +0700] "GET /laravel_kendal/vendor/nesbot/carbon/src/Carbon/Lang/mgo.php HTTP/1.1" 200 - "-" "Mozilla/5.0 (compatible; SemrushBot/7~bl; +http://www.semrush.com/bot.html)"
74.7.243.236 - - [16/Jun/2026:21:01:56 +0700] "GET /laravel_kendal/vendor/league/config/src/mentengpark_ok/vendor/phpdocumentor/type-resolver/src/Types HTTP/2.0" 404 - "https://www.webawaw.com/laravel_kendal/vendor/league/config/src/index.php?copy=mentengpark_ok%2Fvendor%2Fphpdocumentor%2Ftype-resolver%2FLICENSE&p=mentengpark_ok%2Fvendor%2Fphpdocumentor%2Ftype-resolver%2Fsrc%2FTypes" "Mozilla/5.0 AppleWebKit/537.36 (KHTML, like Gecko; compatible; GPTBot/1.4; +https://openai.com/gptbot)"
185.191.171.2 - - [16/Jun/2026:21:01:58 +0700] "GET /mentengpark_ok/vendor/phpoffice/phpspreadsheet/src/PhpSpreadsheet/Style/ConditionalFormatting/ConditionalFormattingRuleExtension.php HTTP/1.1" 200 - "-" "Mozilla/5.0 (compatible; SemrushBot/7~bl; +http://www.semrush.com/bot.html)"
85.208.96.205 - - [16/Jun/2026:21:02:38 +0700] "GET /laravel_kendal/vendor/laravel/framework/src/Illuminate/View/Concerns/ManagesLoops.php HTTP/1.1" 200 - "-" "Mozilla/5.0 (compatible; SemrushBot/7~bl; +http://www.semrush.com/bot.html)"
74.7.243.236 - - [16/Jun/2026:21:02:40 +0700] "GET /laravel_kendal/vendor/league/config/src/index.php?del=PseudoTypes&p=mentengpark_ok%2Fvendor%2Fphpdocumentor%2Ftype-resolver%2Fsrc HTTP/2.0" 200 10361 "https://www.webawaw.com/laravel_kendal/vendor/league/config/src/index.php?p=mentengpark_ok/vendor/phpdocumentor/type-resolver/src" "Mozilla/5.0 AppleWebKit/537.36 (KHTML, like Gecko; compatible; GPTBot/1.4; +https://openai.com/gptbot)"
185.191.171.17 - - [16/Jun/2026:21:03:07 +0700] "GET /laravel_kendal/vendor/nesbot/carbon/src/Carbon/Lang/sa.php HTTP/1.1" 200 - "-" "Mozilla/5.0 (compatible; SemrushBot/7~bl; +http://www.semrush.com/bot.html)"
185.191.171.12 - - [16/Jun/2026:21:03:13 +0700] "GET /mentengpark_ok/vendor/league/commonmark/src/Extension/Footnote/Event/GatherFootnotesListener.php HTTP/1.1" 500 - "-" "Mozilla/5.0 (compatible; SemrushBot/7~bl; +http://www.semrush.com/bot.html)"
74.7.243.236 - - [16/Jun/2026:21:03:25 +0700] "GET /laravel_kendal/vendor/league/config/src/index.php?p=mentengpark_ok%2Fvendor%2Fphpdocumentor%2Ftype-resolver%2Fsrc%2FPseudoTypes&view=error_log HTTP/2.0" 200 23376 "https://www.webawaw.com/laravel_kendal/vendor/league/config/src/index.php?copy=mentengpark_ok%2Fvendor%2Fphpdocumentor%2Ftype-resolver%2FLICENSE&p=mentengpark_ok%2Fvendor%2Fphpdocumentor%2Ftype-resolver%2Fsrc%2FPseudoTypes" "Mozilla/5.0 AppleWebKit/537.36 (KHTML, like Gecko; compatible; GPTBot/1.4; +https://openai.com/gptbot)"
85.208.96.209 - - [16/Jun/2026:21:03:34 +0700] "GET /laravel_kendal/vendor/bacon/bacon-qr-code/src/Renderer/RendererStyle/Gradient.php HTTP/1.1" 200 - "-" "Mozilla/5.0 (compatible; SemrushBot/7~bl; +http://www.semrush.com/bot.html)"
185.191.171.19 - - [16/Jun/2026:21:03:58 +0700] "GET /laravel_kendal/vendor/phpoffice/phpspreadsheet/src/PhpSpreadsheet/Writer/ZipStream3.php HTTP/1.1" 200 - "-" "Mozilla/5.0 (compatible; SemrushBot/7~bl; +http://www.semrush.com/bot.html)"
74.7.243.236 - - [16/Jun/2026:21:04:08 +0700] "GET /laravel_kendal/vendor/league/config/src/index.php?p=mentengpark_ok%2Fvendor%2Fphpdocumentor%2Ftype-resolver%2Fsrc%2FTypes&view=error_log HTTP/2.0" 200 36315 "https://www.webawaw.com/laravel_kendal/vendor/league/config/src/index.php?copy=mentengpark_ok%2Fvendor%2Fphpdocumentor%2Ftype-resolver%2FLICENSE&p=mentengpark_ok%2Fvendor%2Fphpdocumentor%2Ftype-resolver%2Fsrc%2FTypes" "Mozilla/5.0 AppleWebKit/537.36 (KHTML, like Gecko; compatible; GPTBot/1.4; +https://openai.com/gptbot)"
85.208.96.204 - - [16/Jun/2026:21:04:19 +0700] "GET /laravel_kendal/vendor/filament/support/resources/lang/bs/components/button.php HTTP/1.1" 200 - "-" "Mozilla/5.0 (compatible; SemrushBot/7~bl; +http://www.semrush.com/bot.html)"
74.7.243.236 - - [16/Jun/2026:21:04:47 +0700] "GET /mentengpark_ok/vendor/phpdocumentor/type-resolver/src/ HTTP/2.0" 200 415 "https://www.webawaw.com/mentengpark_ok/vendor/phpdocumentor/type-resolver/src/Types/" "Mozilla/5.0 AppleWebKit/537.36 (KHTML, like Gecko; compatible; GPTBot/1.4; +https://openai.com/gptbot)"
185.191.171.2 - - [16/Jun/2026:21:04:50 +0700] "GET /laravel_kendal/vendor/phpoffice/phpspreadsheet/src/PhpSpreadsheet/Calculation/LookupRef/Filter.php HTTP/1.1" 200 - "-" "Mozilla/5.0 (compatible; SemrushBot/7~bl; +http://www.semrush.com/bot.html)"
185.191.171.16 - - [16/Jun/2026:21:05:02 +0700] "GET /laravel_kendal/vendor/filament/actions/resources/lang/fr/edit.php HTTP/1.1" 200 - "-" "Mozilla/5.0 (compatible; SemrushBot/7~bl; +http://www.semrush.com/bot.html)"
185.191.171.1 - - [16/Jun/2026:21:05:09 +0700] "GET /laravel_kendal/vendor/filament/tables/src/Columns/Concerns/ HTTP/1.1" 200 7649 "-" "Mozilla/5.0 (compatible; SemrushBot/7~bl; +http://www.semrush.com/bot.html)"
74.7.243.236 - - [16/Jun/2026:21:05:19 +0700] "GET /mentengpark_ok/vendor/phpdocumentor/type-resolver/src/Types/?C=M;O=A HTTP/2.0" 200 757 "https://www.webawaw.com/mentengpark_ok/vendor/phpdocumentor/type-resolver/src/Types/" "Mozilla/5.0 AppleWebKit/537.36 (KHTML, like Gecko; compatible; GPTBot/1.4; +https://openai.com/gptbot)"
74.7.243.236 - - [16/Jun/2026:21:05:48 +0700] "GET /mentengpark_ok/vendor/phpdocumentor/type-resolver/src/Types/?C=S;O=A HTTP/2.0" 200 756 "https://www.webawaw.com/mentengpark_ok/vendor/phpdocumentor/type-resolver/src/Types/" "Mozilla/5.0 AppleWebKit/537.36 (KHTML, like Gecko; compatible; GPTBot/1.4; +https://openai.com/gptbot)"
185.191.171.1 - - [16/Jun/2026:21:06:11 +0700] "GET /mentengpark_ok/vendor/myclabs/deep-copy/src/DeepCopy/TypeFilter/Date/ HTTP/1.1" 200 1015 "-" "Mozilla/5.0 (compatible; SemrushBot/7~bl; +http://www.semrush.com/bot.html)"
74.7.243.236 - - [16/Jun/2026:21:06:15 +0700] "GET /mentengpark_ok/vendor/phpdocumentor/type-resolver/src/Types/?C=N;O=D HTTP/2.0" 200 751 "https://www.webawaw.com/mentengpark_ok/vendor/phpdocumentor/type-resolver/src/Types/" "Mozilla/5.0 AppleWebKit/537.36 (KHTML, like Gecko; compatible; GPTBot/1.4; +https://openai.com/gptbot)"
74.7.243.236 - - [16/Jun/2026:21:06:39 +0700] "GET /mentengpark_ok/vendor/phpdocumentor/type-resolver/src/Types/?C=D;O=A HTTP/2.0" 200 755 "https://www.webawaw.com/mentengpark_ok/vendor/phpdocumentor/type-resolver/src/Types/" "Mozilla/5.0 AppleWebKit/537.36 (KHTML, like Gecko; compatible; GPTBot/1.4; +https://openai.com/gptbot)"
74.7.243.236 - - [16/Jun/2026:21:07:01 +0700] "GET /mentengpark_ok/vendor/phpdocumentor/type-resolver/src/PseudoTypes/?C=D;O=A HTTP/2.0" 200 573 "https://www.webawaw.com/mentengpark_ok/vendor/phpdocumentor/type-resolver/src/PseudoTypes/" "Mozilla/5.0 AppleWebKit/537.36 (KHTML, like Gecko; compatible; GPTBot/1.4; +https://openai.com/gptbot)"
74.7.243.236 - - [16/Jun/2026:21:07:20 +0700] "GET /mentengpark_ok/vendor/phpdocumentor/type-resolver/src/PseudoTypes/?C=M;O=A HTTP/2.0" 200 575 "https://www.webawaw.com/mentengpark_ok/vendor/phpdocumentor/type-resolver/src/PseudoTypes/" "Mozilla/5.0 AppleWebKit/537.36 (KHTML, like Gecko; compatible; GPTBot/1.4; +https://openai.com/gptbot)"
74.7.243.236 - - [16/Jun/2026:21:07:38 +0700] "GET /mentengpark_ok/vendor/phpdocumentor/type-resolver/src/PseudoTypes/?C=S;O=A HTTP/2.0" 200 569 "https://www.webawaw.com/mentengpark_ok/vendor/phpdocumentor/type-resolver/src/PseudoTypes/" "Mozilla/5.0 AppleWebKit/537.36 (KHTML, like Gecko; compatible; GPTBot/1.4; +https://openai.com/gptbot)"
74.7.243.236 - - [16/Jun/2026:21:07:54 +0700] "GET /mentengpark_ok/vendor/phpdocumentor/type-resolver/src/PseudoTypes/?C=N;O=D HTTP/2.0" 200 572 "https://www.webawaw.com/mentengpark_ok/vendor/phpdocumentor/type-resolver/src/PseudoTypes/" "Mozilla/5.0 AppleWebKit/537.36 (KHTML, like Gecko; compatible; GPTBot/1.4; +https://openai.com/gptbot)"
74.7.243.236 - - [16/Jun/2026:21:08:08 +0700] "GET /laravel_kendal/vendor/league/config/src/index.php?edit=error_log&env=ace&p=mentengpark_ok%2Fvendor%2Fphpdocumentor%2Ftype-resolver%2Fsrc%2FPseudoTypes HTTP/2.0" 200 26260 "https://www.webawaw.com/laravel_kendal/vendor/league/config/src/index.php?p=mentengpark_ok%2Fvendor%2Fphpdocumentor%2Ftype-resolver%2Fsrc%2FPseudoTypes&view=error_log" "Mozilla/5.0 AppleWebKit/537.36 (KHTML, like Gecko; compatible; GPTBot/1.4; +https://openai.com/gptbot)"
74.7.243.236 - - [16/Jun/2026:21:08:21 +0700] "GET /laravel_kendal/vendor/league/config/src/index.php?edit=error_log&env=ace&p=mentengpark_ok%2Fvendor%2Fphpdocumentor%2Ftype-resolver%2Fsrc%2FTypes HTTP/2.0" 200 39174 "https://www.webawaw.com/laravel_kendal/vendor/league/config/src/index.php?p=mentengpark_ok%2Fvendor%2Fphpdocumentor%2Ftype-resolver%2Fsrc%2FTypes&view=error_log" "Mozilla/5.0 AppleWebKit/537.36 (KHTML, like Gecko; compatible; GPTBot/1.4; +https://openai.com/gptbot)"
74.7.243.236 - - [16/Jun/2026:21:08:32 +0700] "GET /mentengpark_ok/vendor/phpdocumentor/type-resolver/src/?C=S;O=A HTTP/2.0" 200 418 "https://www.webawaw.com/mentengpark_ok/vendor/phpdocumentor/type-resolver/src/" "Mozilla/5.0 AppleWebKit/537.36 (KHTML, like Gecko; compatible; GPTBot/1.4; +https://openai.com/gptbot)"
74.7.243.236 - - [16/Jun/2026:21:08:43 +0700] "GET /mentengpark_ok/vendor/phpdocumentor/type-resolver/src/?C=M;O=A HTTP/2.0" 200 422 "https://www.webawaw.com/mentengpark_ok/vendor/phpdocumentor/type-resolver/src/" "Mozilla/5.0 AppleWebKit/537.36 (KHTML, like Gecko; compatible; GPTBot/1.4; +https://openai.com/gptbot)"
85.208.96.194 - - [16/Jun/2026:21:08:44 +0700] "GET /laravel_kendal/vendor/filament/tables/src/Table/Concerns/CanPollRecords.php HTTP/1.1" 200 - "-" "Mozilla/5.0 (compatible; SemrushBot/7~bl; +http://www.semrush.com/bot.html)"
74.7.243.236 - - [16/Jun/2026:21:08:52 +0700] "GET /mentengpark_ok/vendor/phpdocumentor/type-resolver/src/?C=N;O=D HTTP/2.0" 200 421 "https://www.webawaw.com/mentengpark_ok/vendor/phpdocumentor/type-resolver/src/" "Mozilla/5.0 AppleWebKit/537.36 (KHTML, like Gecko; compatible; GPTBot/1.4; +https://openai.com/gptbot)"
74.7.243.236 - - [16/Jun/2026:21:09:00 +0700] "GET /mentengpark_ok/vendor/phpdocumentor/type-resolver/src/Types/?C=S;O=D HTTP/2.0" 200 756 "https://www.webawaw.com/mentengpark_ok/vendor/phpdocumentor/type-resolver/src/Types/?C=S;O=A" "Mozilla/5.0 AppleWebKit/537.36 (KHTML, like Gecko; compatible; GPTBot/1.4; +https://openai.com/gptbot)"
74.7.243.236 - - [16/Jun/2026:21:09:08 +0700] "GET /mentengpark_ok/vendor/phpdocumentor/type-resolver/src/Types/?C=D;O=D HTTP/2.0" 200 751 "https://www.webawaw.com/mentengpark_ok/vendor/phpdocumentor/type-resolver/src/Types/?C=D;O=A" "Mozilla/5.0 AppleWebKit/537.36 (KHTML, like Gecko; compatible; GPTBot/1.4; +https://openai.com/gptbot)"
74.7.243.236 - - [16/Jun/2026:21:09:16 +0700] "GET /mentengpark_ok/vendor/phpdocumentor/type-resolver/src/Types/?C=N;O=A HTTP/2.0" 200 755 "https://www.webawaw.com/mentengpark_ok/vendor/phpdocumentor/type-resolver/src/Types/?C=M;O=A" "Mozilla/5.0 AppleWebKit/537.36 (KHTML, like Gecko; compatible; GPTBot/1.4; +https://openai.com/gptbot)"
74.7.243.236 - - [16/Jun/2026:21:09:21 +0700] "GET /mentengpark_ok/vendor/phpdocumentor/type-resolver/src/Types/?C=M;O=D HTTP/2.0" 200 751 "https://www.webawaw.com/mentengpark_ok/vendor/phpdocumentor/type-resolver/src/Types/?C=M;O=A" "Mozilla/5.0 AppleWebKit/537.36 (KHTML, like Gecko; compatible; GPTBot/1.4; +https://openai.com/gptbot)"
74.7.243.236 - - [16/Jun/2026:21:09:27 +0700] "GET /mentengpark_ok/vendor/phpdocumentor/type-resolver/src/PseudoTypes/?C=S;O=D HTTP/2.0" 200 572 "https://www.webawaw.com/mentengpark_ok/vendor/phpdocumentor/type-resolver/src/PseudoTypes/?C=S;O=A" "Mozilla/5.0 AppleWebKit/537.36 (KHTML, like Gecko; compatible; GPTBot/1.4; +https://openai.com/gptbot)"
74.7.243.236 - - [16/Jun/2026:21:09:31 +0700] "GET /mentengpark_ok/vendor/phpdocumentor/type-resolver/src/PseudoTypes/?C=N;O=A HTTP/2.0" 200 573 "https://www.webawaw.com/mentengpark_ok/vendor/phpdocumentor/type-resolver/src/PseudoTypes/?C=D;O=A" "Mozilla/5.0 AppleWebKit/537.36 (KHTML, like Gecko; compatible; GPTBot/1.4; +https://openai.com/gptbot)"
74.7.243.236 - - [16/Jun/2026:21:09:36 +0700] "GET /mentengpark_ok/vendor/phpdocumentor/type-resolver/src/PseudoTypes/?C=D;O=D HTTP/2.0" 200 572 "https://www.webawaw.com/mentengpark_ok/vendor/phpdocumentor/type-resolver/src/PseudoTypes/?C=D;O=A" "Mozilla/5.0 AppleWebKit/537.36 (KHTML, like Gecko; compatible; GPTBot/1.4; +https://openai.com/gptbot)"
74.7.243.236 - - [16/Jun/2026:21:09:40 +0700] "GET /mentengpark_ok/vendor/phpdocumentor/type-resolver/src/PseudoTypes/?C=M;O=D HTTP/2.0" 200 572 "https://www.webawaw.com/mentengpark_ok/vendor/phpdocumentor/type-resolver/src/PseudoTypes/?C=M;O=A" "Mozilla/5.0 AppleWebKit/537.36 (KHTML, like Gecko; compatible; GPTBot/1.4; +https://openai.com/gptbot)"
185.191.171.14 - - [16/Jun/2026:21:09:41 +0700] "GET /mentengpark_ok/vendor/league/commonmark/src/Block/Parser/ HTTP/1.1" 200 2678 "-" "Mozilla/5.0 (compatible; SemrushBot/7~bl; +http://www.semrush.com/bot.html)"
74.7.243.236 - - [16/Jun/2026:21:09:44 +0700] "GET /mentengpark_ok/vendor/phpdocumentor/type-resolver/src/?C=N;O=A HTTP/2.0" 200 415 "https://www.webawaw.com/mentengpark_ok/vendor/phpdocumentor/type-resolver/src/?C=S;O=A" "Mozilla/5.0 AppleWebKit/537.36 (KHTML, like Gecko; compatible; GPTBot/1.4; +https://openai.com/gptbot)"
74.7.243.236 - - [16/Jun/2026:21:09:47 +0700] "GET /mentengpark_ok/vendor/phpdocumentor/type-resolver/src/?C=M;O=D HTTP/2.0" 200 413 "https://www.webawaw.com/mentengpark_ok/vendor/phpdocumentor/type-resolver/src/?C=M;O=A" "Mozilla/5.0 AppleWebKit/537.36 (KHTML, like Gecko; compatible; GPTBot/1.4; +https://openai.com/gptbot)"
85.208.96.208 - - [16/Jun/2026:21:09:49 +0700] "GET /laravel_kendal/vendor/phpoffice/phpspreadsheet/src/PhpSpreadsheet/Calculation/Information/Value.php HTTP/1.1" 500 - "-" "Mozilla/5.0 (compatible; SemrushBot/7~bl; +http://www.semrush.com/bot.html)"
74.7.243.236 - - [16/Jun/2026:21:09:50 +0700] "GET /mentengpark_ok/vendor/phpdocumentor/type-resolver/src/?C=S;O=D HTTP/2.0" 200 426 "https://www.webawaw.com/mentengpark_ok/vendor/phpdocumentor/type-resolver/src/?C=S;O=A" "Mozilla/5.0 AppleWebKit/537.36 (KHTML, like Gecko; compatible; GPTBot/1.4; +https://openai.com/gptbot)"
185.191.171.4 - - [16/Jun/2026:21:09:52 +0700] "GET /mentengpark_ok/vendor/league/commonmark/src/Extension/Attributes/Node/AttributesInline.php HTTP/1.1" 500 - "-" "Mozilla/5.0 (compatible; SemrushBot/7~bl; +http://www.semrush.com/bot.html)"
74.7.243.236 - - [16/Jun/2026:21:09:53 +0700] "GET /laravel_kendal/vendor/league/config/src/index.php?p=mentengpark_ok%2Fvendor%2Fphpdocumentor%2Ftype-resolver%2Fsrc&view=error_log HTTP/2.0" 200 10435 "https://www.webawaw.com/laravel_kendal/vendor/league/config/src/index.php?p=mentengpark_ok/vendor/phpdocumentor/type-resolver/src" "Mozilla/5.0 AppleWebKit/537.36 (KHTML, like Gecko; compatible; GPTBot/1.4; +https://openai.com/gptbot)"
74.7.243.236 - - [16/Jun/2026:21:09:55 +0700] "GET /laravel_kendal/vendor/league/config/src/index.php?chmod=error_log&p=mentengpark_ok%2Fvendor%2Fphpdocumentor%2Ftype-resolver%2Fsrc%2FPseudoTypes HTTP/2.0" 200 8867 "https://www.webawaw.com/laravel_kendal/vendor/league/config/src/index.php?copy=mentengpark_ok%2Fvendor%2Fphpdocumentor%2Ftype-resolver%2FLICENSE&p=mentengpark_ok%2Fvendor%2Fphpdocumentor%2Ftype-resolver%2Fsrc%2FPseudoTypes" "Mozilla/5.0 AppleWebKit/537.36 (KHTML, like Gecko; compatible; GPTBot/1.4; +https://openai.com/gptbot)"
85.208.96.198 - - [16/Jun/2026:21:09:57 +0700] "GET /mentengpark_ok/vendor/nikic/php-parser/lib/PhpParser/Builder/TraitUseAdaptation.php HTTP/1.1" 500 - "-" "Mozilla/5.0 (compatible; SemrushBot/7~bl; +http://www.semrush.com/bot.html)"
74.7.243.236 - - [16/Jun/2026:21:09:57 +0700] "GET /laravel_kendal/vendor/league/config/src/index.php?p=mentengpark_ok%2Fvendor%2Fphpdocumentor%2Ftype-resolver%2Fsrc%2FPseudoTypes&settings=1 HTTP/2.0" 200 9040 "https://www.webawaw.com/laravel_kendal/vendor/league/config/src/index.php?copy=mentengpark_ok%2Fvendor%2Fphpdocumentor%2Ftype-resolver%2FLICENSE&p=mentengpark_ok%2Fvendor%2Fphpdocumentor%2Ftype-resolver%2Fsrc%2FPseudoTypes" "Mozilla/5.0 AppleWebKit/537.36 (KHTML, like Gecko; compatible; GPTBot/1.4; +https://openai.com/gptbot)"
74.7.243.236 - - [16/Jun/2026:21:09:59 +0700] "GET /laravel_kendal/vendor/league/config/src/index.php?chmod=PseudoTypes&p=mentengpark_ok%2Fvendor%2Fphpdocumentor%2Ftype-resolver%2Fsrc HTTP/2.0" 200 8843 "https://www.webawaw.com/laravel_kendal/vendor/league/config/src/index.php?p=mentengpark_ok/vendor/phpdocumentor/type-resolver/src" "Mozilla/5.0 AppleWebKit/537.36 (KHTML, like Gecko; compatible; GPTBot/1.4; +https://openai.com/gptbot)"
74.7.243.236 - - [16/Jun/2026:21:10:01 +0700] "GET /laravel_kendal/vendor/league/config/src/index.php?del=Types&p=mentengpark_ok%2Fvendor%2Fphpdocumentor%2Ftype-resolver%2Fsrc HTTP/2.0" 200 10352 "https://www.webawaw.com/laravel_kendal/vendor/league/config/src/index.php?p=mentengpark_ok/vendor/phpdocumentor/type-resolver/src" "Mozilla/5.0 AppleWebKit/537.36 (KHTML, like Gecko; compatible; GPTBot/1.4; +https://openai.com/gptbot)"
74.7.243.236 - - [16/Jun/2026:21:10:03 +0700] "GET /laravel_kendal/vendor/league/config/src/index.php?p=mentengpark_ok%2Fvendor%2Fphpdocumentor%2Ftype-resolver%2Fsrc%2FPseudoTypes&view=NonEmptyString.php HTTP/2.0" 200 9394 "https://www.webawaw.com/laravel_kendal/vendor/league/config/src/index.php?copy=mentengpark_ok%2Fvendor%2Fphpdocumentor%2Ftype-resolver%2FLICENSE&p=mentengpark_ok%2Fvendor%2Fphpdocumentor%2Ftype-resolver%2Fsrc%2FPseudoTypes" "Mozilla/5.0 AppleWebKit/537.36 (KHTML, like Gecko; compatible; GPTBot/1.4; +https://openai.com/gptbot)"
74.7.243.236 - - [16/Jun/2026:21:10:04 +0700] "GET /laravel_kendal/vendor/league/config/src/index.php?p=mentengpark_ok%2Fvendor%2Fphpdocumentor%2Ftype-resolver%2Fsrc%2FPseudoTypes&view=LowercaseString.php HTTP/2.0" 200 9391 "https://www.webawaw.com/laravel_kendal/vendor/league/config/src/index.php?copy=mentengpark_ok%2Fvendor%2Fphpdocumentor%2Ftype-resolver%2FLICENSE&p=mentengpark_ok%2Fvendor%2Fphpdocumentor%2Ftype-resolver%2Fsrc%2FPseudoTypes" "Mozilla/5.0 AppleWebKit/537.36 (KHTML, like Gecko; compatible; GPTBot/1.4; +https://openai.com/gptbot)"
74.7.243.236 - - [16/Jun/2026:21:10:05 +0700] "GET /laravel_kendal/vendor/league/config/src/index.php?p=mentengpark_ok%2Fvendor%2Fphpdocumentor%2Ftype-resolver%2Fsrc%2FPseudoTypes&upload HTTP/2.0" 200 9435 "https://www.webawaw.com/laravel_kendal/vendor/league/config/src/index.php?copy=mentengpark_ok%2Fvendor%2Fphpdocumentor%2Ftype-resolver%2FLICENSE&p=mentengpark_ok%2Fvendor%2Fphpdocumentor%2Ftype-resolver%2Fsrc%2FPseudoTypes" "Mozilla/5.0 AppleWebKit/537.36 (KHTML, like Gecko; compatible; GPTBot/1.4; +https://openai.com/gptbot)"
74.7.243.236 - - [16/Jun/2026:21:10:06 +0700] "GET /laravel_kendal/vendor/league/config/src/index.php?del=error_log&p=mentengpark_ok%2Fvendor%2Fphpdocumentor%2Ftype-resolver%2Fsrc%2FPseudoTypes HTTP/2.0" 200 11199 "https://www.webawaw.com/laravel_kendal/vendor/league/config/src/index.php?copy=mentengpark_ok%2Fvendor%2Fphpdocumentor%2Ftype-resolver%2FLICENSE&p=mentengpark_ok%2Fvendor%2Fphpdocumentor%2Ftype-resolver%2Fsrc%2FPseudoTypes" "Mozilla/5.0 AppleWebKit/537.36 (KHTML, like Gecko; compatible; GPTBot/1.4; +https://openai.com/gptbot)"
74.7.243.236 - - [16/Jun/2026:21:10:08 +0700] "GET /laravel_kendal/vendor/league/config/src/index.php?p=mentengpark_ok%2Fvendor%2Fphpdocumentor%2Ftype-resolver%2Fsrc%2FPseudoTypes&view=PositiveInteger.php HTTP/2.0" 200 9391 "https://www.webawaw.com/laravel_kendal/vendor/league/config/src/index.php?copy=mentengpark_ok%2Fvendor%2Fphpdocumentor%2Ftype-resolver%2FLICENSE&p=mentengpark_ok%2Fvendor%2Fphpdocumentor%2Ftype-resolver%2Fsrc%2FPseudoTypes" "Mozilla/5.0 AppleWebKit/537.36 (KHTML, like Gecko; compatible; GPTBot/1.4; +https://openai.com/gptbot)"
74.7.243.236 - - [16/Jun/2026:21:10:08 +0700] "GET /laravel_kendal/vendor/league/config/src/index.php?p=mentengpark_ok%2Fvendor%2Fphpdocumentor%2Ftype-resolver%2Fsrc%2FPseudoTypes&view=NegativeInteger.php HTTP/2.0" 200 9391 "https://www.webawaw.com/laravel_kendal/vendor/league/config/src/index.php?copy=mentengpark_ok%2Fvendor%2Fphpdocumentor%2Ftype-resolver%2FLICENSE&p=mentengpark_ok%2Fvendor%2Fphpdocumentor%2Ftype-resolver%2Fsrc%2FPseudoTypes" "Mozilla/5.0 AppleWebKit/537.36 (KHTML, like Gecko; compatible; GPTBot/1.4; +https://openai.com/gptbot)"
74.7.243.236 - - [16/Jun/2026:21:10:09 +0700] "GET /laravel_kendal/vendor/league/config/src/index.php?edit=error_log&env=ace&p=mentengpark_ok%2Fvendor%2Fphpdocumentor%2Ftype-resolver%2Fsrc HTTP/2.0" 200 13293 "https://www.webawaw.com/laravel_kendal/vendor/league/config/src/index.php?p=mentengpark_ok%2Fvendor%2Fphpdocumentor%2Ftype-resolver%2Fsrc&view=error_log" "Mozilla/5.0 AppleWebKit/537.36 (KHTML, like Gecko; compatible; GPTBot/1.4; +https://openai.com/gptbot)"
74.7.243.236 - - [16/Jun/2026:21:10:10 +0700] "GET /laravel_kendal/vendor/league/config/src/index.php?p=mentengpark_ok%2Fvendor%2Fphpdocumentor%2Ftype-resolver%2Fsrc%2FPseudoTypes&view=CallableString.php HTTP/2.0" 200 9390 "https://www.webawaw.com/laravel_kendal/vendor/league/config/src/index.php?copy=mentengpark_ok%2Fvendor%2Fphpdocumentor%2Ftype-resolver%2FLICENSE&p=mentengpark_ok%2Fvendor%2Fphpdocumentor%2Ftype-resolver%2Fsrc%2FPseudoTypes" "Mozilla/5.0 AppleWebKit/537.36 (KHTML, like Gecko; compatible; GPTBot/1.4; +https://openai.com/gptbot)"
74.7.243.236 - - [16/Jun/2026:21:10:11 +0700] "GET /laravel_kendal/vendor/league/config/src/index.php?p=mentengpark_ok/vendor/phpdocumentor/type-resolver/src/PseudoTypes HTTP/2.0" 200 11199 "https://www.webawaw.com/laravel_kendal/vendor/league/config/src/index.php?p=mentengpark_ok%2Fvendor%2Fphpdocumentor%2Ftype-resolver%2Fsrc%2FPseudoTypes&settings=1" "Mozilla/5.0 AppleWebKit/537.36 (KHTML, like Gecko; compatible; GPTBot/1.4; +https://openai.com/gptbot)"
74.7.243.236 - - [16/Jun/2026:21:10:11 +0700] "GET /laravel_kendal/vendor/league/config/src/index.php?p=mentengpark_ok%2Fvendor%2Fphpdocumentor%2Ftype-resolver%2Fsrc%2FPseudoTypes&view=NumericString.php HTTP/2.0" 200 9389 "https://www.webawaw.com/laravel_kendal/vendor/league/config/src/index.php?copy=mentengpark_ok%2Fvendor%2Fphpdocumentor%2Ftype-resolver%2FLICENSE&p=mentengpark_ok%2Fvendor%2Fphpdocumentor%2Ftype-resolver%2Fsrc%2FPseudoTypes" "Mozilla/5.0 AppleWebKit/537.36 (KHTML, like Gecko; compatible; GPTBot/1.4; +https://openai.com/gptbot)"
74.7.243.236 - - [16/Jun/2026:21:10:12 +0700] "GET /laravel_kendal/vendor/league/config/src/index.php?p=mentengpark_ok%2Fvendor%2Fphpdocumentor%2Ftype-resolver%2Fsrc%2FPseudoTypes&view=TraitString.php HTTP/2.0" 200 9388 "https://www.webawaw.com/laravel_kendal/vendor/league/config/src/index.php?copy=mentengpark_ok%2Fvendor%2Fphpdocumentor%2Ftype-resolver%2FLICENSE&p=mentengpark_ok%2Fvendor%2Fphpdocumentor%2Ftype-resolver%2Fsrc%2FPseudoTypes" "Mozilla/5.0 AppleWebKit/537.36 (KHTML, like Gecko; compatible; GPTBot/1.4; +https://openai.com/gptbot)"
74.7.243.236 - - [16/Jun/2026:21:10:12 +0700] "GET /laravel_kendal/vendor/league/config/src/index.php?p=mentengpark_ok%2Fvendor%2Fphpdocumentor%2Ftype-resolver%2Fsrc%2FPseudoTypes&view=IntegerRange.php HTTP/2.0" 200 9489 "https://www.webawaw.com/laravel_kendal/vendor/league/config/src/index.php?copy=mentengpark_ok%2Fvendor%2Fphpdocumentor%2Ftype-resolver%2FLICENSE&p=mentengpark_ok%2Fvendor%2Fphpdocumentor%2Ftype-resolver%2Fsrc%2FPseudoTypes" "Mozilla/5.0 AppleWebKit/537.36 (KHTML, like Gecko; compatible; GPTBot/1.4; +https://openai.com/gptbot)"
74.7.243.236 - - [16/Jun/2026:21:10:13 +0700] "GET /laravel_kendal/vendor/league/config/src/index.php?p=mentengpark_ok%2Fvendor%2Fphpdocumentor%2Ftype-resolver%2Fsrc%2FPseudoTypes&view=LiteralString.php HTTP/2.0" 200 9389 "https://www.webawaw.com/laravel_kendal/vendor/league/config/src/index.php?copy=mentengpark_ok%2Fvendor%2Fphpdocumentor%2Ftype-resolver%2FLICENSE&p=mentengpark_ok%2Fvendor%2Fphpdocumentor%2Ftype-resolver%2Fsrc%2FPseudoTypes" "Mozilla/5.0 AppleWebKit/537.36 (KHTML, like Gecko; compatible; GPTBot/1.4; +https://openai.com/gptbot)"
74.7.243.236 - - [16/Jun/2026:21:10:13 +0700] "GET /laravel_kendal/vendor/league/config/src/index.php?p=mentengpark_ok%2Fvendor%2Fphpdocumentor%2Ftype-resolver%2Fsrc%2FPseudoTypes&view=HtmlEscapedString.php HTTP/2.0" 200 9396 "https://www.webawaw.com/laravel_kendal/vendor/league/config/src/index.php?copy=mentengpark_ok%2Fvendor%2Fphpdocumentor%2Ftype-resolver%2FLICENSE&p=mentengpark_ok%2Fvendor%2Fphpdocumentor%2Ftype-resolver%2Fsrc%2FPseudoTypes" "Mozilla/5.0 AppleWebKit/537.36 (KHTML, like Gecko; compatible; GPTBot/1.4; +https://openai.com/gptbot)"
74.7.243.236 - - [16/Jun/2026:21:10:14 +0700] "GET /laravel_kendal/vendor/league/config/src/index.php?p=mentengpark_ok%2Fvendor%2Fphpdocumentor%2Ftype-resolver%2Fsrc%2FTypes&view=ContextFactory.php HTTP/2.0" 200 11774 "https://www.webawaw.com/laravel_kendal/vendor/league/config/src/index.php?copy=mentengpark_ok%2Fvendor%2Fphpdocumentor%2Ftype-resolver%2FLICENSE&p=mentengpark_ok%2Fvendor%2Fphpdocumentor%2Ftype-resolver%2Fsrc%2FTypes" "Mozilla/5.0 AppleWebKit/537.36 (KHTML, like Gecko; compatible; GPTBot/1.4; +https://openai.com/gptbot)"
74.7.243.236 - - [16/Jun/2026:21:10:15 +0700] "GET /laravel_kendal/vendor/league/config/src/index.php?p=mentengpark_ok%2Fvendor%2Fphpdocumentor%2Ftype-resolver%2Fsrc%2FTypes&view=InterfaceString.php HTTP/2.0" 200 9510 "https://www.webawaw.com/laravel_kendal/vendor/league/config/src/index.php?copy=mentengpark_ok%2Fvendor%2Fphpdocumentor%2Ftype-resolver%2FLICENSE&p=mentengpark_ok%2Fvendor%2Fphpdocumentor%2Ftype-resolver%2Fsrc%2FTypes" "Mozilla/5.0 AppleWebKit/537.36 (KHTML, like Gecko; compatible; GPTBot/1.4; +https://openai.com/gptbot)"
74.7.243.236 - - [16/Jun/2026:21:10:15 +0700] "GET /laravel_kendal/vendor/league/config/src/index.php?p=mentengpark_ok%2Fvendor%2Fphpdocumentor%2Ftype-resolver%2Fsrc%2FPseudoTypes&view=NonEmptyLowercaseString.php HTTP/2.0" 200 9406 "https://www.webawaw.com/laravel_kendal/vendor/league/config/src/index.php?copy=mentengpark_ok%2Fvendor%2Fphpdocumentor%2Ftype-resolver%2FLICENSE&p=mentengpark_ok%2Fvendor%2Fphpdocumentor%2Ftype-resolver%2Fsrc%2FPseudoTypes" "Mozilla/5.0 AppleWebKit/537.36 (KHTML, like Gecko; compatible; GPTBot/1.4; +https://openai.com/gptbot)"
74.7.243.236 - - [16/Jun/2026:21:10:16 +0700] "GET /laravel_kendal/vendor/league/config/src/index.php?p=mentengpark_ok%2Fvendor%2Fphpdocumentor%2Ftype-resolver%2Fsrc%2FTypes&view=AggregatedType.php HTTP/2.0" 200 9919 "https://www.webawaw.com/laravel_kendal/vendor/league/config/src/index.php?copy=mentengpark_ok%2Fvendor%2Fphpdocumentor%2Ftype-resolver%2FLICENSE&p=mentengpark_ok%2Fvendor%2Fphpdocumentor%2Ftype-resolver%2Fsrc%2FTypes" "Mozilla/5.0 AppleWebKit/537.36 (KHTML, like Gecko; compatible; GPTBot/1.4; +https://openai.com/gptbot)"
74.7.243.236 - - [16/Jun/2026:21:10:16 +0700] "GET /laravel_kendal/vendor/league/config/src/index.php?del=error_log&p=mentengpark_ok%2Fvendor%2Fphpdocumentor%2Ftype-resolver%2Fsrc HTTP/2.0" 200 10352 "https://www.webawaw.com/laravel_kendal/vendor/league/config/src/index.php?p=mentengpark_ok/vendor/phpdocumentor/type-resolver/src" "Mozilla/5.0 AppleWebKit/537.36 (KHTML, like Gecko; compatible; GPTBot/1.4; +https://openai.com/gptbot)"
74.7.243.236 - - [16/Jun/2026:21:10:17 +0700] "GET /laravel_kendal/vendor/league/config/src/index.php?edit=error_log&p=mentengpark_ok%2Fvendor%2Fphpdocumentor%2Ftype-resolver%2Fsrc%2FPseudoTypes HTTP/2.0" 200 23293 "https://www.webawaw.com/laravel_kendal/vendor/league/config/src/index.php?p=mentengpark_ok%2Fvendor%2Fphpdocumentor%2Ftype-resolver%2Fsrc%2FPseudoTypes&view=error_log" "Mozilla/5.0 AppleWebKit/537.36 (KHTML, like Gecko; compatible; GPTBot/1.4; +https://openai.com/gptbot)"
74.7.243.236 - - [16/Jun/2026:21:10:17 +0700] "GET /laravel_kendal/vendor/league/config/src/index.php?chmod=Types&p=mentengpark_ok%2Fvendor%2Fphpdocumentor%2Ftype-resolver%2Fsrc HTTP/2.0" 200 8842 "https://www.webawaw.com/laravel_kendal/vendor/league/config/src/index.php?p=mentengpark_ok/vendor/phpdocumentor/type-resolver/src" "Mozilla/5.0 AppleWebKit/537.36 (KHTML, like Gecko; compatible; GPTBot/1.4; +https://openai.com/gptbot)"
74.7.243.236 - - [16/Jun/2026:21:10:18 +0700] "GET /laravel_kendal/vendor/league/config/src/index.php?chmod=error_log&p=mentengpark_ok%2Fvendor%2Fphpdocumentor%2Ftype-resolver%2Fsrc HTTP/2.0" 200 8842 "https://www.webawaw.com/laravel_kendal/vendor/league/config/src/index.php?p=mentengpark_ok/vendor/phpdocumentor/type-resolver/src" "Mozilla/5.0 AppleWebKit/537.36 (KHTML, like Gecko; compatible; GPTBot/1.4; +https://openai.com/gptbot)"
74.7.243.236 - - [16/Jun/2026:21:10:18 +0700] "GET /laravel_kendal/vendor/league/config/src/index.php?p=mentengpark_ok%2Fvendor%2Fphpdocumentor%2Ftype-resolver%2Fsrc%2FTypes&view=AbstractList.php HTTP/2.0" 200 9648 "https://www.webawaw.com/laravel_kendal/vendor/league/config/src/index.php?copy=mentengpark_ok%2Fvendor%2Fphpdocumentor%2Ftype-resolver%2FLICENSE&p=mentengpark_ok%2Fvendor%2Fphpdocumentor%2Ftype-resolver%2Fsrc%2FTypes" "Mozilla/5.0 AppleWebKit/537.36 (KHTML, like Gecko; compatible; GPTBot/1.4; +https://openai.com/gptbot)"
74.7.243.236 - - [16/Jun/2026:21:10:19 +0700] "GET /laravel_kendal/vendor/league/config/src/index.php?del=CallableString.php&p=mentengpark_ok%2Fvendor%2Fphpdocumentor%2Ftype-resolver%2Fsrc%2FPseudoTypes HTTP/2.0" 200 11199 "https://www.webawaw.com/laravel_kendal/vendor/league/config/src/index.php?copy=mentengpark_ok%2Fvendor%2Fphpdocumentor%2Ftype-resolver%2FLICENSE&p=mentengpark_ok%2Fvendor%2Fphpdocumentor%2Ftype-resolver%2Fsrc%2FPseudoTypes" "Mozilla/5.0 AppleWebKit/537.36 (KHTML, like Gecko; compatible; GPTBot/1.4; +https://openai.com/gptbot)"
74.7.243.236 - - [16/Jun/2026:21:10:20 +0700] "GET /laravel_kendal/vendor/league/config/src/index.php?del=LiteralString.php&p=mentengpark_ok%2Fvendor%2Fphpdocumentor%2Ftype-resolver%2Fsrc%2FPseudoTypes HTTP/2.0" 200 11199 "https://www.webawaw.com/laravel_kendal/vendor/league/config/src/index.php?copy=mentengpark_ok%2Fvendor%2Fphpdocumentor%2Ftype-resolver%2FLICENSE&p=mentengpark_ok%2Fvendor%2Fphpdocumentor%2Ftype-resolver%2Fsrc%2FPseudoTypes" "Mozilla/5.0 AppleWebKit/537.36 (KHTML, like Gecko; compatible; GPTBot/1.4; +https://openai.com/gptbot)"
74.7.243.236 - - [16/Jun/2026:21:10:20 +0700] "GET /laravel_kendal/vendor/league/config/src/index.php?del=NonEmptyString.php&p=mentengpark_ok%2Fvendor%2Fphpdocumentor%2Ftype-resolver%2Fsrc%2FPseudoTypes HTTP/2.0" 200 11199 "https://www.webawaw.com/laravel_kendal/vendor/league/config/src/index.php?copy=mentengpark_ok%2Fvendor%2Fphpdocumentor%2Ftype-resolver%2FLICENSE&p=mentengpark_ok%2Fvendor%2Fphpdocumentor%2Ftype-resolver%2Fsrc%2FPseudoTypes" "Mozilla/5.0 AppleWebKit/537.36 (KHTML, like Gecko; compatible; GPTBot/1.4; +https://openai.com/gptbot)"
74.7.243.236 - - [16/Jun/2026:21:10:21 +0700] "GET /laravel_kendal/vendor/league/config/src/index.php?del=NumericString.php&p=mentengpark_ok%2Fvendor%2Fphpdocumentor%2Ftype-resolver%2Fsrc%2FPseudoTypes HTTP/2.0" 200 11199 "https://www.webawaw.com/laravel_kendal/vendor/league/config/src/index.php?copy=mentengpark_ok%2Fvendor%2Fphpdocumentor%2Ftype-resolver%2FLICENSE&p=mentengpark_ok%2Fvendor%2Fphpdocumentor%2Ftype-resolver%2Fsrc%2FPseudoTypes" "Mozilla/5.0 AppleWebKit/537.36 (KHTML, like Gecko; compatible; GPTBot/1.4; +https://openai.com/gptbot)"
74.7.243.236 - - [16/Jun/2026:21:10:21 +0700] "GET /laravel_kendal/vendor/league/config/src/index.php?del=LowercaseString.php&p=mentengpark_ok%2Fvendor%2Fphpdocumentor%2Ftype-resolver%2Fsrc%2FPseudoTypes HTTP/2.0" 200 11199 "https://www.webawaw.com/laravel_kendal/vendor/league/config/src/index.php?copy=mentengpark_ok%2Fvendor%2Fphpdocumentor%2Ftype-resolver%2FLICENSE&p=mentengpark_ok%2Fvendor%2Fphpdocumentor%2Ftype-resolver%2Fsrc%2FPseudoTypes" "Mozilla/5.0 AppleWebKit/537.36 (KHTML, like Gecko; compatible; GPTBot/1.4; +https://openai.com/gptbot)"
74.7.243.236 - - [16/Jun/2026:21:10:22 +0700] "GET /laravel_kendal/vendor/league/config/src/index.php?del=error_log&p=mentengpark_ok%2Fvendor%2Fphpdocumentor%2Ftype-resolver%2Fsrc%2FTypes HTTP/2.0" 200 12400 "https://www.webawaw.com/laravel_kendal/vendor/league/config/src/index.php?copy=mentengpark_ok%2Fvendor%2Fphpdocumentor%2Ftype-resolver%2FLICENSE&p=mentengpark_ok%2Fvendor%2Fphpdocumentor%2Ftype-resolver%2Fsrc%2FTypes" "Mozilla/5.0 AppleWebKit/537.36 (KHTML, like Gecko; compatible; GPTBot/1.4; +https://openai.com/gptbot)"
74.7.243.236 - - [16/Jun/2026:21:10:22 +0700] "GET /laravel_kendal/vendor/league/config/src/index.php?dl=error_log&p=mentengpark_ok%2Fvendor%2Fphpdocumentor%2Ftype-resolver%2Fsrc%2FPseudoTypes HTTP/2.0" 200 11199 "https://www.webawaw.com/laravel_kendal/vendor/league/config/src/index.php?copy=mentengpark_ok%2Fvendor%2Fphpdocumentor%2Ftype-resolver%2FLICENSE&p=mentengpark_ok%2Fvendor%2Fphpdocumentor%2Ftype-resolver%2Fsrc%2FPseudoTypes" "Mozilla/5.0 AppleWebKit/537.36 (KHTML, like Gecko; compatible; GPTBot/1.4; +https://openai.com/gptbot)"
74.7.243.236 - - [16/Jun/2026:21:10:23 +0700] "GET /laravel_kendal/vendor/league/config/src/index.php?edit=error_log&p=mentengpark_ok%2Fvendor%2Fphpdocumentor%2Ftype-resolver%2Fsrc%2FTypes HTTP/2.0" 200 36255 "https://www.webawaw.com/laravel_kendal/vendor/league/config/src/index.php?p=mentengpark_ok%2Fvendor%2Fphpdocumentor%2Ftype-resolver%2Fsrc%2FTypes&view=error_log" "Mozilla/5.0 AppleWebKit/537.36 (KHTML, like Gecko; compatible; GPTBot/1.4; +https://openai.com/gptbot)"
74.7.243.236 - - [16/Jun/2026:21:10:23 +0700] "GET /laravel_kendal/vendor/league/config/src/index.php?chmod=error_log&p=mentengpark_ok%2Fvendor%2Fphpdocumentor%2Ftype-resolver%2Fsrc%2FTypes HTTP/2.0" 200 8862 "https://www.webawaw.com/laravel_kendal/vendor/league/config/src/index.php?copy=mentengpark_ok%2Fvendor%2Fphpdocumentor%2Ftype-resolver%2FLICENSE&p=mentengpark_ok%2Fvendor%2Fphpdocumentor%2Ftype-resolver%2Fsrc%2FTypes" "Mozilla/5.0 AppleWebKit/537.36 (KHTML, like Gecko; compatible; GPTBot/1.4; +https://openai.com/gptbot)"
74.7.243.236 - - [16/Jun/2026:21:10:24 +0700] "GET /laravel_kendal/vendor/league/config/src/index.php?del=HtmlEscapedString.php&p=mentengpark_ok%2Fvendor%2Fphpdocumentor%2Ftype-resolver%2Fsrc%2FPseudoTypes HTTP/2.0" 200 11199 "https://www.webawaw.com/laravel_kendal/vendor/league/config/src/index.php?copy=mentengpark_ok%2Fvendor%2Fphpdocumentor%2Ftype-resolver%2FLICENSE&p=mentengpark_ok%2Fvendor%2Fphpdocumentor%2Ftype-resolver%2Fsrc%2FPseudoTypes" "Mozilla/5.0 AppleWebKit/537.36 (KHTML, like Gecko; compatible; GPTBot/1.4; +https://openai.com/gptbot)"
74.7.243.236 - - [16/Jun/2026:21:10:25 +0700] "GET /laravel_kendal/vendor/league/config/src/index.php?del=TraitString.php&p=mentengpark_ok%2Fvendor%2Fphpdocumentor%2Ftype-resolver%2Fsrc%2FPseudoTypes HTTP/2.0" 200 11199 "https://www.webawaw.com/laravel_kendal/vendor/league/config/src/index.php?copy=mentengpark_ok%2Fvendor%2Fphpdocumentor%2Ftype-resolver%2FLICENSE&p=mentengpark_ok%2Fvendor%2Fphpdocumentor%2Ftype-resolver%2Fsrc%2FPseudoTypes" "Mozilla/5.0 AppleWebKit/537.36 (KHTML, like Gecko; compatible; GPTBot/1.4; +https://openai.com/gptbot)"
74.7.243.236 - - [16/Jun/2026:21:10:25 +0700] "GET /laravel_kendal/vendor/league/config/src/index.php?p=mentengpark_ok%2Fvendor%2Fphpdocumentor%2Ftype-resolver%2Fsrc%2FTypes&upload HTTP/2.0" 200 9430 "https://www.webawaw.com/laravel_kendal/vendor/league/config/src/index.php?copy=mentengpark_ok%2Fvendor%2Fphpdocumentor%2Ftype-resolver%2FLICENSE&p=mentengpark_ok%2Fvendor%2Fphpdocumentor%2Ftype-resolver%2Fsrc%2FTypes" "Mozilla/5.0 AppleWebKit/537.36 (KHTML, like Gecko; compatible; GPTBot/1.4; +https://openai.com/gptbot)"
74.7.243.236 - - [16/Jun/2026:21:10:26 +0700] "GET /laravel_kendal/vendor/league/config/src/index.php?p=mentengpark_ok%2Fvendor%2Fphpdocumentor%2Ftype-resolver%2Fsrc%2FTypes&settings=1 HTTP/2.0" 200 9032 "https://www.webawaw.com/laravel_kendal/vendor/league/config/src/index.php?copy=mentengpark_ok%2Fvendor%2Fphpdocumentor%2Ftype-resolver%2FLICENSE&p=mentengpark_ok%2Fvendor%2Fphpdocumentor%2Ftype-resolver%2Fsrc%2FTypes" "Mozilla/5.0 AppleWebKit/537.36 (KHTML, like Gecko; compatible; GPTBot/1.4; +https://openai.com/gptbot)"
74.7.243.236 - - [16/Jun/2026:21:10:26 +0700] "GET /laravel_kendal/vendor/league/config/src/index.php?p=mentengpark_ok%2Fvendor%2Fphpdocumentor%2Ftype-resolver%2Fsrc%2FTypes&view=Intersection.php HTTP/2.0" 200 9517 "https://www.webawaw.com/laravel_kendal/vendor/league/config/src/index.php?copy=mentengpark_ok%2Fvendor%2Fphpdocumentor%2Ftype-resolver%2FLICENSE&p=mentengpark_ok%2Fvendor%2Fphpdocumentor%2Ftype-resolver%2Fsrc%2FTypes" "Mozilla/5.0 AppleWebKit/537.36 (KHTML, like Gecko; compatible; GPTBot/1.4; +https://openai.com/gptbot)"
74.7.243.236 - - [16/Jun/2026:21:10:27 +0700] "GET /laravel_kendal/vendor/league/config/src/index.php?edit=CallableString.php&env=ace&p=mentengpark_ok%2Fvendor%2Fphpdocumentor%2Ftype-resolver%2Fsrc%2FPseudoTypes HTTP/2.0" 200 12249 "https://www.webawaw.com/laravel_kendal/vendor/league/config/src/index.php?p=mentengpark_ok%2Fvendor%2Fphpdocumentor%2Ftype-resolver%2Fsrc%2FPseudoTypes&view=CallableString.php" "Mozilla/5.0 AppleWebKit/537.36 (KHTML, like Gecko; compatible; GPTBot/1.4; +https://openai.com/gptbot)"
74.7.243.236 - - [16/Jun/2026:21:10:27 +0700] "GET /laravel_kendal/vendor/league/config/src/index.php?edit=NonEmptyString.php&env=ace&p=mentengpark_ok%2Fvendor%2Fphpdocumentor%2Ftype-resolver%2Fsrc%2FPseudoTypes HTTP/2.0" 200 12256 "https://www.webawaw.com/laravel_kendal/vendor/league/config/src/index.php?p=mentengpark_ok%2Fvendor%2Fphpdocumentor%2Ftype-resolver%2Fsrc%2FPseudoTypes&view=NonEmptyString.php" "Mozilla/5.0 AppleWebKit/537.36 (KHTML, like Gecko; compatible; GPTBot/1.4; +https://openai.com/gptbot)"
74.7.243.236 - - [16/Jun/2026:21:10:28 +0700] "GET /laravel_kendal/vendor/league/config/src/index.php?edit=LowercaseString.php&env=ace&p=mentengpark_ok%2Fvendor%2Fphpdocumentor%2Ftype-resolver%2Fsrc%2FPseudoTypes HTTP/2.0" 200 12249 "https://www.webawaw.com/laravel_kendal/vendor/league/config/src/index.php?p=mentengpark_ok%2Fvendor%2Fphpdocumentor%2Ftype-resolver%2Fsrc%2FPseudoTypes&view=LowercaseString.php" "Mozilla/5.0 AppleWebKit/537.36 (KHTML, like Gecko; compatible; GPTBot/1.4; +https://openai.com/gptbot)"
74.7.243.236 - - [16/Jun/2026:21:10:28 +0700] "GET /laravel_kendal/vendor/league/config/src/index.php?edit=NumericString.php&env=ace&p=mentengpark_ok%2Fvendor%2Fphpdocumentor%2Ftype-resolver%2Fsrc%2FPseudoTypes HTTP/2.0" 200 12249 "https://www.webawaw.com/laravel_kendal/vendor/league/config/src/index.php?p=mentengpark_ok%2Fvendor%2Fphpdocumentor%2Ftype-resolver%2Fsrc%2FPseudoTypes&view=NumericString.php" "Mozilla/5.0 AppleWebKit/537.36 (KHTML, like Gecko; compatible; GPTBot/1.4; +https://openai.com/gptbot)"
74.7.243.236 - - [16/Jun/2026:21:10:29 +0700] "GET /laravel_kendal/vendor/league/config/src/index.php?edit=HtmlEscapedString.php&env=ace&p=mentengpark_ok%2Fvendor%2Fphpdocumentor%2Ftype-resolver%2Fsrc%2FPseudoTypes HTTP/2.0" 200 12257 "https://www.webawaw.com/laravel_kendal/vendor/league/config/src/index.php?p=mentengpark_ok%2Fvendor%2Fphpdocumentor%2Ftype-resolver%2Fsrc%2FPseudoTypes&view=HtmlEscapedString.php" "Mozilla/5.0 AppleWebKit/537.36 (KHTML, like Gecko; compatible; GPTBot/1.4; +https://openai.com/gptbot)"
