74.7.243.236 - - [16/Jun/2026:21:10:29 +0700] "GET /laravel_kendal/vendor/league/config/src/index.php?edit=LiteralString.php&env=ace&p=mentengpark_ok%2Fvendor%2Fphpdocumentor%2Ftype-resolver%2Fsrc%2FPseudoTypes HTTP/2.0" 200 12250 "https://www.webawaw.com/laravel_kendal/vendor/league/config/src/index.php?p=mentengpark_ok%2Fvendor%2Fphpdocumentor%2Ftype-resolver%2Fsrc%2FPseudoTypes&view=LiteralString.php" "Mozilla/5.0 AppleWebKit/537.36 (KHTML, like Gecko; compatible; GPTBot/1.4; +https://openai.com/gptbot)"
74.7.243.236 - - [16/Jun/2026:21:10:30 +0700] "GET /laravel_kendal/vendor/league/config/src/index.php?copy=mentengpark_ok%2Fvendor%2Fphpdocumentor%2Ftype-resolver%2Fsrc%2FPseudoTypes&p= HTTP/2.0" 200 8842 "https://www.webawaw.com/laravel_kendal/vendor/league/config/src/index.php?p=mentengpark_ok/vendor/phpdocumentor/type-resolver/src" "Mozilla/5.0 AppleWebKit/537.36 (KHTML, like Gecko; compatible; GPTBot/1.4; +https://openai.com/gptbot)"
74.7.243.236 - - [16/Jun/2026:21:10:30 +0700] "GET /laravel_kendal/vendor/league/config/src/index.php?del=PositiveInteger.php&p=mentengpark_ok%2Fvendor%2Fphpdocumentor%2Ftype-resolver%2Fsrc%2FPseudoTypes HTTP/2.0" 200 11199 "https://www.webawaw.com/laravel_kendal/vendor/league/config/src/index.php?copy=mentengpark_ok%2Fvendor%2Fphpdocumentor%2Ftype-resolver%2FLICENSE&p=mentengpark_ok%2Fvendor%2Fphpdocumentor%2Ftype-resolver%2Fsrc%2FPseudoTypes" "Mozilla/5.0 AppleWebKit/537.36 (KHTML, like Gecko; compatible; GPTBot/1.4; +https://openai.com/gptbot)"
74.7.243.236 - - [16/Jun/2026:21:10:31 +0700] "GET /laravel_kendal/vendor/league/config/src/index.php?p=mentengpark_ok/vendor/phpdocumentor/type-resolver/src/Types HTTP/2.0" 200 12400 "https://www.webawaw.com/laravel_kendal/vendor/league/config/src/index.php?p=mentengpark_ok%2Fvendor%2Fphpdocumentor%2Ftype-resolver%2Fsrc%2FTypes&upload" "Mozilla/5.0 AppleWebKit/537.36 (KHTML, like Gecko; compatible; GPTBot/1.4; +https://openai.com/gptbot)"
185.191.171.13 - - [16/Jun/2026:21:10:31 +0700] "GET /mentengpark/vendor/nesbot/carbon/src/Carbon/Lang/ca.php HTTP/1.1" 404 - "-" "Mozilla/5.0 (compatible; SemrushBot/7~bl; +http://www.semrush.com/bot.html)"
74.7.243.236 - - [16/Jun/2026:21:10:31 +0700] "GET /laravel_kendal/vendor/league/config/src/index.php?del=IntegerRange.php&p=mentengpark_ok%2Fvendor%2Fphpdocumentor%2Ftype-resolver%2Fsrc%2FPseudoTypes HTTP/2.0" 200 11199 "https://www.webawaw.com/laravel_kendal/vendor/league/config/src/index.php?copy=mentengpark_ok%2Fvendor%2Fphpdocumentor%2Ftype-resolver%2FLICENSE&p=mentengpark_ok%2Fvendor%2Fphpdocumentor%2Ftype-resolver%2Fsrc%2FPseudoTypes" "Mozilla/5.0 AppleWebKit/537.36 (KHTML, like Gecko; compatible; GPTBot/1.4; +https://openai.com/gptbot)"
74.7.243.236 - - [16/Jun/2026:21:10:32 +0700] "GET /laravel_kendal/vendor/league/config/src/index.php?edit=Intersection.php&env=ace&p=mentengpark_ok%2Fvendor%2Fphpdocumentor%2Ftype-resolver%2Fsrc%2FTypes HTTP/2.0" 200 12385 "https://www.webawaw.com/laravel_kendal/vendor/league/config/src/index.php?p=mentengpark_ok%2Fvendor%2Fphpdocumentor%2Ftype-resolver%2Fsrc%2FTypes&view=Intersection.php" "Mozilla/5.0 AppleWebKit/537.36 (KHTML, like Gecko; compatible; GPTBot/1.4; +https://openai.com/gptbot)"
74.7.243.236 - - [16/Jun/2026:21:10:32 +0700] "GET /laravel_kendal/vendor/league/config/src/index.php?del=NegativeInteger.php&p=mentengpark_ok%2Fvendor%2Fphpdocumentor%2Ftype-resolver%2Fsrc%2FPseudoTypes HTTP/2.0" 200 11199 "https://www.webawaw.com/laravel_kendal/vendor/league/config/src/index.php?copy=mentengpark_ok%2Fvendor%2Fphpdocumentor%2Ftype-resolver%2FLICENSE&p=mentengpark_ok%2Fvendor%2Fphpdocumentor%2Ftype-resolver%2Fsrc%2FPseudoTypes" "Mozilla/5.0 AppleWebKit/537.36 (KHTML, like Gecko; compatible; GPTBot/1.4; +https://openai.com/gptbot)"
74.7.243.236 - - [16/Jun/2026:21:10:33 +0700] "GET /laravel_kendal/vendor/league/config/src/index.php?p=mentengpark_ok%2Fvendor%2Fphpdocumentor%2Ftype-resolver%2Fsrc%2FPseudoTypes&view=Numeric_.php HTTP/2.0" 200 9487 "https://www.webawaw.com/laravel_kendal/vendor/league/config/src/index.php?copy=mentengpark_ok%2Fvendor%2Fphpdocumentor%2Ftype-resolver%2FLICENSE&p=mentengpark_ok%2Fvendor%2Fphpdocumentor%2Ftype-resolver%2Fsrc%2FPseudoTypes" "Mozilla/5.0 AppleWebKit/537.36 (KHTML, like Gecko; compatible; GPTBot/1.4; +https://openai.com/gptbot)"
74.7.243.236 - - [16/Jun/2026:21:10:33 +0700] "GET /laravel_kendal/vendor/league/config/src/index.php?dl=error_log&p=mentengpark_ok%2Fvendor%2Fphpdocumentor%2Ftype-resolver%2Fsrc HTTP/2.0" 200 10352 "https://www.webawaw.com/laravel_kendal/vendor/league/config/src/index.php?p=mentengpark_ok/vendor/phpdocumentor/type-resolver/src" "Mozilla/5.0 AppleWebKit/537.36 (KHTML, like Gecko; compatible; GPTBot/1.4; +https://openai.com/gptbot)"
74.7.243.236 - - [16/Jun/2026:21:10:34 +0700] "GET /laravel_kendal/vendor/league/config/src/index.php?edit=NegativeInteger.php&env=ace&p=mentengpark_ok%2Fvendor%2Fphpdocumentor%2Ftype-resolver%2Fsrc%2FPseudoTypes HTTP/2.0" 200 12257 "https://www.webawaw.com/laravel_kendal/vendor/league/config/src/index.php?p=mentengpark_ok%2Fvendor%2Fphpdocumentor%2Ftype-resolver%2Fsrc%2FPseudoTypes&view=NegativeInteger.php" "Mozilla/5.0 AppleWebKit/537.36 (KHTML, like Gecko; compatible; GPTBot/1.4; +https://openai.com/gptbot)"
74.7.243.236 - - [16/Jun/2026:21:10:34 +0700] "GET /laravel_kendal/vendor/league/config/src/index.php?p=mentengpark_ok%2Fvendor%2Fphpdocumentor%2Ftype-resolver%2Fsrc&view=PseudoType.php HTTP/2.0" 200 9201 "https://www.webawaw.com/laravel_kendal/vendor/league/config/src/index.php?p=mentengpark_ok/vendor/phpdocumentor/type-resolver/src" "Mozilla/5.0 AppleWebKit/537.36 (KHTML, like Gecko; compatible; GPTBot/1.4; +https://openai.com/gptbot)"
74.7.243.236 - - [16/Jun/2026:21:10:35 +0700] "GET /laravel_kendal/vendor/league/config/src/index.php?edit=error_log&p=mentengpark_ok%2Fvendor%2Fphpdocumentor%2Ftype-resolver%2Fsrc HTTP/2.0" 200 10387 "https://www.webawaw.com/laravel_kendal/vendor/league/config/src/index.php?p=mentengpark_ok%2Fvendor%2Fphpdocumentor%2Ftype-resolver%2Fsrc&view=error_log" "Mozilla/5.0 AppleWebKit/537.36 (KHTML, like Gecko; compatible; GPTBot/1.4; +https://openai.com/gptbot)"
74.7.243.236 - - [16/Jun/2026:21:10:36 +0700] "GET /laravel_kendal/vendor/league/config/src/index.php?copy=mentengpark_ok%2Fvendor%2Fphpdocumentor%2Ftype-resolver%2Fsrc%2FPseudoTypes&finish=1&move=1&p= HTTP/2.0" 302 1 "https://www.webawaw.com/laravel_kendal/vendor/league/config/src/index.php?copy=mentengpark_ok%2Fvendor%2Fphpdocumentor%2Ftype-resolver%2Fsrc%2FPseudoTypes&p=" "Mozilla/5.0 AppleWebKit/537.36 (KHTML, like Gecko; compatible; GPTBot/1.4; +https://openai.com/gptbot)"
74.7.243.236 - - [16/Jun/2026:21:10:36 +0700] "GET /laravel_kendal/vendor/league/config/src/index.php?p= HTTP/2.0" 200 11674 "https://www.webawaw.com/laravel_kendal/vendor/league/config/src/index.php?copy=mentengpark_ok%2Fvendor%2Fphpdocumentor%2Ftype-resolver%2Fsrc%2FPseudoTypes&finish=1&move=1&p=" "Mozilla/5.0 AppleWebKit/537.36 (KHTML, like Gecko; compatible; GPTBot/1.4; +https://openai.com/gptbot)"
74.7.243.236 - - [16/Jun/2026:21:10:36 +0700] "GET /laravel_kendal/vendor/league/config/src/index.php?copy=mentengpark_ok%2Fvendor%2Fphpdocumentor%2Ftype-resolver%2Fsrc%2FPseudoTypes&finish=1&p= HTTP/2.0" 302 1 "https://www.webawaw.com/laravel_kendal/vendor/league/config/src/index.php?copy=mentengpark_ok%2Fvendor%2Fphpdocumentor%2Ftype-resolver%2Fsrc%2FPseudoTypes&p=" "Mozilla/5.0 AppleWebKit/537.36 (KHTML, like Gecko; compatible; GPTBot/1.4; +https://openai.com/gptbot)"
74.7.243.236 - - [16/Jun/2026:21:10:37 +0700] "GET /laravel_kendal/vendor/league/config/src/index.php?p= HTTP/2.0" 200 11683 "https://www.webawaw.com/laravel_kendal/vendor/league/config/src/index.php?copy=mentengpark_ok%2Fvendor%2Fphpdocumentor%2Ftype-resolver%2Fsrc%2FPseudoTypes&finish=1&p=" "Mozilla/5.0 AppleWebKit/537.36 (KHTML, like Gecko; compatible; GPTBot/1.4; +https://openai.com/gptbot)"
74.7.243.236 - - [16/Jun/2026:21:10:37 +0700] "GET /laravel_kendal/vendor/league/config/src/index.php?copy=mentengpark_ok%2Fvendor%2Fphpdocumentor%2Ftype-resolver%2Fsrc%2FPseudoTypes&p=mentengpark.webawaw.com HTTP/2.0" 302 1 "https://www.webawaw.com/laravel_kendal/vendor/league/config/src/index.php?copy=mentengpark_ok%2Fvendor%2Fphpdocumentor%2Ftype-resolver%2Fsrc%2FPseudoTypes&p=" "Mozilla/5.0 AppleWebKit/537.36 (KHTML, like Gecko; compatible; GPTBot/1.4; +https://openai.com/gptbot)"
74.7.243.236 - - [16/Jun/2026:21:10:37 +0700] "GET /laravel_kendal/vendor/league/config/src/index.php?p=mentengpark.webawaw.com HTTP/2.0" 200 9678 "https://www.webawaw.com/laravel_kendal/vendor/league/config/src/index.php?copy=mentengpark_ok%2Fvendor%2Fphpdocumentor%2Ftype-resolver%2Fsrc%2FPseudoTypes&p=mentengpark.webawaw.com" "Mozilla/5.0 AppleWebKit/537.36 (KHTML, like Gecko; compatible; GPTBot/1.4; +https://openai.com/gptbot)"
74.7.243.236 - - [16/Jun/2026:21:10:38 +0700] "GET /laravel_kendal/vendor/league/config/src/index.php?copy=mentengpark_ok%2Fvendor%2Fphpdocumentor%2Ftype-resolver%2Fsrc%2FPseudoTypes&p=Iterator HTTP/2.0" 302 1 "https://www.webawaw.com/laravel_kendal/vendor/league/config/src/index.php?copy=mentengpark_ok%2Fvendor%2Fphpdocumentor%2Ftype-resolver%2Fsrc%2FPseudoTypes&p=" "Mozilla/5.0 AppleWebKit/537.36 (KHTML, like Gecko; compatible; GPTBot/1.4; +https://openai.com/gptbot)"
74.7.243.236 - - [16/Jun/2026:21:10:38 +0700] "GET /laravel_kendal/vendor/league/config/src/index.php?p=Iterator HTTP/2.0" 200 11129 "https://www.webawaw.com/laravel_kendal/vendor/league/config/src/index.php?copy=mentengpark_ok%2Fvendor%2Fphpdocumentor%2Ftype-resolver%2Fsrc%2FPseudoTypes&p=Iterator" "Mozilla/5.0 AppleWebKit/537.36 (KHTML, like Gecko; compatible; GPTBot/1.4; +https://openai.com/gptbot)"
74.7.243.236 - - [16/Jun/2026:21:10:38 +0700] "GET /laravel_kendal/vendor/league/config/src/index.php?copy=mentengpark_ok%2Fvendor%2Fphpdocumentor%2Ftype-resolver%2Fsrc%2FPseudoTypes&p=.well-known HTTP/2.0" 302 1 "https://www.webawaw.com/laravel_kendal/vendor/league/config/src/index.php?copy=mentengpark_ok%2Fvendor%2Fphpdocumentor%2Ftype-resolver%2Fsrc%2FPseudoTypes&p=" "Mozilla/5.0 AppleWebKit/537.36 (KHTML, like Gecko; compatible; GPTBot/1.4; +https://openai.com/gptbot)"
74.7.243.236 - - [16/Jun/2026:21:10:39 +0700] "GET /laravel_kendal/vendor/league/config/src/index.php?p=.well-known HTTP/2.0" 200 9576 "https://www.webawaw.com/laravel_kendal/vendor/league/config/src/index.php?copy=mentengpark_ok%2Fvendor%2Fphpdocumentor%2Ftype-resolver%2Fsrc%2FPseudoTypes&p=.well-known" "Mozilla/5.0 AppleWebKit/537.36 (KHTML, like Gecko; compatible; GPTBot/1.4; +https://openai.com/gptbot)"
74.7.243.236 - - [16/Jun/2026:21:10:39 +0700] "GET /laravel_kendal/vendor/league/config/src/index.php?copy=mentengpark_ok%2Fvendor%2Fphpdocumentor%2Ftype-resolver%2Fsrc%2FPseudoTypes&p=kik.kendal HTTP/2.0" 302 1 "https://www.webawaw.com/laravel_kendal/vendor/league/config/src/index.php?copy=mentengpark_ok%2Fvendor%2Fphpdocumentor%2Ftype-resolver%2Fsrc%2FPseudoTypes&p=" "Mozilla/5.0 AppleWebKit/537.36 (KHTML, like Gecko; compatible; GPTBot/1.4; +https://openai.com/gptbot)"
74.7.243.236 - - [16/Jun/2026:21:10:39 +0700] "GET /laravel_kendal/vendor/league/config/src/index.php?p=kik.kendal HTTP/2.0" 200 9570 "https://www.webawaw.com/laravel_kendal/vendor/league/config/src/index.php?copy=mentengpark_ok%2Fvendor%2Fphpdocumentor%2Ftype-resolver%2Fsrc%2FPseudoTypes&p=kik.kendal" "Mozilla/5.0 AppleWebKit/537.36 (KHTML, like Gecko; compatible; GPTBot/1.4; +https://openai.com/gptbot)"
74.7.243.236 - - [16/Jun/2026:21:10:40 +0700] "GET /laravel_kendal/vendor/league/config/src/index.php?copy=mentengpark_ok%2Fvendor%2Fphpdocumentor%2Ftype-resolver%2Fsrc%2FPseudoTypes&p=pindah HTTP/2.0" 302 1 "https://www.webawaw.com/laravel_kendal/vendor/league/config/src/index.php?copy=mentengpark_ok%2Fvendor%2Fphpdocumentor%2Ftype-resolver%2Fsrc%2FPseudoTypes&p=" "Mozilla/5.0 AppleWebKit/537.36 (KHTML, like Gecko; compatible; GPTBot/1.4; +https://openai.com/gptbot)"
74.7.243.236 - - [16/Jun/2026:21:10:40 +0700] "GET /laravel_kendal/vendor/league/config/src/index.php?p=pindah HTTP/2.0" 200 11415 "https://www.webawaw.com/laravel_kendal/vendor/league/config/src/index.php?copy=mentengpark_ok%2Fvendor%2Fphpdocumentor%2Ftype-resolver%2Fsrc%2FPseudoTypes&p=pindah" "Mozilla/5.0 AppleWebKit/537.36 (KHTML, like Gecko; compatible; GPTBot/1.4; +https://openai.com/gptbot)"
74.7.243.236 - - [16/Jun/2026:21:10:41 +0700] "GET /laravel_kendal/vendor/league/config/src/index.php?copy=mentengpark_ok%2Fvendor%2Fphpdocumentor%2Ftype-resolver%2Fsrc%2FPseudoTypes&p=rwtest HTTP/2.0" 302 1 "https://www.webawaw.com/laravel_kendal/vendor/league/config/src/index.php?copy=mentengpark_ok%2Fvendor%2Fphpdocumentor%2Ftype-resolver%2Fsrc%2FPseudoTypes&p=" "Mozilla/5.0 AppleWebKit/537.36 (KHTML, like Gecko; compatible; GPTBot/1.4; +https://openai.com/gptbot)"
74.7.243.236 - - [16/Jun/2026:21:10:41 +0700] "GET /laravel_kendal/vendor/league/config/src/index.php?p=rwtest HTTP/2.0" 200 9664 "https://www.webawaw.com/laravel_kendal/vendor/league/config/src/index.php?copy=mentengpark_ok%2Fvendor%2Fphpdocumentor%2Ftype-resolver%2Fsrc%2FPseudoTypes&p=rwtest" "Mozilla/5.0 AppleWebKit/537.36 (KHTML, like Gecko; compatible; GPTBot/1.4; +https://openai.com/gptbot)"
74.7.243.236 - - [16/Jun/2026:21:10:41 +0700] "GET /laravel_kendal/vendor/league/config/src/index.php?copy=mentengpark_ok%2Fvendor%2Fphpdocumentor%2Ftype-resolver%2Fsrc%2FPseudoTypes&p=Caster HTTP/2.0" 302 1 "https://www.webawaw.com/laravel_kendal/vendor/league/config/src/index.php?copy=mentengpark_ok%2Fvendor%2Fphpdocumentor%2Ftype-resolver%2Fsrc%2FPseudoTypes&p=" "Mozilla/5.0 AppleWebKit/537.36 (KHTML, like Gecko; compatible; GPTBot/1.4; +https://openai.com/gptbot)"
74.7.243.236 - - [16/Jun/2026:21:10:42 +0700] "GET /laravel_kendal/vendor/league/config/src/index.php?p=Caster HTTP/2.0" 200 13050 "https://www.webawaw.com/laravel_kendal/vendor/league/config/src/index.php?copy=mentengpark_ok%2Fvendor%2Fphpdocumentor%2Ftype-resolver%2Fsrc%2FPseudoTypes&p=Caster" "Mozilla/5.0 AppleWebKit/537.36 (KHTML, like Gecko; compatible; GPTBot/1.4; +https://openai.com/gptbot)"
74.7.243.236 - - [16/Jun/2026:21:10:42 +0700] "GET /laravel_kendal/vendor/league/config/src/index.php?copy=mentengpark_ok%2Fvendor%2Fphpdocumentor%2Ftype-resolver%2Fsrc%2FPseudoTypes&p=filp HTTP/2.0" 302 1 "https://www.webawaw.com/laravel_kendal/vendor/league/config/src/index.php?copy=mentengpark_ok%2Fvendor%2Fphpdocumentor%2Ftype-resolver%2Fsrc%2FPseudoTypes&p=" "Mozilla/5.0 AppleWebKit/537.36 (KHTML, like Gecko; compatible; GPTBot/1.4; +https://openai.com/gptbot)"
74.7.243.236 - - [16/Jun/2026:21:10:42 +0700] "GET /laravel_kendal/vendor/league/config/src/index.php?p=filp HTTP/2.0" 200 9562 "https://www.webawaw.com/laravel_kendal/vendor/league/config/src/index.php?copy=mentengpark_ok%2Fvendor%2Fphpdocumentor%2Ftype-resolver%2Fsrc%2FPseudoTypes&p=filp" "Mozilla/5.0 AppleWebKit/537.36 (KHTML, like Gecko; compatible; GPTBot/1.4; +https://openai.com/gptbot)"
74.7.243.236 - - [16/Jun/2026:21:10:43 +0700] "GET /laravel_kendal/vendor/league/config/src/index.php?copy=mentengpark_ok%2Fvendor%2Fphpdocumentor%2Ftype-resolver%2Fsrc%2FPseudoTypes&p=klinikmentengprime HTTP/2.0" 302 1 "https://www.webawaw.com/laravel_kendal/vendor/league/config/src/index.php?copy=mentengpark_ok%2Fvendor%2Fphpdocumentor%2Ftype-resolver%2Fsrc%2FPseudoTypes&p=" "Mozilla/5.0 AppleWebKit/537.36 (KHTML, like Gecko; compatible; GPTBot/1.4; +https://openai.com/gptbot)"
74.7.243.236 - - [16/Jun/2026:21:10:43 +0700] "GET /laravel_kendal/vendor/league/config/src/index.php?p=klinikmentengprime HTTP/2.0" 200 9685 "https://www.webawaw.com/laravel_kendal/vendor/league/config/src/index.php?copy=mentengpark_ok%2Fvendor%2Fphpdocumentor%2Ftype-resolver%2Fsrc%2FPseudoTypes&p=klinikmentengprime" "Mozilla/5.0 AppleWebKit/537.36 (KHTML, like Gecko; compatible; GPTBot/1.4; +https://openai.com/gptbot)"
74.7.243.236 - - [16/Jun/2026:21:10:44 +0700] "GET /laravel_kendal_20260615.zip HTTP/2.0" 200 15831559 "https://www.webawaw.com/laravel_kendal/vendor/league/config/src/index.php?copy=mentengpark_ok%2Fvendor%2Fphpdocumentor%2Ftype-resolver%2Fsrc%2FPseudoTypes&finish=1&move=1&p=" "Mozilla/5.0 AppleWebKit/537.36 (KHTML, like Gecko; compatible; GPTBot/1.4; +https://openai.com/gptbot)"
74.7.243.236 - - [16/Jun/2026:21:11:14 +0700] "GET /PseudoTypes/ HTTP/2.0" 200 536 "https://www.webawaw.com/laravel_kendal/vendor/league/config/src/index.php?copy=mentengpark_ok%2Fvendor%2Fphpdocumentor%2Ftype-resolver%2Fsrc%2FPseudoTypes&finish=1&move=1&p=" "Mozilla/5.0 AppleWebKit/537.36 (KHTML, like Gecko; compatible; GPTBot/1.4; +https://openai.com/gptbot)"
74.7.243.236 - - [16/Jun/2026:21:11:15 +0700] "GET /laravel_kendal/vendor/league/config/src/index.php?p=PseudoTypes HTTP/2.0" 200 11058 "https://www.webawaw.com/laravel_kendal/vendor/league/config/src/index.php?copy=mentengpark_ok%2Fvendor%2Fphpdocumentor%2Ftype-resolver%2Fsrc%2FPseudoTypes&finish=1&move=1&p=" "Mozilla/5.0 AppleWebKit/537.36 (KHTML, like Gecko; compatible; GPTBot/1.4; +https://openai.com/gptbot)"
74.7.243.236 - - [16/Jun/2026:21:11:17 +0700] "GET /laravel_kendal/vendor/league/config/src/index.php?dl=ExcludeDirectoryFilterIterator.php&p=Iterator HTTP/2.0" 200 11107 "https://www.webawaw.com/laravel_kendal/vendor/league/config/src/index.php?copy=mentengpark_ok%2Fvendor%2Fphpdocumentor%2Ftype-resolver%2Fsrc%2FPseudoTypes&p=Iterator" "Mozilla/5.0 AppleWebKit/537.36 (KHTML, like Gecko; compatible; GPTBot/1.4; +https://openai.com/gptbot)"
74.7.243.236 - - [16/Jun/2026:21:11:18 +0700] "GET /laravel_kendal/vendor/league/config/src/index.php?dl=error_log&p=Iterator HTTP/2.0" 200 11107 "https://www.webawaw.com/laravel_kendal/vendor/league/config/src/index.php?copy=mentengpark_ok%2Fvendor%2Fphpdocumentor%2Ftype-resolver%2Fsrc%2FPseudoTypes&p=Iterator" "Mozilla/5.0 AppleWebKit/537.36 (KHTML, like Gecko; compatible; GPTBot/1.4; +https://openai.com/gptbot)"
74.7.243.236 - - [16/Jun/2026:21:11:19 +0700] "GET /Iterator/error_log HTTP/2.0" 404 - "https://www.webawaw.com/laravel_kendal/vendor/league/config/src/index.php?copy=mentengpark_ok%2Fvendor%2Fphpdocumentor%2Ftype-resolver%2Fsrc%2FPseudoTypes&p=Iterator" "Mozilla/5.0 AppleWebKit/537.36 (KHTML, like Gecko; compatible; GPTBot/1.4; +https://openai.com/gptbot)"
74.7.243.236 - - [16/Jun/2026:21:11:20 +0700] "GET /pindah/.well-known/ HTTP/2.0" 404 - "https://www.webawaw.com/laravel_kendal/vendor/league/config/src/index.php?copy=mentengpark_ok%2Fvendor%2Fphpdocumentor%2Ftype-resolver%2Fsrc%2FPseudoTypes&p=pindah" "Mozilla/5.0 AppleWebKit/537.36 (KHTML, like Gecko; compatible; GPTBot/1.4; +https://openai.com/gptbot)"
74.7.243.236 - - [16/Jun/2026:21:11:21 +0700] "GET /pindah/about_image/ HTTP/2.0" 404 - "https://www.webawaw.com/laravel_kendal/vendor/league/config/src/index.php?copy=mentengpark_ok%2Fvendor%2Fphpdocumentor%2Ftype-resolver%2Fsrc%2FPseudoTypes&p=pindah" "Mozilla/5.0 AppleWebKit/537.36 (KHTML, like Gecko; compatible; GPTBot/1.4; +https://openai.com/gptbot)"
74.7.243.236 - - [16/Jun/2026:21:11:22 +0700] "GET /laravel_kendal/vendor/league/config/src/index.php?copy=Caster%2FStubCaster.php&p=Caster HTTP/2.0" 200 8643 "https://www.webawaw.com/laravel_kendal/vendor/league/config/src/index.php?copy=mentengpark_ok%2Fvendor%2Fphpdocumentor%2Ftype-resolver%2Fsrc%2FPseudoTypes&p=Caster" "Mozilla/5.0 AppleWebKit/537.36 (KHTML, like Gecko; compatible; GPTBot/1.4; +https://openai.com/gptbot)"
74.7.243.236 - - [16/Jun/2026:21:11:23 +0700] "GET /pindah/client_say/ HTTP/2.0" 404 - "https://www.webawaw.com/laravel_kendal/vendor/league/config/src/index.php?copy=mentengpark_ok%2Fvendor%2Fphpdocumentor%2Ftype-resolver%2Fsrc%2FPseudoTypes&p=pindah" "Mozilla/5.0 AppleWebKit/537.36 (KHTML, like Gecko; compatible; GPTBot/1.4; +https://openai.com/gptbot)"
74.7.243.236 - - [16/Jun/2026:21:11:24 +0700] "GET /pindah/home_image/ HTTP/2.0" 404 - "https://www.webawaw.com/laravel_kendal/vendor/league/config/src/index.php?copy=mentengpark_ok%2Fvendor%2Fphpdocumentor%2Ftype-resolver%2Fsrc%2FPseudoTypes&p=pindah" "Mozilla/5.0 AppleWebKit/537.36 (KHTML, like Gecko; compatible; GPTBot/1.4; +https://openai.com/gptbot)"
74.7.243.236 - - [16/Jun/2026:21:11:25 +0700] "GET /pindah/index_def.php HTTP/2.0" 200 2563 "https://www.webawaw.com/laravel_kendal/vendor/league/config/src/index.php?copy=mentengpark_ok%2Fvendor%2Fphpdocumentor%2Ftype-resolver%2Fsrc%2FPseudoTypes&p=pindah" "Mozilla/5.0 AppleWebKit/537.36 (KHTML, like Gecko; compatible; GPTBot/1.4; +https://openai.com/gptbot)"
74.7.243.236 - - [16/Jun/2026:21:11:26 +0700] "GET /PseudoTypes/IntegerRange.php HTTP/2.0" 500 1 "https://www.webawaw.com/PseudoTypes/" "Mozilla/5.0 AppleWebKit/537.36 (KHTML, like Gecko; compatible; GPTBot/1.4; +https://openai.com/gptbot)"
74.7.243.236 - - [16/Jun/2026:21:11:27 +0700] "GET / HTTP/2.0" 200 650 "https://www.webawaw.com/PseudoTypes/" "Mozilla/5.0 AppleWebKit/537.36 (KHTML, like Gecko; compatible; GPTBot/1.4; +https://openai.com/gptbot)"
74.7.243.236 - - [16/Jun/2026:21:11:30 +0700] "GET /pindah/category_image/ HTTP/2.0" 404 - "https://www.webawaw.com/laravel_kendal/vendor/league/config/src/index.php?copy=mentengpark_ok%2Fvendor%2Fphpdocumentor%2Ftype-resolver%2Fsrc%2FPseudoTypes&p=pindah" "Mozilla/5.0 AppleWebKit/537.36 (KHTML, like Gecko; compatible; GPTBot/1.4; +https://openai.com/gptbot)"
74.7.243.236 - - [16/Jun/2026:21:11:32 +0700] "GET /pindah/robots.txt HTTP/2.0" 200 30 "https://www.webawaw.com/laravel_kendal/vendor/league/config/src/index.php?copy=mentengpark_ok%2Fvendor%2Fphpdocumentor%2Ftype-resolver%2Fsrc%2FPseudoTypes&p=pindah" "Mozilla/5.0 AppleWebKit/537.36 (KHTML, like Gecko; compatible; GPTBot/1.4; +https://openai.com/gptbot)"
74.7.243.236 - - [16/Jun/2026:21:11:34 +0700] "GET /pindah/web.config HTTP/2.0" 200 404 "https://www.webawaw.com/laravel_kendal/vendor/league/config/src/index.php?copy=mentengpark_ok%2Fvendor%2Fphpdocumentor%2Ftype-resolver%2Fsrc%2FPseudoTypes&p=pindah" "Mozilla/5.0 AppleWebKit/537.36 (KHTML, like Gecko; compatible; GPTBot/1.4; +https://openai.com/gptbot)"
74.7.243.236 - - [16/Jun/2026:21:11:36 +0700] "GET /pindah/cgi-bin/ HTTP/2.0" 404 - "https://www.webawaw.com/laravel_kendal/vendor/league/config/src/index.php?copy=mentengpark_ok%2Fvendor%2Fphpdocumentor%2Ftype-resolver%2Fsrc%2FPseudoTypes&p=pindah" "Mozilla/5.0 AppleWebKit/537.36 (KHTML, like Gecko; compatible; GPTBot/1.4; +https://openai.com/gptbot)"
74.7.243.236 - - [16/Jun/2026:21:11:38 +0700] "GET /pindah/error_log HTTP/2.0" 404 - "https://www.webawaw.com/laravel_kendal/vendor/league/config/src/index.php?copy=mentengpark_ok%2Fvendor%2Fphpdocumentor%2Ftype-resolver%2Fsrc%2FPseudoTypes&p=pindah" "Mozilla/5.0 AppleWebKit/537.36 (KHTML, like Gecko; compatible; GPTBot/1.4; +https://openai.com/gptbot)"
74.7.243.236 - - [16/Jun/2026:21:11:40 +0700] "GET /pindah/.htaccess HTTP/2.0" 404 - "https://www.webawaw.com/laravel_kendal/vendor/league/config/src/index.php?copy=mentengpark_ok%2Fvendor%2Fphpdocumentor%2Ftype-resolver%2Fsrc%2FPseudoTypes&p=pindah" "Mozilla/5.0 AppleWebKit/537.36 (KHTML, like Gecko; compatible; GPTBot/1.4; +https://openai.com/gptbot)"
74.7.243.236 - - [16/Jun/2026:21:11:42 +0700] "GET /pindah/destinations_image/ HTTP/2.0" 404 - "https://www.webawaw.com/laravel_kendal/vendor/league/config/src/index.php?copy=mentengpark_ok%2Fvendor%2Fphpdocumentor%2Ftype-resolver%2Fsrc%2FPseudoTypes&p=pindah" "Mozilla/5.0 AppleWebKit/537.36 (KHTML, like Gecko; compatible; GPTBot/1.4; +https://openai.com/gptbot)"
74.7.243.236 - - [16/Jun/2026:21:11:43 +0700] "GET /pindah/favicon.ico HTTP/2.0" 200 1 "https://www.webawaw.com/laravel_kendal/vendor/league/config/src/index.php?copy=mentengpark_ok%2Fvendor%2Fphpdocumentor%2Ftype-resolver%2Fsrc%2FPseudoTypes&p=pindah" "Mozilla/5.0 AppleWebKit/537.36 (KHTML, like Gecko; compatible; GPTBot/1.4; +https://openai.com/gptbot)"
74.7.243.236 - - [16/Jun/2026:21:11:45 +0700] "GET /pindah/js/ HTTP/2.0" 404 - "https://www.webawaw.com/laravel_kendal/vendor/league/config/src/index.php?copy=mentengpark_ok%2Fvendor%2Fphpdocumentor%2Ftype-resolver%2Fsrc%2FPseudoTypes&p=pindah" "Mozilla/5.0 AppleWebKit/537.36 (KHTML, like Gecko; compatible; GPTBot/1.4; +https://openai.com/gptbot)"
74.7.243.236 - - [16/Jun/2026:21:11:47 +0700] "GET /pindah/user/ HTTP/2.0" 404 - "https://www.webawaw.com/laravel_kendal/vendor/league/config/src/index.php?copy=mentengpark_ok%2Fvendor%2Fphpdocumentor%2Ftype-resolver%2Fsrc%2FPseudoTypes&p=pindah" "Mozilla/5.0 AppleWebKit/537.36 (KHTML, like Gecko; compatible; GPTBot/1.4; +https://openai.com/gptbot)"
74.7.243.236 - - [16/Jun/2026:21:11:48 +0700] "GET /?C=S;O=A HTTP/2.0" 200 649 "https://www.webawaw.com/" "Mozilla/5.0 AppleWebKit/537.36 (KHTML, like Gecko; compatible; GPTBot/1.4; +https://openai.com/gptbot)"
74.7.243.236 - - [16/Jun/2026:21:11:50 +0700] "GET /?C=N;O=D HTTP/2.0" 200 648 "https://www.webawaw.com/" "Mozilla/5.0 AppleWebKit/537.36 (KHTML, like Gecko; compatible; GPTBot/1.4; +https://openai.com/gptbot)"
74.7.243.236 - - [16/Jun/2026:21:11:52 +0700] "GET /?C=M;O=A HTTP/2.0" 200 653 "https://www.webawaw.com/" "Mozilla/5.0 AppleWebKit/537.36 (KHTML, like Gecko; compatible; GPTBot/1.4; +https://openai.com/gptbot)"
74.7.243.236 - - [16/Jun/2026:21:11:53 +0700] "GET /?C=D;O=A HTTP/2.0" 200 650 "https://www.webawaw.com/" "Mozilla/5.0 AppleWebKit/537.36 (KHTML, like Gecko; compatible; GPTBot/1.4; +https://openai.com/gptbot)"
74.7.243.236 - - [16/Jun/2026:21:11:54 +0700] "GET /PseudoTypes/HtmlEscapedString.php HTTP/2.0" 500 1 "https://www.webawaw.com/PseudoTypes/" "Mozilla/5.0 AppleWebKit/537.36 (KHTML, like Gecko; compatible; GPTBot/1.4; +https://openai.com/gptbot)"
74.7.243.236 - - [16/Jun/2026:21:11:55 +0700] "GET /PseudoTypes/List_.php HTTP/2.0" 500 1 "https://www.webawaw.com/PseudoTypes/" "Mozilla/5.0 AppleWebKit/537.36 (KHTML, like Gecko; compatible; GPTBot/1.4; +https://openai.com/gptbot)"
74.7.243.236 - - [16/Jun/2026:21:11:58 +0700] "GET /PseudoTypes/True_.php HTTP/2.0" 500 1 "https://www.webawaw.com/PseudoTypes/" "Mozilla/5.0 AppleWebKit/537.36 (KHTML, like Gecko; compatible; GPTBot/1.4; +https://openai.com/gptbot)"
74.7.243.236 - - [16/Jun/2026:21:12:08 +0700] "GET /PseudoTypes/LowercaseString.php HTTP/2.0" 500 1 "https://www.webawaw.com/PseudoTypes/" "Mozilla/5.0 AppleWebKit/537.36 (KHTML, like Gecko; compatible; GPTBot/1.4; +https://openai.com/gptbot)"
74.7.243.236 - - [16/Jun/2026:21:12:39 +0700] "GET /pindah/mix-manifest.json HTTP/2.0" 200 52 "https://www.webawaw.com/laravel_kendal/vendor/league/config/src/index.php?copy=mentengpark_ok%2Fvendor%2Fphpdocumentor%2Ftype-resolver%2Fsrc%2FPseudoTypes&p=pindah" "Mozilla/5.0 AppleWebKit/537.36 (KHTML, like Gecko; compatible; GPTBot/1.4; +https://openai.com/gptbot)"
74.7.243.236 - - [16/Jun/2026:21:13:41 +0700] "GET /PseudoTypes/NonEmptyString.php HTTP/2.0" 500 1 "https://www.webawaw.com/PseudoTypes/" "Mozilla/5.0 AppleWebKit/537.36 (KHTML, like Gecko; compatible; GPTBot/1.4; +https://openai.com/gptbot)"
185.191.171.13 - - [16/Jun/2026:21:13:44 +0700] "GET /mentengpark_ok/vendor/league/commonmark/src/Inline/Parser/InlineParserInterface.php HTTP/1.1" 200 - "-" "Mozilla/5.0 (compatible; SemrushBot/7~bl; +http://www.semrush.com/bot.html)"
85.208.96.209 - - [16/Jun/2026:21:13:47 +0700] "GET /laravel_kendal/vendor/filament/actions/resources/lang/cs/create.php HTTP/1.1" 200 - "-" "Mozilla/5.0 (compatible; SemrushBot/7~bl; +http://www.semrush.com/bot.html)"
185.191.171.4 - - [16/Jun/2026:21:13:49 +0700] "GET /mentengpark_ok/vendor/fakerphp/faker/src/Faker/Provider/he_IL/Payment.php HTTP/1.1" 500 - "-" "Mozilla/5.0 (compatible; SemrushBot/7~bl; +http://www.semrush.com/bot.html)"
85.208.96.202 - - [16/Jun/2026:21:13:57 +0700] "GET /laravel_kendal/vendor/phpoffice/phpspreadsheet/src/PhpSpreadsheet/Calculation/Internal/WildcardMatch.php HTTP/1.1" 200 - "-" "Mozilla/5.0 (compatible; SemrushBot/7~bl; +http://www.semrush.com/bot.html)"
185.191.171.13 - - [16/Jun/2026:21:14:30 +0700] "GET /mentengpark/vendor/psy/psysh/src/Command/DocCommand.php HTTP/1.1" 404 - "-" "Mozilla/5.0 (compatible; SemrushBot/7~bl; +http://www.semrush.com/bot.html)"
74.7.243.236 - - [16/Jun/2026:21:14:36 +0700] "GET /pindah/ElaAdmin/ HTTP/2.0" 404 - "https://www.webawaw.com/laravel_kendal/vendor/league/config/src/index.php?copy=mentengpark_ok%2Fvendor%2Fphpdocumentor%2Ftype-resolver%2Fsrc%2FPseudoTypes&p=pindah" "Mozilla/5.0 AppleWebKit/537.36 (KHTML, like Gecko; compatible; GPTBot/1.4; +https://openai.com/gptbot)"
185.191.171.12 - - [16/Jun/2026:21:15:10 +0700] "GET /robots.txt HTTP/1.1" 404 - "-" "Mozilla/5.0 (compatible; SemrushBot/7~bl; +http://www.semrush.com/bot.html)"
85.208.96.212 - - [16/Jun/2026:21:15:11 +0700] "GET /mentengpark_ok/vendor/nesbot/carbon/src/Carbon/Lang/be.php HTTP/1.1" 200 - "-" "Mozilla/5.0 (compatible; SemrushBot/7~bl; +http://www.semrush.com/bot.html)"
74.7.243.236 - - [16/Jun/2026:21:15:37 +0700] "GET /?C=S;O=D HTTP/2.0" 200 650 "https://www.webawaw.com/?C=S;O=A" "Mozilla/5.0 AppleWebKit/537.36 (KHTML, like Gecko; compatible; GPTBot/1.4; +https://openai.com/gptbot)"
85.208.96.206 - - [16/Jun/2026:21:16:01 +0700] "GET /mentengpark/vendor/phpoffice/phpspreadsheet/src/PhpSpreadsheet/Style/ConditionalFormatting/ConditionalFormatValueObject.php HTTP/1.1" 404 - "-" "Mozilla/5.0 (compatible; SemrushBot/7~bl; +http://www.semrush.com/bot.html)"
85.208.96.212 - - [16/Jun/2026:21:16:34 +0700] "GET /mentengpark_ok/vendor/fakerphp/faker/src/Faker/Provider/pt_PT/Company.php HTTP/1.1" 500 - "-" "Mozilla/5.0 (compatible; SemrushBot/7~bl; +http://www.semrush.com/bot.html)"
74.7.243.236 - - [16/Jun/2026:21:16:40 +0700] "GET /?C=N;O=A HTTP/2.0" 200 650 "https://www.webawaw.com/?C=S;O=A" "Mozilla/5.0 AppleWebKit/537.36 (KHTML, like Gecko; compatible; GPTBot/1.4; +https://openai.com/gptbot)"
74.7.243.236 - - [16/Jun/2026:21:17:34 +0700] "GET /?C=M;O=D HTTP/2.0" 200 647 "https://www.webawaw.com/?C=M;O=A" "Mozilla/5.0 AppleWebKit/537.36 (KHTML, like Gecko; compatible; GPTBot/1.4; +https://openai.com/gptbot)"
85.208.96.211 - - [16/Jun/2026:21:17:34 +0700] "GET /laravel_kendal/vendor/phpoffice/phpspreadsheet/src/PhpSpreadsheet/Calculation/MathTrig/Factorial.php HTTP/1.1" 500 - "-" "Mozilla/5.0 (compatible; SemrushBot/7~bl; +http://www.semrush.com/bot.html)"
85.208.96.196 - - [16/Jun/2026:21:17:44 +0700] "GET /laravel_kendal/vendor/laravel/framework/src/Illuminate/Contracts/Validation/Factory.php HTTP/1.1" 200 - "-" "Mozilla/5.0 (compatible; SemrushBot/7~bl; +http://www.semrush.com/bot.html)"
185.191.171.13 - - [16/Jun/2026:21:18:03 +0700] "GET /laravel_kendal/vendor/doctrine/dbal/src/Driver/AbstractSQLServerDriver/Exception/PortWithoutHost.php HTTP/1.1" 500 - "-" "Mozilla/5.0 (compatible; SemrushBot/7~bl; +http://www.semrush.com/bot.html)"
74.7.243.236 - - [16/Jun/2026:21:18:26 +0700] "GET /?C=D;O=D HTTP/2.0" 200 648 "https://www.webawaw.com/?C=D;O=A" "Mozilla/5.0 AppleWebKit/537.36 (KHTML, like Gecko; compatible; GPTBot/1.4; +https://openai.com/gptbot)"
74.7.243.236 - - [16/Jun/2026:21:19:11 +0700] "GET /Caster/error_log HTTP/2.0" 404 - "https://www.webawaw.com/laravel_kendal/vendor/league/config/src/index.php?copy=mentengpark_ok%2Fvendor%2Fphpdocumentor%2Ftype-resolver%2Fsrc%2FPseudoTypes&p=Caster" "Mozilla/5.0 AppleWebKit/537.36 (KHTML, like Gecko; compatible; GPTBot/1.4; +https://openai.com/gptbot)"
185.191.171.3 - - [16/Jun/2026:21:19:32 +0700] "GET /laravel_kendal/vendor/laravel/framework/src/Illuminate/Database/Eloquent/Builder.php HTTP/1.1" 500 - "-" "Mozilla/5.0 (compatible; SemrushBot/7~bl; +http://www.semrush.com/bot.html)"
74.7.243.236 - - [16/Jun/2026:21:19:51 +0700] "GET /PseudoTypes/NegativeInteger.php HTTP/2.0" 500 1 "https://www.webawaw.com/PseudoTypes/" "Mozilla/5.0 AppleWebKit/537.36 (KHTML, like Gecko; compatible; GPTBot/1.4; +https://openai.com/gptbot)"
185.191.171.13 - - [16/Jun/2026:21:20:04 +0700] "GET /mentengpark_ok/vendor/nesbot/carbon/src/Carbon/Lang/lo.php HTTP/1.1" 200 - "-" "Mozilla/5.0 (compatible; SemrushBot/7~bl; +http://www.semrush.com/bot.html)"
185.191.171.9 - - [16/Jun/2026:21:20:22 +0700] "GET /laravel_kendal/vendor/filament/actions/resources/lang/np/associate.php HTTP/1.1" 200 - "-" "Mozilla/5.0 (compatible; SemrushBot/7~bl; +http://www.semrush.com/bot.html)"
74.7.243.236 - - [16/Jun/2026:21:20:31 +0700] "GET /PseudoTypes/PositiveInteger.php HTTP/2.0" 500 1 "https://www.webawaw.com/PseudoTypes/" "Mozilla/5.0 AppleWebKit/537.36 (KHTML, like Gecko; compatible; GPTBot/1.4; +https://openai.com/gptbot)"
85.208.96.196 - - [16/Jun/2026:21:20:54 +0700] "GET /laravel_kendal/vendor/laravel/framework/src/Illuminate/Hashing/ HTTP/1.1" 200 2276 "-" "Mozilla/5.0 (compatible; SemrushBot/7~bl; +http://www.semrush.com/bot.html)"
74.7.243.236 - - [16/Jun/2026:21:21:32 +0700] "GET /PseudoTypes/False_.php HTTP/2.0" 500 1 "https://www.webawaw.com/PseudoTypes/" "Mozilla/5.0 AppleWebKit/537.36 (KHTML, like Gecko; compatible; GPTBot/1.4; +https://openai.com/gptbot)"
85.208.96.211 - - [16/Jun/2026:21:21:46 +0700] "GET /mentengpark_ok/vendor/nesbot/carbon/src/Carbon/Lang/kam.php HTTP/1.1" 200 - "-" "Mozilla/5.0 (compatible; SemrushBot/7~bl; +http://www.semrush.com/bot.html)"
185.191.171.12 - - [16/Jun/2026:21:22:28 +0700] "GET /mentengpark_ok/vendor/symfony/http-foundation/Test/Constraint/ResponseStatusCodeSame.php HTTP/1.1" 500 - "-" "Mozilla/5.0 (compatible; SemrushBot/7~bl; +http://www.semrush.com/bot.html)"
74.7.243.236 - - [16/Jun/2026:21:22:34 +0700] "GET /PseudoTypes/CallableString.php HTTP/2.0" 500 1 "https://www.webawaw.com/PseudoTypes/" "Mozilla/5.0 AppleWebKit/537.36 (KHTML, like Gecko; compatible; GPTBot/1.4; +https://openai.com/gptbot)"
185.191.171.12 - - [16/Jun/2026:21:22:44 +0700] "GET /laravel_kendal/vendor/ezyang/htmlpurifier/library/HTMLPurifier/AttrDef/CSS/Color.php HTTP/1.1" 500 - "-" "Mozilla/5.0 (compatible; SemrushBot/7~bl; +http://www.semrush.com/bot.html)"
74.7.243.236 - - [16/Jun/2026:21:23:39 +0700] "GET /PseudoTypes/Numeric_.php HTTP/2.0" 500 1 "https://www.webawaw.com/PseudoTypes/" "Mozilla/5.0 AppleWebKit/537.36 (KHTML, like Gecko; compatible; GPTBot/1.4; +https://openai.com/gptbot)"
85.208.96.207 - - [16/Jun/2026:21:24:01 +0700] "GET /laravel_kendal/vendor/egulias/email-validator/src/Result/Reason/DotAtEnd.php HTTP/1.1" 500 - "-" "Mozilla/5.0 (compatible; SemrushBot/7~bl; +http://www.semrush.com/bot.html)"
85.208.96.207 - - [16/Jun/2026:21:24:08 +0700] "GET /laravel_kendal/vendor/filament/support/resources/views/components/ HTTP/1.1" 200 4267 "-" "Mozilla/5.0 (compatible; SemrushBot/7~bl; +http://www.semrush.com/bot.html)"
74.7.243.236 - - [16/Jun/2026:21:24:44 +0700] "GET /PseudoTypes/error_log HTTP/2.0" 404 - "https://www.webawaw.com/laravel_kendal/vendor/league/config/src/index.php?p=PseudoTypes" "Mozilla/5.0 AppleWebKit/537.36 (KHTML, like Gecko; compatible; GPTBot/1.4; +https://openai.com/gptbot)"
185.191.171.12 - - [16/Jun/2026:21:24:47 +0700] "GET /mentengpark_ok/vendor/phpspec/prophecy/src/Prophecy/Doubler/DoubleInterface.php HTTP/1.1" 200 - "-" "Mozilla/5.0 (compatible; SemrushBot/7~bl; +http://www.semrush.com/bot.html)"
74.7.243.236 - - [16/Jun/2026:21:25:54 +0700] "GET /pindah/LoginAssets/ HTTP/2.0" 404 - "https://www.webawaw.com/laravel_kendal/vendor/league/config/src/index.php?copy=mentengpark_ok%2Fvendor%2Fphpdocumentor%2Ftype-resolver%2Fsrc%2FPseudoTypes&p=pindah" "Mozilla/5.0 AppleWebKit/537.36 (KHTML, like Gecko; compatible; GPTBot/1.4; +https://openai.com/gptbot)"
185.191.171.4 - - [16/Jun/2026:21:26:00 +0700] "GET /laravel_kendal/vendor/laravel/framework/src/Illuminate/Database/PDO/SqlServerDriver.php HTTP/1.1" 500 - "-" "Mozilla/5.0 (compatible; SemrushBot/7~bl; +http://www.semrush.com/bot.html)"
185.191.171.13 - - [16/Jun/2026:21:26:03 +0700] "GET /laravel_kendal/vendor/symfony/polyfill-php80/ HTTP/1.1" 200 1815 "-" "Mozilla/5.0 (compatible; SemrushBot/7~bl; +http://www.semrush.com/bot.html)"
185.191.171.8 - - [16/Jun/2026:21:26:47 +0700] "GET /mentengpark_ok/vendor/fakerphp/faker/src/Faker/Provider/fr_BE/Address.php HTTP/1.1" 500 - "-" "Mozilla/5.0 (compatible; SemrushBot/7~bl; +http://www.semrush.com/bot.html)"
185.191.171.1 - - [16/Jun/2026:21:26:49 +0700] "GET /laravel_kendal/vendor/laravel/framework/src/Illuminate/Queue/Middleware/RateLimitedWithRedis.php HTTP/1.1" 500 - "-" "Mozilla/5.0 (compatible; SemrushBot/7~bl; +http://www.semrush.com/bot.html)"
74.7.243.236 - - [16/Jun/2026:21:26:54 +0700] "GET /PseudoTypes/TraitString.php HTTP/2.0" 500 1 "https://www.webawaw.com/PseudoTypes/" "Mozilla/5.0 AppleWebKit/537.36 (KHTML, like Gecko; compatible; GPTBot/1.4; +https://openai.com/gptbot)"
185.191.171.12 - - [16/Jun/2026:21:27:41 +0700] "GET /laravel_kendal/vendor/filament/tables/src/Filters/Concerns/CanBeHidden.php HTTP/1.1" 200 - "-" "Mozilla/5.0 (compatible; SemrushBot/7~bl; +http://www.semrush.com/bot.html)"
74.7.243.236 - - [16/Jun/2026:21:27:59 +0700] "GET /PseudoTypes/NumericString.php HTTP/2.0" 500 1 "https://www.webawaw.com/PseudoTypes/" "Mozilla/5.0 AppleWebKit/537.36 (KHTML, like Gecko; compatible; GPTBot/1.4; +https://openai.com/gptbot)"
185.191.171.8 - - [16/Jun/2026:21:28:51 +0700] "GET /mentengpark_ok/vendor/laravel/framework/src/Illuminate/Http/Resources/ HTTP/1.1" 200 2135 "-" "Mozilla/5.0 (compatible; SemrushBot/7~bl; +http://www.semrush.com/bot.html)"
74.7.243.236 - - [16/Jun/2026:21:29:00 +0700] "GET /PseudoTypes/NonEmptyLowercaseString.php HTTP/2.0" 500 1 "https://www.webawaw.com/PseudoTypes/" "Mozilla/5.0 AppleWebKit/537.36 (KHTML, like Gecko; compatible; GPTBot/1.4; +https://openai.com/gptbot)"
185.191.171.6 - - [16/Jun/2026:21:29:06 +0700] "GET /mentengpark_ok/vendor/facade/ignition/src/Support/LivewireComponentParser.php HTTP/1.1" 200 - "-" "Mozilla/5.0 (compatible; SemrushBot/7~bl; +http://www.semrush.com/bot.html)"
185.191.171.15 - - [16/Jun/2026:21:29:08 +0700] "GET /laravel_kendal/vendor/nesbot/carbon/src/Carbon/Exceptions/InvalidCastException.php HTTP/1.1" 500 - "-" "Mozilla/5.0 (compatible; SemrushBot/7~bl; +http://www.semrush.com/bot.html)"
185.191.171.8 - - [16/Jun/2026:21:30:00 +0700] "GET /laravel_kendal/vendor/filament/tables/resources/lang/el/filters/ HTTP/1.1" 200 992 "-" "Mozilla/5.0 (compatible; SemrushBot/7~bl; +http://www.semrush.com/bot.html)"
74.7.243.236 - - [16/Jun/2026:21:30:03 +0700] "GET /pindah/templateEditor/ HTTP/2.0" 404 - "https://www.webawaw.com/laravel_kendal/vendor/league/config/src/index.php?copy=mentengpark_ok%2Fvendor%2Fphpdocumentor%2Ftype-resolver%2Fsrc%2FPseudoTypes&p=pindah" "Mozilla/5.0 AppleWebKit/537.36 (KHTML, like Gecko; compatible; GPTBot/1.4; +https://openai.com/gptbot)"
185.191.171.5 - - [16/Jun/2026:21:30:04 +0700] "GET /laravel_kendal/vendor/nesbot/carbon/src/Carbon/Lang/tn.php HTTP/1.1" 200 - "-" "Mozilla/5.0 (compatible; SemrushBot/7~bl; +http://www.semrush.com/bot.html)"
185.191.171.10 - - [16/Jun/2026:21:30:54 +0700] "GET /mentengpark_ok/vendor/laravel/framework/src/Illuminate/Http/Client/ HTTP/1.1" 200 2650 "-" "Mozilla/5.0 (compatible; SemrushBot/7~bl; +http://www.semrush.com/bot.html)"
185.191.171.9 - - [16/Jun/2026:21:30:59 +0700] "GET /laravel_kendal/vendor/laravel/framework/src/Illuminate/Notifications/Channels/BroadcastChannel.php HTTP/1.1" 200 - "-" "Mozilla/5.0 (compatible; SemrushBot/7~bl; +http://www.semrush.com/bot.html)"
74.7.243.236 - - [16/Jun/2026:21:31:03 +0700] "GET /PseudoTypes/LiteralString.php HTTP/2.0" 500 1 "https://www.webawaw.com/PseudoTypes/" "Mozilla/5.0 AppleWebKit/537.36 (KHTML, like Gecko; compatible; GPTBot/1.4; +https://openai.com/gptbot)"
85.208.96.198 - - [16/Jun/2026:21:31:07 +0700] "GET /laravel_kendal/vendor/nesbot/carbon/src/Carbon/Lang/es_PE.php HTTP/1.1" 200 - "-" "Mozilla/5.0 (compatible; SemrushBot/7~bl; +http://www.semrush.com/bot.html)"
74.7.243.236 - - [16/Jun/2026:21:32:08 +0700] "GET /pindah/index.php HTTP/2.0" 500 1 "https://www.webawaw.com/laravel_kendal/vendor/league/config/src/index.php?copy=mentengpark_ok%2Fvendor%2Fphpdocumentor%2Ftype-resolver%2Fsrc%2FPseudoTypes&p=pindah" "Mozilla/5.0 AppleWebKit/537.36 (KHTML, like Gecko; compatible; GPTBot/1.4; +https://openai.com/gptbot)"
74.7.243.236 - - [16/Jun/2026:21:33:08 +0700] "GET /PseudoTypes/?C=D;O=A HTTP/2.0" 200 536 "https://www.webawaw.com/PseudoTypes/" "Mozilla/5.0 AppleWebKit/537.36 (KHTML, like Gecko; compatible; GPTBot/1.4; +https://openai.com/gptbot)"
198.235.24.16 - - [16/Jun/2026:21:33:18 +0700] "GET / HTTP/1.1" 200 37584 "-" "Hello from Palo Alto Networks, find out more about our scans in https://docs-cortex.paloaltonetworks.com/r/1/Cortex-Xpanse/Scanning-activity"
85.208.96.197 - - [16/Jun/2026:21:33:59 +0700] "GET /laravel_kendal/vendor/masterminds/html5/src/HTML5/Parser/ParseError.php HTTP/1.1" 200 - "-" "Mozilla/5.0 (compatible; SemrushBot/7~bl; +http://www.semrush.com/bot.html)"
74.7.243.236 - - [16/Jun/2026:21:34:10 +0700] "GET /PseudoTypes/?C=S;O=A HTTP/2.0" 200 531 "https://www.webawaw.com/PseudoTypes/" "Mozilla/5.0 AppleWebKit/537.36 (KHTML, like Gecko; compatible; GPTBot/1.4; +https://openai.com/gptbot)"
74.7.241.134 - - [16/Jun/2026:21:34:18 +0700] "GET /robots.txt HTTP/2.0" 404 - "-" "Mozilla/5.0 (Macintosh; Intel Mac OS X 10_15_7) AppleWebKit/537.36 (KHTML, like Gecko) Chrome/131.0.0.0 Safari/537.36; compatible; OAI-SearchBot/1.4; robots.txt; +https://openai.com/searchbot"
74.7.243.236 - - [16/Jun/2026:21:35:06 +0700] "GET /PseudoTypes/?C=N;O=D HTTP/2.0" 200 533 "https://www.webawaw.com/PseudoTypes/" "Mozilla/5.0 AppleWebKit/537.36 (KHTML, like Gecko; compatible; GPTBot/1.4; +https://openai.com/gptbot)"
85.208.96.212 - - [16/Jun/2026:21:35:07 +0700] "GET /mentengpark_ok/vendor/phpoffice/phpspreadsheet/src/PhpSpreadsheet/Calculation/Engineering.php HTTP/1.1" 200 - "-" "Mozilla/5.0 (compatible; SemrushBot/7~bl; +http://www.semrush.com/bot.html)"
85.208.96.197 - - [16/Jun/2026:21:35:13 +0700] "GET /laravel_kendal/vendor/filament/actions/resources/lang/it/delete.php HTTP/1.1" 200 - "-" "Mozilla/5.0 (compatible; SemrushBot/7~bl; +http://www.semrush.com/bot.html)"
85.208.96.197 - - [16/Jun/2026:21:35:38 +0700] "GET /laravel_kendal/vendor/vlucas/phpdotenv/src/Repository/Adapter/GuardedWriter.php HTTP/1.1" 500 - "-" "Mozilla/5.0 (compatible; SemrushBot/7~bl; +http://www.semrush.com/bot.html)"
74.7.243.236 - - [16/Jun/2026:21:35:58 +0700] "GET /PseudoTypes/?C=M;O=A HTTP/2.0" 200 535 "https://www.webawaw.com/PseudoTypes/" "Mozilla/5.0 AppleWebKit/537.36 (KHTML, like Gecko; compatible; GPTBot/1.4; +https://openai.com/gptbot)"
185.191.171.15 - - [16/Jun/2026:21:36:11 +0700] "GET /laravel_kendal/vendor/phpoffice/phpspreadsheet/src/PhpSpreadsheet/Calculation/MathTrig/Arabic.php HTTP/1.1" 500 - "-" "Mozilla/5.0 (compatible; SemrushBot/7~bl; +http://www.semrush.com/bot.html)"
185.191.171.18 - - [16/Jun/2026:21:36:17 +0700] "GET /mentengpark_ok/vendor/fakerphp/faker/src/Faker/ORM/Doctrine/ HTTP/1.1" 200 1548 "-" "Mozilla/5.0 (compatible; SemrushBot/7~bl; +http://www.semrush.com/bot.html)"
85.208.96.205 - - [16/Jun/2026:21:36:26 +0700] "GET /laravel_kendal/vendor/laravel/framework/src/Illuminate/Contracts/Container/CircularDependencyException.php HTTP/1.1" 500 - "-" "Mozilla/5.0 (compatible; SemrushBot/7~bl; +http://www.semrush.com/bot.html)"
47.79.10.122 - - [16/Jun/2026:21:36:41 +0700] "GET /mentengpark_ok/tests/Feature/ HTTP/2.0" 200 885 "-" "Mozilla/5.0 (Macintosh; Intel Mac OS X 10_15_7) AppleWebKit/537.36 (KHTML, like Gecko) Chrome/146.0.0.0 Safari/537.36"
74.7.243.236 - - [16/Jun/2026:21:36:44 +0700] "GET /laravel_kendal/vendor/league/config/src/kik.kendal HTTP/2.0" 404 - "https://www.webawaw.com/laravel_kendal/vendor/league/config/src/index.php?copy=mentengpark_ok%2Fvendor%2Fphpdocumentor%2Ftype-resolver%2Fsrc%2FPseudoTypes&p=kik.kendal" "Mozilla/5.0 AppleWebKit/537.36 (KHTML, like Gecko; compatible; GPTBot/1.4; +https://openai.com/gptbot)"
85.208.96.207 - - [16/Jun/2026:21:36:49 +0700] "GET /laravel_kendal/vendor/laravel/framework/src/Illuminate/Notifications/Events/BroadcastNotificationCreated.php HTTP/1.1" 500 - "-" "Mozilla/5.0 (compatible; SemrushBot/7~bl; +http://www.semrush.com/bot.html)"
185.191.171.12 - - [16/Jun/2026:21:37:13 +0700] "GET /laravel_kendal/vendor/nikic/php-parser/lib/PhpParser/Node/Stmt/Class_.php HTTP/1.1" 500 - "-" "Mozilla/5.0 (compatible; SemrushBot/7~bl; +http://www.semrush.com/bot.html)"
74.7.243.236 - - [16/Jun/2026:21:37:26 +0700] "GET /laravel_kendal/vendor/league/config/src/index.php?copy=Caster%2Ferror_log&p=Caster HTTP/2.0" 200 8643 "https://www.webawaw.com/laravel_kendal/vendor/league/config/src/index.php?copy=mentengpark_ok%2Fvendor%2Fphpdocumentor%2Ftype-resolver%2Fsrc%2FPseudoTypes&p=Caster" "Mozilla/5.0 AppleWebKit/537.36 (KHTML, like Gecko; compatible; GPTBot/1.4; +https://openai.com/gptbot)"
74.7.243.236 - - [16/Jun/2026:21:38:09 +0700] "GET /laravel_kendal/vendor/league/config/src/filp HTTP/2.0" 404 - "https://www.webawaw.com/laravel_kendal/vendor/league/config/src/index.php?copy=mentengpark_ok%2Fvendor%2Fphpdocumentor%2Ftype-resolver%2Fsrc%2FPseudoTypes&p=filp" "Mozilla/5.0 AppleWebKit/537.36 (KHTML, like Gecko; compatible; GPTBot/1.4; +https://openai.com/gptbot)"
185.191.171.14 - - [16/Jun/2026:21:38:14 +0700] "GET /mentengpark_ok/vendor/league/commonmark/src/Block/Renderer/ParagraphRenderer.php HTTP/1.1" 500 - "-" "Mozilla/5.0 (compatible; SemrushBot/7~bl; +http://www.semrush.com/bot.html)"
74.7.243.236 - - [16/Jun/2026:21:38:48 +0700] "GET /laravel_kendal/vendor/league/config/src/pindah HTTP/2.0" 404 - "https://www.webawaw.com/laravel_kendal/vendor/league/config/src/index.php?copy=mentengpark_ok%2Fvendor%2Fphpdocumentor%2Ftype-resolver%2Fsrc%2FPseudoTypes&p=pindah" "Mozilla/5.0 AppleWebKit/537.36 (KHTML, like Gecko; compatible; GPTBot/1.4; +https://openai.com/gptbot)"
47.82.13.8 - - [16/Jun/2026:21:38:58 +0700] "GET /mentengpark_ok/vendor/barryvdh/laravel-dompdf/grumphp.yml HTTP/2.0" 200 569 "-" "Mozilla/5.0 (Macintosh; Intel Mac OS X 10_15_7) AppleWebKit/537.36 (KHTML, like Gecko) Chrome/143.0.0.0 Safari/537.36"
185.191.171.15 - - [16/Jun/2026:21:39:11 +0700] "GET /laravel_kendal/vendor/phpoffice/phpspreadsheet/src/PhpSpreadsheet/Calculation/MathTrig/SeriesSum.php HTTP/1.1" 500 - "-" "Mozilla/5.0 (compatible; SemrushBot/7~bl; +http://www.semrush.com/bot.html)"
185.191.171.17 - - [16/Jun/2026:21:39:14 +0700] "GET /laravel_kendal/vendor/filament/tables/resources/lang/bg/filters/query-builder.php HTTP/1.1" 200 - "-" "Mozilla/5.0 (compatible; SemrushBot/7~bl; +http://www.semrush.com/bot.html)"
74.7.243.236 - - [16/Jun/2026:21:39:24 +0700] "GET /laravel_kendal/vendor/league/config/src/index.php?copy=Caster%2FImgStub.php&p=Caster HTTP/2.0" 200 8646 "https://www.webawaw.com/laravel_kendal/vendor/league/config/src/index.php?copy=mentengpark_ok%2Fvendor%2Fphpdocumentor%2Ftype-resolver%2Fsrc%2FPseudoTypes&p=Caster" "Mozilla/5.0 AppleWebKit/537.36 (KHTML, like Gecko; compatible; GPTBot/1.4; +https://openai.com/gptbot)"
185.191.171.11 - - [16/Jun/2026:21:39:47 +0700] "GET /robots.txt HTTP/1.1" 404 - "-" "Mozilla/5.0 (compatible; SemrushBot/7~bl; +http://www.semrush.com/bot.html)"
85.208.96.198 - - [16/Jun/2026:21:39:49 +0700] "GET /mentengpark_ok/vendor/guzzlehttp/guzzle/src/Exception/InvalidArgumentException.php HTTP/1.1" 500 - "-" "Mozilla/5.0 (compatible; SemrushBot/7~bl; +http://www.semrush.com/bot.html)"
74.7.243.236 - - [16/Jun/2026:21:40:02 +0700] "GET /laravel_kendal/vendor/league/config/src/PseudoTypes HTTP/2.0" 404 - "https://www.webawaw.com/laravel_kendal/vendor/league/config/src/index.php?p=PseudoTypes" "Mozilla/5.0 AppleWebKit/537.36 (KHTML, like Gecko; compatible; GPTBot/1.4; +https://openai.com/gptbot)"
185.191.171.8 - - [16/Jun/2026:21:40:12 +0700] "GET /mentengpark_ok/vendor/nikic/php-parser/lib/PhpParser/Lexer/TokenEmulator/ReadonlyTokenEmulator.php HTTP/1.1" 500 - "-" "Mozilla/5.0 (compatible; SemrushBot/7~bl; +http://www.semrush.com/bot.html)"
74.7.243.236 - - [16/Jun/2026:21:40:36 +0700] "GET /laravel_kendal/vendor/league/config/src/Iterator HTTP/2.0" 404 - "https://www.webawaw.com/laravel_kendal/vendor/league/config/src/index.php?copy=mentengpark_ok%2Fvendor%2Fphpdocumentor%2Ftype-resolver%2Fsrc%2FPseudoTypes&p=Iterator" "Mozilla/5.0 AppleWebKit/537.36 (KHTML, like Gecko; compatible; GPTBot/1.4; +https://openai.com/gptbot)"
74.7.243.236 - - [16/Jun/2026:21:41:10 +0700] "GET /PseudoTypes/?C=N;O=A HTTP/2.0" 200 536 "https://www.webawaw.com/PseudoTypes/?C=D;O=A" "Mozilla/5.0 AppleWebKit/537.36 (KHTML, like Gecko; compatible; GPTBot/1.4; +https://openai.com/gptbot)"
185.191.171.9 - - [16/Jun/2026:21:41:27 +0700] "GET /laravel_kendal/vendor/filament/actions/resources/lang/es/group.php HTTP/1.1" 200 - "-" "Mozilla/5.0 (compatible; SemrushBot/7~bl; +http://www.semrush.com/bot.html)"
74.7.243.236 - - [16/Jun/2026:21:41:42 +0700] "GET /PseudoTypes/?C=S;O=D HTTP/2.0" 200 530 "https://www.webawaw.com/PseudoTypes/?C=S;O=A" "Mozilla/5.0 AppleWebKit/537.36 (KHTML, like Gecko; compatible; GPTBot/1.4; +https://openai.com/gptbot)"
185.191.171.8 - - [16/Jun/2026:21:42:00 +0700] "GET /mentengpark/vendor/league/commonmark/src/Extension/Footnote/ HTTP/1.1" 404 - "-" "Mozilla/5.0 (compatible; SemrushBot/7~bl; +http://www.semrush.com/bot.html)"
74.7.243.236 - - [16/Jun/2026:21:42:12 +0700] "GET /PseudoTypes/?C=D;O=D HTTP/2.0" 200 533 "https://www.webawaw.com/PseudoTypes/?C=D;O=A" "Mozilla/5.0 AppleWebKit/537.36 (KHTML, like Gecko; compatible; GPTBot/1.4; +https://openai.com/gptbot)"
74.7.243.236 - - [16/Jun/2026:21:42:39 +0700] "GET /PseudoTypes/?C=M;O=D HTTP/2.0" 200 533 "https://www.webawaw.com/PseudoTypes/?C=M;O=A" "Mozilla/5.0 AppleWebKit/537.36 (KHTML, like Gecko; compatible; GPTBot/1.4; +https://openai.com/gptbot)"
85.208.96.201 - - [16/Jun/2026:21:42:52 +0700] "GET /laravel_kendal/vendor/spatie/error-solutions/src/Solutions/Laravel/SuggestUsingCorrectDbNameSolution.php HTTP/1.1" 500 - "-" "Mozilla/5.0 (compatible; SemrushBot/7~bl; +http://www.semrush.com/bot.html)"
