74.7.243.236 - - [16/Jun/2026:20:13:31 +0700] "GET /laravel_kendal/vendor/league/config/src/mentengpark_ok/vendor/phpdocumentor/type-resolver/src HTTP/2.0" 404 - "https://www.webawaw.com/laravel_kendal/vendor/league/config/src/index.php?copy=mentengpark_ok%2Fvendor%2Fphpdocumentor%2Ftype-resolver%2FLICENSE&p=mentengpark_ok%2Fvendor%2Fphpdocumentor%2Ftype-resolver%2Fsrc" "Mozilla/5.0 AppleWebKit/537.36 (KHTML, like Gecko; compatible; GPTBot/1.4; +https://openai.com/gptbot)"
74.7.243.236 - - [16/Jun/2026:20:13:31 +0700] "GET /laravel_kendal/vendor/league/config/src/index.php?copy=mentengpark_ok%2Fvendor%2Fphpdocumentor%2Ftype-resolver%2FLICENSE&finish=1&move=1&p=mentengpark_ok%2Fvendor%2Fphpdocumentor HTTP/2.0" 302 1 "https://www.webawaw.com/laravel_kendal/vendor/league/config/src/index.php?copy=mentengpark_ok%2Fvendor%2Fphpdocumentor%2Ftype-resolver%2FLICENSE&p=mentengpark_ok%2Fvendor%2Fphpdocumentor" "Mozilla/5.0 AppleWebKit/537.36 (KHTML, like Gecko; compatible; GPTBot/1.4; +https://openai.com/gptbot)"
185.191.171.9 - - [16/Jun/2026:20:13:32 +0700] "GET /laravel_kendal/vendor/filament/tables/resources/lang/km/filters/query-builder.php HTTP/1.1" 200 - "-" "Mozilla/5.0 (compatible; SemrushBot/7~bl; +http://www.semrush.com/bot.html)"
74.7.243.236 - - [16/Jun/2026:20:13:32 +0700] "GET /laravel_kendal/vendor/league/config/src/index.php?p=mentengpark_ok%2Fvendor%2Fphpdocumentor%2Ftype-resolver%2Fsrc&upload HTTP/2.0" 200 9421 "https://www.webawaw.com/laravel_kendal/vendor/league/config/src/index.php?copy=mentengpark_ok%2Fvendor%2Fphpdocumentor%2Ftype-resolver%2FLICENSE&p=mentengpark_ok%2Fvendor%2Fphpdocumentor%2Ftype-resolver%2Fsrc" "Mozilla/5.0 AppleWebKit/537.36 (KHTML, like Gecko; compatible; GPTBot/1.4; +https://openai.com/gptbot)"
74.7.243.236 - - [16/Jun/2026:20:13:33 +0700] "GET /laravel_kendal/vendor/league/config/src/index.php?p=mentengpark_ok%2Fvendor%2Fphpdocumentor%2Ftype-resolver%2Fsrc&settings=1 HTTP/2.0" 200 9023 "https://www.webawaw.com/laravel_kendal/vendor/league/config/src/index.php?copy=mentengpark_ok%2Fvendor%2Fphpdocumentor%2Ftype-resolver%2FLICENSE&p=mentengpark_ok%2Fvendor%2Fphpdocumentor%2Ftype-resolver%2Fsrc" "Mozilla/5.0 AppleWebKit/537.36 (KHTML, like Gecko; compatible; GPTBot/1.4; +https://openai.com/gptbot)"
74.7.243.236 - - [16/Jun/2026:20:13:33 +0700] "GET /laravel_kendal/vendor/league/config/src/index.php?copy=mentengpark_ok%2Fvendor%2Fphpdocumentor%2Ftype-resolver%2FLICENSE&finish=1&p=mentengpark_ok%2Fvendor%2Fphpdocumentor HTTP/2.0" 302 1 "https://www.webawaw.com/laravel_kendal/vendor/league/config/src/index.php?copy=mentengpark_ok%2Fvendor%2Fphpdocumentor%2Ftype-resolver%2FLICENSE&p=mentengpark_ok%2Fvendor%2Fphpdocumentor" "Mozilla/5.0 AppleWebKit/537.36 (KHTML, like Gecko; compatible; GPTBot/1.4; +https://openai.com/gptbot)"
74.7.243.236 - - [16/Jun/2026:20:13:34 +0700] "GET /laravel_kendal/vendor/league/config/src/index.php?copy=mentengpark_ok%2Fvendor%2Fphpdocumentor%2Ftype-resolver%2FLICENSE&finish=1&move=1&p=mentengpark_ok%2Fvendor%2Fphpdocumentor%2Ftype-resolver%2Fsrc HTTP/2.0" 302 1 "https://www.webawaw.com/laravel_kendal/vendor/league/config/src/index.php?copy=mentengpark_ok%2Fvendor%2Fphpdocumentor%2Ftype-resolver%2FLICENSE&p=mentengpark_ok%2Fvendor%2Fphpdocumentor%2Ftype-resolver%2Fsrc" "Mozilla/5.0 AppleWebKit/537.36 (KHTML, like Gecko; compatible; GPTBot/1.4; +https://openai.com/gptbot)"
74.7.243.236 - - [16/Jun/2026:20:13:35 +0700] "GET /laravel_kendal/vendor/league/config/src/index.php?copy=mentengpark_ok%2Fvendor%2Fphpdocumentor%2Ftype-resolver%2FLICENSE&p=mentengpark_ok%2Fvendor%2Fphpdocumentor%2Freflection-common HTTP/2.0" 302 1 "https://www.webawaw.com/laravel_kendal/vendor/league/config/src/index.php?copy=mentengpark_ok%2Fvendor%2Fphpdocumentor%2Ftype-resolver%2FLICENSE&p=mentengpark_ok%2Fvendor%2Fphpdocumentor" "Mozilla/5.0 AppleWebKit/537.36 (KHTML, like Gecko; compatible; GPTBot/1.4; +https://openai.com/gptbot)"
74.7.243.236 - - [16/Jun/2026:20:13:35 +0700] "GET /laravel_kendal/vendor/league/config/src/index.php?copy=mentengpark_ok%2Fvendor%2Fphpdocumentor%2Ftype-resolver%2FLICENSE&p=mentengpark_ok%2Fvendor%2Fphpdocumentor%2Freflection-docblock HTTP/2.0" 302 1 "https://www.webawaw.com/laravel_kendal/vendor/league/config/src/index.php?copy=mentengpark_ok%2Fvendor%2Fphpdocumentor%2Ftype-resolver%2FLICENSE&p=mentengpark_ok%2Fvendor%2Fphpdocumentor" "Mozilla/5.0 AppleWebKit/537.36 (KHTML, like Gecko; compatible; GPTBot/1.4; +https://openai.com/gptbot)"
74.7.243.236 - - [16/Jun/2026:20:13:36 +0700] "GET /laravel_kendal/vendor/league/config/src/index.php?copy=mentengpark_ok%2Fvendor%2Fphpdocumentor%2Ftype-resolver%2FLICENSE&p=mentengpark_ok%2Fvendor HTTP/2.0" 302 1 "https://www.webawaw.com/laravel_kendal/vendor/league/config/src/index.php?copy=mentengpark_ok%2Fvendor%2Fphpdocumentor%2Ftype-resolver%2FLICENSE&p=mentengpark_ok%2Fvendor%2Fphpdocumentor" "Mozilla/5.0 AppleWebKit/537.36 (KHTML, like Gecko; compatible; GPTBot/1.4; +https://openai.com/gptbot)"
74.7.243.236 - - [16/Jun/2026:20:13:36 +0700] "GET /laravel_kendal/vendor/league/config/src/index.php?copy=mentengpark_ok%2Fvendor%2Fphpdocumentor%2Ftype-resolver%2FLICENSE&finish=1&p=mentengpark_ok%2Fvendor%2Fphpdocumentor%2Ftype-resolver%2Fsrc HTTP/2.0" 302 1 "https://www.webawaw.com/laravel_kendal/vendor/league/config/src/index.php?copy=mentengpark_ok%2Fvendor%2Fphpdocumentor%2Ftype-resolver%2FLICENSE&p=mentengpark_ok%2Fvendor%2Fphpdocumentor%2Ftype-resolver%2Fsrc" "Mozilla/5.0 AppleWebKit/537.36 (KHTML, like Gecko; compatible; GPTBot/1.4; +https://openai.com/gptbot)"
74.7.243.236 - - [16/Jun/2026:20:13:37 +0700] "GET /laravel_kendal/vendor/league/config/src/index.php?copy=mentengpark_ok%2Fvendor%2Fphpdocumentor%2Ftype-resolver%2FLICENSE&p=mentengpark_ok%2Fvendor%2Fphpdocumentor%2Ftype-resolver%2Fsrc%2FTypes HTTP/2.0" 302 1 "https://www.webawaw.com/laravel_kendal/vendor/league/config/src/index.php?copy=mentengpark_ok%2Fvendor%2Fphpdocumentor%2Ftype-resolver%2FLICENSE&p=mentengpark_ok%2Fvendor%2Fphpdocumentor%2Ftype-resolver%2Fsrc" "Mozilla/5.0 AppleWebKit/537.36 (KHTML, like Gecko; compatible; GPTBot/1.4; +https://openai.com/gptbot)"
74.7.243.236 - - [16/Jun/2026:20:13:37 +0700] "GET /laravel_kendal/vendor/league/config/src/index.php?p=mentengpark_ok%2Fvendor%2Fphpdocumentor%2Ftype-resolver%2Fsrc%2FTypes HTTP/2.0" 200 12433 "https://www.webawaw.com/laravel_kendal/vendor/league/config/src/index.php?copy=mentengpark_ok%2Fvendor%2Fphpdocumentor%2Ftype-resolver%2FLICENSE&p=mentengpark_ok%2Fvendor%2Fphpdocumentor%2Ftype-resolver%2Fsrc%2FTypes" "Mozilla/5.0 AppleWebKit/537.36 (KHTML, like Gecko; compatible; GPTBot/1.4; +https://openai.com/gptbot)"
74.7.243.236 - - [16/Jun/2026:20:13:38 +0700] "GET /laravel_kendal/vendor/league/config/src/index.php?copy=mentengpark_ok%2Fvendor%2Fphpdocumentor%2Ftype-resolver%2FLICENSE&p=mentengpark_ok%2Fvendor%2Fphpdocumentor%2Ftype-resolver%2Fsrc%2FPseudoTypes HTTP/2.0" 302 1 "https://www.webawaw.com/laravel_kendal/vendor/league/config/src/index.php?copy=mentengpark_ok%2Fvendor%2Fphpdocumentor%2Ftype-resolver%2FLICENSE&p=mentengpark_ok%2Fvendor%2Fphpdocumentor%2Ftype-resolver%2Fsrc" "Mozilla/5.0 AppleWebKit/537.36 (KHTML, like Gecko; compatible; GPTBot/1.4; +https://openai.com/gptbot)"
74.7.243.236 - - [16/Jun/2026:20:13:38 +0700] "GET /laravel_kendal/vendor/league/config/src/index.php?p=mentengpark_ok%2Fvendor%2Fphpdocumentor%2Ftype-resolver%2Fsrc%2FPseudoTypes HTTP/2.0" 200 11233 "https://www.webawaw.com/laravel_kendal/vendor/league/config/src/index.php?copy=mentengpark_ok%2Fvendor%2Fphpdocumentor%2Ftype-resolver%2FLICENSE&p=mentengpark_ok%2Fvendor%2Fphpdocumentor%2Ftype-resolver%2Fsrc%2FPseudoTypes" "Mozilla/5.0 AppleWebKit/537.36 (KHTML, like Gecko; compatible; GPTBot/1.4; +https://openai.com/gptbot)"
74.7.243.236 - - [16/Jun/2026:20:13:39 +0700] "GET /mentengpark/vendor/symfony/process/Exception/?filesrc=/home/webg5288/www/laravel_kendal/storage/framework/sessions/y1aXRR5f6Jky3ZHdvR9OxzQVbiYqVhf43sm0wi8b&path=/home/webg5288/www/laravel_kendal/storage/framework/sessions HTTP/2.0" 404 - "https://www.webawaw.com/mentengpark/vendor/symfony/process/Exception/?path=/home/webg5288/www/laravel_kendal/storage/framework/sessions" "Mozilla/5.0 AppleWebKit/537.36 (KHTML, like Gecko; compatible; GPTBot/1.4; +https://openai.com/gptbot)"
74.7.243.236 - - [16/Jun/2026:20:13:40 +0700] "GET /laravel_kendal/vendor/league/config/src/index.php?p=mentengpark_ok/vendor/phpdocumentor/type-resolver/src HTTP/2.0" 200 10362 "https://www.webawaw.com/laravel_kendal/vendor/league/config/src/index.php?p=mentengpark_ok%2Fvendor%2Fphpdocumentor%2Ftype-resolver%2Fsrc&upload" "Mozilla/5.0 AppleWebKit/537.36 (KHTML, like Gecko; compatible; GPTBot/1.4; +https://openai.com/gptbot)"
74.7.243.236 - - [16/Jun/2026:20:13:40 +0700] "GET /mentengpark/vendor/symfony/process/Exception/?filesrc=/home/webg5288/www/laravel_kendal/storage/framework/sessions/iofi2jYgzymUUe6Huxyf9uF88kD15SzHAQr03iE8&path=/home/webg5288/www/laravel_kendal/storage/framework/sessions HTTP/2.0" 404 - "https://www.webawaw.com/mentengpark/vendor/symfony/process/Exception/?path=/home/webg5288/www/laravel_kendal/storage/framework/sessions" "Mozilla/5.0 AppleWebKit/537.36 (KHTML, like Gecko; compatible; GPTBot/1.4; +https://openai.com/gptbot)"
74.7.243.236 - - [16/Jun/2026:20:13:41 +0700] "GET /mentengpark/vendor/symfony/process/Exception/?filesrc=/home/webg5288/www/laravel_kendal/storage/framework/sessions/fOaEI4gsoX2cPJeZULySEgeBuknm2NVjM6Ag3374&path=/home/webg5288/www/laravel_kendal/storage/framework/sessions HTTP/2.0" 404 - "https://www.webawaw.com/mentengpark/vendor/symfony/process/Exception/?path=/home/webg5288/www/laravel_kendal/storage/framework/sessions" "Mozilla/5.0 AppleWebKit/537.36 (KHTML, like Gecko; compatible; GPTBot/1.4; +https://openai.com/gptbot)"
74.7.243.236 - - [16/Jun/2026:20:13:41 +0700] "GET /mentengpark/vendor/symfony/process/Exception/?filesrc=/home/webg5288/www/laravel_kendal/storage/framework/sessions/YGAzZzPC6lpoWeOgF6064121JrjU9YlVR5ZGVaUH&path=/home/webg5288/www/laravel_kendal/storage/framework/sessions HTTP/2.0" 404 - "https://www.webawaw.com/mentengpark/vendor/symfony/process/Exception/?path=/home/webg5288/www/laravel_kendal/storage/framework/sessions" "Mozilla/5.0 AppleWebKit/537.36 (KHTML, like Gecko; compatible; GPTBot/1.4; +https://openai.com/gptbot)"
74.7.243.236 - - [16/Jun/2026:20:13:42 +0700] "GET /mentengpark/vendor/symfony/process/Exception/?filesrc=/home/webg5288/www/laravel_kendal/storage/framework/sessions/RPZXgi23qNq75jF9Fw0qIgQwcI26MIg9TWLSvgcM&path=/home/webg5288/www/laravel_kendal/storage/framework/sessions HTTP/2.0" 404 - "https://www.webawaw.com/mentengpark/vendor/symfony/process/Exception/?path=/home/webg5288/www/laravel_kendal/storage/framework/sessions" "Mozilla/5.0 AppleWebKit/537.36 (KHTML, like Gecko; compatible; GPTBot/1.4; +https://openai.com/gptbot)"
74.7.243.236 - - [16/Jun/2026:20:13:42 +0700] "GET /mentengpark/vendor/symfony/process/Exception/?filesrc=/home/webg5288/www/laravel_kendal/storage/framework/sessions/d53a2SwJxamNxcoibJHU7Yl2hbo2x6HB4KwAL12q&path=/home/webg5288/www/laravel_kendal/storage/framework/sessions HTTP/2.0" 404 - "https://www.webawaw.com/mentengpark/vendor/symfony/process/Exception/?path=/home/webg5288/www/laravel_kendal/storage/framework/sessions" "Mozilla/5.0 AppleWebKit/537.36 (KHTML, like Gecko; compatible; GPTBot/1.4; +https://openai.com/gptbot)"
74.7.243.236 - - [16/Jun/2026:20:13:43 +0700] "GET /mentengpark/vendor/symfony/process/Exception/?filesrc=/home/webg5288/www/laravel_kendal/storage/framework/sessions/vmQ7fXmSNjjB1B5VvTc39NEl2kMPxgix6JhDKYH9&path=/home/webg5288/www/laravel_kendal/storage/framework/sessions HTTP/2.0" 404 - "https://www.webawaw.com/mentengpark/vendor/symfony/process/Exception/?path=/home/webg5288/www/laravel_kendal/storage/framework/sessions" "Mozilla/5.0 AppleWebKit/537.36 (KHTML, like Gecko; compatible; GPTBot/1.4; +https://openai.com/gptbot)"
74.7.243.236 - - [16/Jun/2026:20:13:43 +0700] "GET /mentengpark/vendor/symfony/process/Exception/?filesrc=/home/webg5288/www/laravel_kendal/storage/framework/sessions/KVf2hz9XE0RG9dVEJjkBc7kgo6bFVC0BWrhjizo3&path=/home/webg5288/www/laravel_kendal/storage/framework/sessions HTTP/2.0" 404 - "https://www.webawaw.com/mentengpark/vendor/symfony/process/Exception/?path=/home/webg5288/www/laravel_kendal/storage/framework/sessions" "Mozilla/5.0 AppleWebKit/537.36 (KHTML, like Gecko; compatible; GPTBot/1.4; +https://openai.com/gptbot)"
74.7.243.236 - - [16/Jun/2026:20:13:44 +0700] "GET /laravel_kendal/vendor/league/config/src/index.php?dl=ArrayKey.php&p=mentengpark_ok%2Fvendor%2Fphpdocumentor%2Ftype-resolver%2Fsrc%2FTypes HTTP/2.0" 200 12390 "https://www.webawaw.com/laravel_kendal/vendor/league/config/src/index.php?copy=mentengpark_ok%2Fvendor%2Fphpdocumentor%2Ftype-resolver%2FLICENSE&p=mentengpark_ok%2Fvendor%2Fphpdocumentor%2Ftype-resolver%2Fsrc%2FTypes" "Mozilla/5.0 AppleWebKit/537.36 (KHTML, like Gecko; compatible; GPTBot/1.4; +https://openai.com/gptbot)"
74.7.243.236 - - [16/Jun/2026:20:13:45 +0700] "GET /mentengpark_ok/vendor/phpdocumentor/type-resolver/src/PseudoTypes/CallableString.php HTTP/2.0" 500 1 "https://www.webawaw.com/laravel_kendal/vendor/league/config/src/index.php?copy=mentengpark_ok%2Fvendor%2Fphpdocumentor%2Ftype-resolver%2FLICENSE&p=mentengpark_ok%2Fvendor%2Fphpdocumentor%2Ftype-resolver%2Fsrc%2FPseudoTypes" "Mozilla/5.0 AppleWebKit/537.36 (KHTML, like Gecko; compatible; GPTBot/1.4; +https://openai.com/gptbot)"
74.7.243.236 - - [16/Jun/2026:20:13:45 +0700] "GET /laravel_kendal/vendor/league/config/src/index.php?copy=mentengpark_ok%2Fvendor%2Fphpdocumentor%2Ftype-resolver%2Fsrc%2FTypes%2FAggregatedType.php&p=mentengpark_ok%2Fvendor%2Fphpdocumentor%2Ftype-resolver%2Fsrc%2FTypes HTTP/2.0" 200 8758 "https://www.webawaw.com/laravel_kendal/vendor/league/config/src/index.php?copy=mentengpark_ok%2Fvendor%2Fphpdocumentor%2Ftype-resolver%2FLICENSE&p=mentengpark_ok%2Fvendor%2Fphpdocumentor%2Ftype-resolver%2Fsrc%2FTypes" "Mozilla/5.0 AppleWebKit/537.36 (KHTML, like Gecko; compatible; GPTBot/1.4; +https://openai.com/gptbot)"
74.7.243.236 - - [16/Jun/2026:20:13:47 +0700] "GET /mentengpark_ok/vendor/phpdocumentor/type-resolver/src/error_log HTTP/2.0" 404 - "https://www.webawaw.com/laravel_kendal/vendor/league/config/src/index.php?p=mentengpark_ok/vendor/phpdocumentor/type-resolver/src" "Mozilla/5.0 AppleWebKit/537.36 (KHTML, like Gecko; compatible; GPTBot/1.4; +https://openai.com/gptbot)"
74.7.243.236 - - [16/Jun/2026:20:13:48 +0700] "GET /mentengpark_ok/vendor/phpdocumentor/type-resolver/src/PseudoTypes/PositiveInteger.php HTTP/2.0" 500 1 "https://www.webawaw.com/laravel_kendal/vendor/league/config/src/index.php?copy=mentengpark_ok%2Fvendor%2Fphpdocumentor%2Ftype-resolver%2FLICENSE&p=mentengpark_ok%2Fvendor%2Fphpdocumentor%2Ftype-resolver%2Fsrc%2FPseudoTypes" "Mozilla/5.0 AppleWebKit/537.36 (KHTML, like Gecko; compatible; GPTBot/1.4; +https://openai.com/gptbot)"
74.7.243.236 - - [16/Jun/2026:20:13:50 +0700] "GET /mentengpark_ok/vendor/phpdocumentor/type-resolver/src/PseudoTypes/IntegerRange.php HTTP/2.0" 500 1 "https://www.webawaw.com/laravel_kendal/vendor/league/config/src/index.php?copy=mentengpark_ok%2Fvendor%2Fphpdocumentor%2Ftype-resolver%2FLICENSE&p=mentengpark_ok%2Fvendor%2Fphpdocumentor%2Ftype-resolver%2Fsrc%2FPseudoTypes" "Mozilla/5.0 AppleWebKit/537.36 (KHTML, like Gecko; compatible; GPTBot/1.4; +https://openai.com/gptbot)"
74.7.243.236 - - [16/Jun/2026:20:13:54 +0700] "GET /mentengpark_ok/vendor/phpdocumentor/type-resolver/src/PseudoTypes/error_log HTTP/2.0" 404 - "https://www.webawaw.com/laravel_kendal/vendor/league/config/src/index.php?copy=mentengpark_ok%2Fvendor%2Fphpdocumentor%2Ftype-resolver%2FLICENSE&p=mentengpark_ok%2Fvendor%2Fphpdocumentor%2Ftype-resolver%2Fsrc%2FPseudoTypes" "Mozilla/5.0 AppleWebKit/537.36 (KHTML, like Gecko; compatible; GPTBot/1.4; +https://openai.com/gptbot)"
74.7.243.236 - - [16/Jun/2026:20:14:08 +0700] "GET /mentengpark_ok/vendor/phpdocumentor/type-resolver/src/Types/error_log HTTP/2.0" 404 - "https://www.webawaw.com/laravel_kendal/vendor/league/config/src/index.php?copy=mentengpark_ok%2Fvendor%2Fphpdocumentor%2Ftype-resolver%2FLICENSE&p=mentengpark_ok%2Fvendor%2Fphpdocumentor%2Ftype-resolver%2Fsrc%2FTypes" "Mozilla/5.0 AppleWebKit/537.36 (KHTML, like Gecko; compatible; GPTBot/1.4; +https://openai.com/gptbot)"
185.191.171.12 - - [16/Jun/2026:20:14:16 +0700] "GET /mentengpark/vendor/myclabs/deep-copy/src/DeepCopy/Filter/Doctrine/ HTTP/1.1" 404 - "-" "Mozilla/5.0 (compatible; SemrushBot/7~bl; +http://www.semrush.com/bot.html)"
74.7.243.236 - - [16/Jun/2026:20:14:21 +0700] "GET /mentengpark_ok/vendor/phpdocumentor/type-resolver/src/Types/ContextFactory.php HTTP/2.0" 200 1 "https://www.webawaw.com/laravel_kendal/vendor/league/config/src/index.php?copy=mentengpark_ok%2Fvendor%2Fphpdocumentor%2Ftype-resolver%2FLICENSE&p=mentengpark_ok%2Fvendor%2Fphpdocumentor%2Ftype-resolver%2Fsrc%2FTypes" "Mozilla/5.0 AppleWebKit/537.36 (KHTML, like Gecko; compatible; GPTBot/1.4; +https://openai.com/gptbot)"
74.7.243.236 - - [16/Jun/2026:20:14:34 +0700] "GET /mentengpark_ok/vendor/phpdocumentor/type-resolver/src/Types/InterfaceString.php HTTP/2.0" 500 1 "https://www.webawaw.com/laravel_kendal/vendor/league/config/src/index.php?copy=mentengpark_ok%2Fvendor%2Fphpdocumentor%2Ftype-resolver%2FLICENSE&p=mentengpark_ok%2Fvendor%2Fphpdocumentor%2Ftype-resolver%2Fsrc%2FTypes" "Mozilla/5.0 AppleWebKit/537.36 (KHTML, like Gecko; compatible; GPTBot/1.4; +https://openai.com/gptbot)"
74.7.243.236 - - [16/Jun/2026:20:14:47 +0700] "GET /mentengpark_ok/vendor/phpdocumentor/type-resolver/src/Types/AbstractList.php HTTP/2.0" 500 1 "https://www.webawaw.com/laravel_kendal/vendor/league/config/src/index.php?copy=mentengpark_ok%2Fvendor%2Fphpdocumentor%2Ftype-resolver%2FLICENSE&p=mentengpark_ok%2Fvendor%2Fphpdocumentor%2Ftype-resolver%2Fsrc%2FTypes" "Mozilla/5.0 AppleWebKit/537.36 (KHTML, like Gecko; compatible; GPTBot/1.4; +https://openai.com/gptbot)"
185.191.171.14 - - [16/Jun/2026:20:15:05 +0700] "GET /laravel_kendal/vendor/filament/actions/resources/lang/mn/restore.php HTTP/1.1" 200 - "-" "Mozilla/5.0 (compatible; SemrushBot/7~bl; +http://www.semrush.com/bot.html)"
185.191.171.6 - - [16/Jun/2026:20:15:08 +0700] "GET /mentengpark/vendor/nikic/php-parser/lib/PhpParser/Node/Stmt/TraitUseAdaptation.php HTTP/1.1" 404 - "-" "Mozilla/5.0 (compatible; SemrushBot/7~bl; +http://www.semrush.com/bot.html)"
186.85.240.52 - - [16/Jun/2026:20:15:11 +0700] "GET /mentengpark/vendor/phpunit/php-code-coverage/src/?C=N&O=D HTTP/1.1" 404 - "-" "Mozilla/5.0 (Macintosh; Intel Mac OS X 10_12_6) AppleWebKit/537.36 (KHTML, like Gecko) Chrome/99.0.4844.84 Safari/537.36"
74.7.243.236 - - [16/Jun/2026:20:15:18 +0700] "GET /mentengpark_ok/vendor/phpdocumentor/type-resolver/src/Types/Intersection.php HTTP/2.0" 500 1 "https://www.webawaw.com/laravel_kendal/vendor/league/config/src/index.php?copy=mentengpark_ok%2Fvendor%2Fphpdocumentor%2Ftype-resolver%2FLICENSE&p=mentengpark_ok%2Fvendor%2Fphpdocumentor%2Ftype-resolver%2Fsrc%2FTypes" "Mozilla/5.0 AppleWebKit/537.36 (KHTML, like Gecko; compatible; GPTBot/1.4; +https://openai.com/gptbot)"
185.191.171.9 - - [16/Jun/2026:20:15:41 +0700] "GET /laravel_kendal/vendor/league/commonmark/src/Extension/InlinesOnly/ChildRenderer.php HTTP/1.1" 500 - "-" "Mozilla/5.0 (compatible; SemrushBot/7~bl; +http://www.semrush.com/bot.html)"
181.50.18.6 - - [16/Jun/2026:20:15:44 +0700] "GET /Iterator/?C=D&O=A HTTP/1.1" 200 3393 "-" "Mozilla/5.0 (Macintosh; Intel Mac OS X 10_15_6) AppleWebKit/537.36 (KHTML, like Gecko) Chrome/88.0.4324.150 Safari/537.36"
85.208.96.211 - - [16/Jun/2026:20:16:07 +0700] "GET /mentengpark_ok/vendor/laravel/framework/src/Illuminate/Validation/Concerns/ReplacesAttributes.php HTTP/1.1" 200 - "-" "Mozilla/5.0 (compatible; SemrushBot/7~bl; +http://www.semrush.com/bot.html)"
85.208.96.200 - - [16/Jun/2026:20:16:17 +0700] "GET /mentengpark/vendor/fakerphp/faker/src/Faker/Guesser/ HTTP/1.1" 404 - "-" "Mozilla/5.0 (compatible; SemrushBot/7~bl; +http://www.semrush.com/bot.html)"
74.7.243.236 - - [16/Jun/2026:20:16:22 +0700] "GET /mentengpark_ok/vendor/phpdocumentor/type-resolver/src/Types/AggregatedType.php HTTP/2.0" 500 1 "https://www.webawaw.com/laravel_kendal/vendor/league/config/src/index.php?copy=mentengpark_ok%2Fvendor%2Fphpdocumentor%2Ftype-resolver%2FLICENSE&p=mentengpark_ok%2Fvendor%2Fphpdocumentor%2Ftype-resolver%2Fsrc%2FTypes" "Mozilla/5.0 AppleWebKit/537.36 (KHTML, like Gecko; compatible; GPTBot/1.4; +https://openai.com/gptbot)"
185.191.171.10 - - [16/Jun/2026:20:16:48 +0700] "GET /laravel_kendal/vendor/fakerphp/faker/src/Faker/ORM/CakePHP/ColumnTypeGuesser.php HTTP/1.1" 200 - "-" "Mozilla/5.0 (compatible; SemrushBot/7~bl; +http://www.semrush.com/bot.html)"
85.208.96.200 - - [16/Jun/2026:20:17:08 +0700] "GET /laravel_kendal/vendor/phpoffice/phpspreadsheet/src/PhpSpreadsheet/Calculation/LookupRef/Address.php HTTP/1.1" 500 - "-" "Mozilla/5.0 (compatible; SemrushBot/7~bl; +http://www.semrush.com/bot.html)"
74.7.243.236 - - [16/Jun/2026:20:17:23 +0700] "GET /mentengpark_ok/vendor/phpdocumentor/type-resolver/src/Types/Void_.php HTTP/2.0" 500 1 "https://www.webawaw.com/laravel_kendal/vendor/league/config/src/index.php?copy=mentengpark_ok%2Fvendor%2Fphpdocumentor%2Ftype-resolver%2FLICENSE&p=mentengpark_ok%2Fvendor%2Fphpdocumentor%2Ftype-resolver%2Fsrc%2FTypes" "Mozilla/5.0 AppleWebKit/537.36 (KHTML, like Gecko; compatible; GPTBot/1.4; +https://openai.com/gptbot)"
74.7.243.236 - - [16/Jun/2026:20:18:27 +0700] "GET /mentengpark_ok/vendor/phpdocumentor/type-resolver/src/Types/Self_.php HTTP/2.0" 500 1 "https://www.webawaw.com/laravel_kendal/vendor/league/config/src/index.php?copy=mentengpark_ok%2Fvendor%2Fphpdocumentor%2Ftype-resolver%2FLICENSE&p=mentengpark_ok%2Fvendor%2Fphpdocumentor%2Ftype-resolver%2Fsrc%2FTypes" "Mozilla/5.0 AppleWebKit/537.36 (KHTML, like Gecko; compatible; GPTBot/1.4; +https://openai.com/gptbot)"
74.7.243.236 - - [16/Jun/2026:20:19:32 +0700] "GET /mentengpark_ok/vendor/phpdocumentor/type-resolver/src/Types/Null_.php HTTP/2.0" 500 1 "https://www.webawaw.com/laravel_kendal/vendor/league/config/src/index.php?copy=mentengpark_ok%2Fvendor%2Fphpdocumentor%2Ftype-resolver%2FLICENSE&p=mentengpark_ok%2Fvendor%2Fphpdocumentor%2Ftype-resolver%2Fsrc%2FTypes" "Mozilla/5.0 AppleWebKit/537.36 (KHTML, like Gecko; compatible; GPTBot/1.4; +https://openai.com/gptbot)"
85.208.96.204 - - [16/Jun/2026:20:19:44 +0700] "GET /mentengpark/vendor/psy/psysh/src/Command/TimeitCommand/ HTTP/1.1" 404 - "-" "Mozilla/5.0 (compatible; SemrushBot/7~bl; +http://www.semrush.com/bot.html)"
85.208.96.198 - - [16/Jun/2026:20:20:17 +0700] "GET /mentengpark_ok/vendor/laravel/framework/src/Illuminate/Encryption/MissingAppKeyException.php HTTP/1.1" 200 - "-" "Mozilla/5.0 (compatible; SemrushBot/7~bl; +http://www.semrush.com/bot.html)"
85.208.96.200 - - [16/Jun/2026:20:20:19 +0700] "GET /laravel_kendal/vendor/laravel/framework/src/Illuminate/Foundation/Bootstrap/RegisterProviders.php HTTP/1.1" 200 - "-" "Mozilla/5.0 (compatible; SemrushBot/7~bl; +http://www.semrush.com/bot.html)"
185.191.171.14 - - [16/Jun/2026:20:20:23 +0700] "GET /mentengpark_ok/vendor/fakerphp/faker/src/Faker/Provider/ms_MY/Company.php HTTP/1.1" 500 - "-" "Mozilla/5.0 (compatible; SemrushBot/7~bl; +http://www.semrush.com/bot.html)"
85.208.96.212 - - [16/Jun/2026:20:20:26 +0700] "GET /mentengpark_ok/vendor/phpspec/prophecy/src/Prophecy/Exception/Prediction/UnexpectedCallsCountException.php HTTP/1.1" 500 - "-" "Mozilla/5.0 (compatible; SemrushBot/7~bl; +http://www.semrush.com/bot.html)"
185.191.171.3 - - [16/Jun/2026:20:20:30 +0700] "GET /laravel_kendal/vendor/nesbot/carbon/src/Carbon/Lang/wal.php HTTP/1.1" 200 - "-" "Mozilla/5.0 (compatible; SemrushBot/7~bl; +http://www.semrush.com/bot.html)"
74.7.243.236 - - [16/Jun/2026:20:20:38 +0700] "GET /mentengpark_ok/vendor/phpdocumentor/type-resolver/src/Types/String_.php HTTP/2.0" 500 1 "https://www.webawaw.com/laravel_kendal/vendor/league/config/src/index.php?copy=mentengpark_ok%2Fvendor%2Fphpdocumentor%2Ftype-resolver%2FLICENSE&p=mentengpark_ok%2Fvendor%2Fphpdocumentor%2Ftype-resolver%2Fsrc%2FTypes" "Mozilla/5.0 AppleWebKit/537.36 (KHTML, like Gecko; compatible; GPTBot/1.4; +https://openai.com/gptbot)"
5.21.132.175 - - [16/Jun/2026:20:20:41 +0700] "GET /rwtest/compro/?C=M&O=A HTTP/1.1" 200 658 "-" "Mozilla/5.0 (Macintosh; Intel Mac OS X 10_15_6) AppleWebKit/537.36 (KHTML, like Gecko) Chrome/88.0.4324.150 Safari/537.36"
54.39.203.17 - - [16/Jun/2026:20:21:30 +0700] "GET /mentengpark/ HTTP/2.0" 404 - "-" "Mozilla/5.0 (compatible; AhrefsBot/7.0; +http://ahrefs.com/robot/)"
74.7.243.236 - - [16/Jun/2026:20:21:38 +0700] "GET /mentengpark_ok/vendor/phpdocumentor/type-resolver/src/Types/Object_.php HTTP/2.0" 500 1 "https://www.webawaw.com/laravel_kendal/vendor/league/config/src/index.php?copy=mentengpark_ok%2Fvendor%2Fphpdocumentor%2Ftype-resolver%2FLICENSE&p=mentengpark_ok%2Fvendor%2Fphpdocumentor%2Ftype-resolver%2Fsrc%2FTypes" "Mozilla/5.0 AppleWebKit/537.36 (KHTML, like Gecko; compatible; GPTBot/1.4; +https://openai.com/gptbot)"
74.7.243.236 - - [16/Jun/2026:20:22:44 +0700] "GET /mentengpark_ok/vendor/phpdocumentor/type-resolver/src/Types/Mixed_.php HTTP/2.0" 500 1 "https://www.webawaw.com/laravel_kendal/vendor/league/config/src/index.php?copy=mentengpark_ok%2Fvendor%2Fphpdocumentor%2Ftype-resolver%2FLICENSE&p=mentengpark_ok%2Fvendor%2Fphpdocumentor%2Ftype-resolver%2Fsrc%2FTypes" "Mozilla/5.0 AppleWebKit/537.36 (KHTML, like Gecko; compatible; GPTBot/1.4; +https://openai.com/gptbot)"
85.208.96.208 - - [16/Jun/2026:20:23:00 +0700] "GET /laravel_kendal/vendor/laravel/framework/src/Illuminate/Foundation/Console/QueuedCommand.php HTTP/1.1" 500 - "-" "Mozilla/5.0 (compatible; SemrushBot/7~bl; +http://www.semrush.com/bot.html)"
185.191.171.16 - - [16/Jun/2026:20:23:50 +0700] "GET /mentengpark_ok/vendor/ezyang/htmlpurifier/library/HTMLPurifier/HTMLModule/CommonAttributes.php HTTP/1.1" 500 - "-" "Mozilla/5.0 (compatible; SemrushBot/7~bl; +http://www.semrush.com/bot.html)"
74.7.243.236 - - [16/Jun/2026:20:23:49 +0700] "GET /mentengpark_ok/vendor/phpdocumentor/type-resolver/src/PseudoTypes/List_.php HTTP/2.0" 500 1 "https://www.webawaw.com/laravel_kendal/vendor/league/config/src/index.php?copy=mentengpark_ok%2Fvendor%2Fphpdocumentor%2Ftype-resolver%2FLICENSE&p=mentengpark_ok%2Fvendor%2Fphpdocumentor%2Ftype-resolver%2Fsrc%2FPseudoTypes" "Mozilla/5.0 AppleWebKit/537.36 (KHTML, like Gecko; compatible; GPTBot/1.4; +https://openai.com/gptbot)"
85.208.96.208 - - [16/Jun/2026:20:24:12 +0700] "GET /mentengpark/vendor/phpoffice/phpspreadsheet/src/PhpSpreadsheet/Writer/Xls/ HTTP/1.1" 404 - "-" "Mozilla/5.0 (compatible; SemrushBot/7~bl; +http://www.semrush.com/bot.html)"
85.208.96.198 - - [16/Jun/2026:20:24:30 +0700] "GET /laravel_kendal/vendor/nesbot/carbon/src/Carbon/Traits/IntervalRounding.php HTTP/1.1" 200 - "-" "Mozilla/5.0 (compatible; SemrushBot/7~bl; +http://www.semrush.com/bot.html)"
185.191.171.3 - - [16/Jun/2026:20:24:32 +0700] "GET /mentengpark_ok/vendor/phpoffice/phpspreadsheet/src/PhpSpreadsheet/Calculation/LookupRef/Helpers.php HTTP/1.1" 200 - "-" "Mozilla/5.0 (compatible; SemrushBot/7~bl; +http://www.semrush.com/bot.html)"
74.7.243.236 - - [16/Jun/2026:20:24:53 +0700] "GET /mentengpark_ok/vendor/phpdocumentor/type-resolver/src/Types/Static_.php HTTP/2.0" 500 1 "https://www.webawaw.com/laravel_kendal/vendor/league/config/src/index.php?copy=mentengpark_ok%2Fvendor%2Fphpdocumentor%2Ftype-resolver%2FLICENSE&p=mentengpark_ok%2Fvendor%2Fphpdocumentor%2Ftype-resolver%2Fsrc%2FTypes" "Mozilla/5.0 AppleWebKit/537.36 (KHTML, like Gecko; compatible; GPTBot/1.4; +https://openai.com/gptbot)"
185.191.171.3 - - [16/Jun/2026:20:25:13 +0700] "GET /laravel_kendal/vendor/filament/support/resources/lang/km/components/button.php HTTP/1.1" 200 - "-" "Mozilla/5.0 (compatible; SemrushBot/7~bl; +http://www.semrush.com/bot.html)"
74.7.243.236 - - [16/Jun/2026:20:25:59 +0700] "GET /mentengpark_ok/vendor/phpdocumentor/type-resolver/src/Types/Callable_.php HTTP/2.0" 500 1 "https://www.webawaw.com/laravel_kendal/vendor/league/config/src/index.php?copy=mentengpark_ok%2Fvendor%2Fphpdocumentor%2Ftype-resolver%2FLICENSE&p=mentengpark_ok%2Fvendor%2Fphpdocumentor%2Ftype-resolver%2Fsrc%2FTypes" "Mozilla/5.0 AppleWebKit/537.36 (KHTML, like Gecko; compatible; GPTBot/1.4; +https://openai.com/gptbot)"
185.191.171.12 - - [16/Jun/2026:20:26:06 +0700] "GET /laravel_kendal/vendor/league/commonmark/src/Extension/Footnote/Parser/FootnoteRefParser.php HTTP/1.1" 500 - "-" "Mozilla/5.0 (compatible; SemrushBot/7~bl; +http://www.semrush.com/bot.html)"
185.191.171.3 - - [16/Jun/2026:20:27:02 +0700] "GET /mentengpark_ok/vendor/phpoffice/phpspreadsheet/src/PhpSpreadsheet/Style/ConditionalFormatting/Wizard.php HTTP/1.1" 200 - "-" "Mozilla/5.0 (compatible; SemrushBot/7~bl; +http://www.semrush.com/bot.html)"
74.7.243.236 - - [16/Jun/2026:20:27:03 +0700] "GET /mentengpark_ok/vendor/phpdocumentor/type-resolver/src/Types/Float_.php HTTP/2.0" 500 1 "https://www.webawaw.com/laravel_kendal/vendor/league/config/src/index.php?copy=mentengpark_ok%2Fvendor%2Fphpdocumentor%2Ftype-resolver%2FLICENSE&p=mentengpark_ok%2Fvendor%2Fphpdocumentor%2Ftype-resolver%2Fsrc%2FTypes" "Mozilla/5.0 AppleWebKit/537.36 (KHTML, like Gecko; compatible; GPTBot/1.4; +https://openai.com/gptbot)"
185.191.171.4 - - [16/Jun/2026:20:27:21 +0700] "GET /laravel_kendal/vendor/league/commonmark/src/Extension/FrontMatter/Exception/InvalidFrontMatterException.php HTTP/1.1" 500 - "-" "Mozilla/5.0 (compatible; SemrushBot/7~bl; +http://www.semrush.com/bot.html)"
85.208.96.212 - - [16/Jun/2026:20:27:33 +0700] "GET /laravel_kendal/vendor/league/commonmark/src/Extension/DefaultAttributes/ApplyDefaultAttributesProcessor.php HTTP/1.1" 500 - "-" "Mozilla/5.0 (compatible; SemrushBot/7~bl; +http://www.semrush.com/bot.html)"
85.208.96.207 - - [16/Jun/2026:20:27:51 +0700] "GET /mentengpark_ok/vendor/laravel/framework/src/Illuminate/Auth/Events/Attempting.php HTTP/1.1" 200 - "-" "Mozilla/5.0 (compatible; SemrushBot/7~bl; +http://www.semrush.com/bot.html)"
74.7.243.236 - - [16/Jun/2026:20:28:08 +0700] "GET /mentengpark_ok/vendor/phpdocumentor/type-resolver/src/Types/Array_.php HTTP/2.0" 500 1 "https://www.webawaw.com/laravel_kendal/vendor/league/config/src/index.php?copy=mentengpark_ok%2Fvendor%2Fphpdocumentor%2Ftype-resolver%2FLICENSE&p=mentengpark_ok%2Fvendor%2Fphpdocumentor%2Ftype-resolver%2Fsrc%2FTypes" "Mozilla/5.0 AppleWebKit/537.36 (KHTML, like Gecko; compatible; GPTBot/1.4; +https://openai.com/gptbot)"
185.191.171.4 - - [16/Jun/2026:20:28:50 +0700] "GET /laravel_kendal/vendor/bacon/bacon-qr-code/src/Renderer/RendererStyle/GradientType.php HTTP/1.1" 500 - "-" "Mozilla/5.0 (compatible; SemrushBot/7~bl; +http://www.semrush.com/bot.html)"
74.7.243.236 - - [16/Jun/2026:20:29:09 +0700] "GET /mentengpark_ok/vendor/phpdocumentor/type-resolver/src/Types/Iterable_.php HTTP/2.0" 500 1 "https://www.webawaw.com/laravel_kendal/vendor/league/config/src/index.php?copy=mentengpark_ok%2Fvendor%2Fphpdocumentor%2Ftype-resolver%2FLICENSE&p=mentengpark_ok%2Fvendor%2Fphpdocumentor%2Ftype-resolver%2Fsrc%2FTypes" "Mozilla/5.0 AppleWebKit/537.36 (KHTML, like Gecko; compatible; GPTBot/1.4; +https://openai.com/gptbot)"
197.155.176.219 - - [16/Jun/2026:20:29:25 +0700] "GET /rwtest/?C=S&O=A HTTP/1.1" 200 812 "-" "Mozilla/5.0 (Windows NT 6.1; Win64; x64) AppleWebKit/537.36 (KHTML, like Gecko) Chrome/92.0.4515.131 Safari/537.36"
85.208.96.211 - - [16/Jun/2026:20:29:39 +0700] "GET /mentengpark/vendor/nesbot/carbon/src/Carbon/Lang/gd.php HTTP/1.1" 404 - "-" "Mozilla/5.0 (compatible; SemrushBot/7~bl; +http://www.semrush.com/bot.html)"
74.7.243.236 - - [16/Jun/2026:20:30:15 +0700] "GET /mentengpark_ok/vendor/phpdocumentor/type-resolver/src/Types/Resource_.php HTTP/2.0" 500 1 "https://www.webawaw.com/laravel_kendal/vendor/league/config/src/index.php?copy=mentengpark_ok%2Fvendor%2Fphpdocumentor%2Ftype-resolver%2FLICENSE&p=mentengpark_ok%2Fvendor%2Fphpdocumentor%2Ftype-resolver%2Fsrc%2FTypes" "Mozilla/5.0 AppleWebKit/537.36 (KHTML, like Gecko; compatible; GPTBot/1.4; +https://openai.com/gptbot)"
85.208.96.198 - - [16/Jun/2026:20:30:39 +0700] "GET /mentengpark/vendor/laravel/framework/src/Illuminate/Session/CacheBasedSessionHandler.php HTTP/1.1" 404 - "-" "Mozilla/5.0 (compatible; SemrushBot/7~bl; +http://www.semrush.com/bot.html)"
74.7.243.236 - - [16/Jun/2026:20:31:18 +0700] "GET /mentengpark_ok/vendor/phpdocumentor/type-resolver/src/Types/Never_.php HTTP/2.0" 500 1 "https://www.webawaw.com/laravel_kendal/vendor/league/config/src/index.php?copy=mentengpark_ok%2Fvendor%2Fphpdocumentor%2Ftype-resolver%2FLICENSE&p=mentengpark_ok%2Fvendor%2Fphpdocumentor%2Ftype-resolver%2Fsrc%2FTypes" "Mozilla/5.0 AppleWebKit/537.36 (KHTML, like Gecko; compatible; GPTBot/1.4; +https://openai.com/gptbot)"
185.191.171.10 - - [16/Jun/2026:20:31:23 +0700] "GET /mentengpark_ok/vendor/nikic/php-parser/lib/PhpParser/Node/Stmt/Function_.php HTTP/1.1" 500 - "-" "Mozilla/5.0 (compatible; SemrushBot/7~bl; +http://www.semrush.com/bot.html)"
185.191.171.15 - - [16/Jun/2026:20:31:34 +0700] "GET /mentengpark/vendor/phpoffice/phpspreadsheet/src/PhpSpreadsheet/Style/ConditionalFormatting/ConditionalDataBarExtension.php HTTP/1.1" 404 - "-" "Mozilla/5.0 (compatible; SemrushBot/7~bl; +http://www.semrush.com/bot.html)"
74.7.243.236 - - [16/Jun/2026:20:32:22 +0700] "GET /mentengpark_ok/vendor/phpdocumentor/type-resolver/src/Types/Parent_.php HTTP/2.0" 500 1 "https://www.webawaw.com/laravel_kendal/vendor/league/config/src/index.php?copy=mentengpark_ok%2Fvendor%2Fphpdocumentor%2Ftype-resolver%2FLICENSE&p=mentengpark_ok%2Fvendor%2Fphpdocumentor%2Ftype-resolver%2Fsrc%2FTypes" "Mozilla/5.0 AppleWebKit/537.36 (KHTML, like Gecko; compatible; GPTBot/1.4; +https://openai.com/gptbot)"
185.191.171.5 - - [16/Jun/2026:20:32:47 +0700] "GET /laravel_kendal/vendor/laravel/framework/src/Illuminate/Foundation/Bus/Dispatchable.php HTTP/1.1" 200 - "-" "Mozilla/5.0 (compatible; SemrushBot/7~bl; +http://www.semrush.com/bot.html)"
185.191.171.1 - - [16/Jun/2026:20:32:49 +0700] "GET /laravel_kendal/vendor/phpoffice/phpspreadsheet/src/PhpSpreadsheet/Calculation/Database/DatabaseAbstract.php HTTP/1.1" 200 - "-" "Mozilla/5.0 (compatible; SemrushBot/7~bl; +http://www.semrush.com/bot.html)"
185.191.171.19 - - [16/Jun/2026:20:32:52 +0700] "GET /mentengpark_ok/vendor/nikic/php-parser/lib/PhpParser/Builder/Interface_.php HTTP/1.1" 500 - "-" "Mozilla/5.0 (compatible; SemrushBot/7~bl; +http://www.semrush.com/bot.html)"
74.7.243.236 - - [16/Jun/2026:20:33:25 +0700] "GET /mentengpark_ok/vendor/phpdocumentor/type-resolver/src/PseudoTypes/NonEmptyLowercaseString.php HTTP/2.0" 500 1 "https://www.webawaw.com/laravel_kendal/vendor/league/config/src/index.php?copy=mentengpark_ok%2Fvendor%2Fphpdocumentor%2Ftype-resolver%2FLICENSE&p=mentengpark_ok%2Fvendor%2Fphpdocumentor%2Ftype-resolver%2Fsrc%2FPseudoTypes" "Mozilla/5.0 AppleWebKit/537.36 (KHTML, like Gecko; compatible; GPTBot/1.4; +https://openai.com/gptbot)"
85.208.96.203 - - [16/Jun/2026:20:33:47 +0700] "GET /mentengpark/vendor/league/commonmark/src/Block/Renderer/ListItemRenderer.php HTTP/1.1" 404 - "-" "Mozilla/5.0 (compatible; SemrushBot/7~bl; +http://www.semrush.com/bot.html)"
74.7.241.134 - - [16/Jun/2026:20:33:59 +0700] "GET /robots.txt HTTP/2.0" 404 - "-" "Mozilla/5.0 (Macintosh; Intel Mac OS X 10_15_7) AppleWebKit/537.36 (KHTML, like Gecko) Chrome/131.0.0.0 Safari/537.36; compatible; OAI-SearchBot/1.4; robots.txt; +https://openai.com/searchbot"
74.7.243.236 - - [16/Jun/2026:20:34:26 +0700] "GET /mentengpark_ok/vendor/phpdocumentor/type-resolver/src/Types/ClassString.php HTTP/2.0" 500 1 "https://www.webawaw.com/laravel_kendal/vendor/league/config/src/index.php?copy=mentengpark_ok%2Fvendor%2Fphpdocumentor%2Ftype-resolver%2FLICENSE&p=mentengpark_ok%2Fvendor%2Fphpdocumentor%2Ftype-resolver%2Fsrc%2FTypes" "Mozilla/5.0 AppleWebKit/537.36 (KHTML, like Gecko; compatible; GPTBot/1.4; +https://openai.com/gptbot)"
74.7.243.236 - - [16/Jun/2026:20:35:28 +0700] "GET /mentengpark_ok/vendor/phpdocumentor/type-resolver/src/Types/This.php HTTP/2.0" 500 1 "https://www.webawaw.com/laravel_kendal/vendor/league/config/src/index.php?copy=mentengpark_ok%2Fvendor%2Fphpdocumentor%2Ftype-resolver%2FLICENSE&p=mentengpark_ok%2Fvendor%2Fphpdocumentor%2Ftype-resolver%2Fsrc%2FTypes" "Mozilla/5.0 AppleWebKit/537.36 (KHTML, like Gecko; compatible; GPTBot/1.4; +https://openai.com/gptbot)"
85.208.96.212 - - [16/Jun/2026:20:35:34 +0700] "GET /laravel_kendal/vendor/maatwebsite/excel/src/Middleware/TrimCellValue.php HTTP/1.1" 500 - "-" "Mozilla/5.0 (compatible; SemrushBot/7~bl; +http://www.semrush.com/bot.html)"
74.7.243.236 - - [16/Jun/2026:20:36:29 +0700] "GET /mentengpark_ok/vendor/phpdocumentor/type-resolver/src/PseudoTypes/True_.php HTTP/2.0" 500 1 "https://www.webawaw.com/laravel_kendal/vendor/league/config/src/index.php?copy=mentengpark_ok%2Fvendor%2Fphpdocumentor%2Ftype-resolver%2FLICENSE&p=mentengpark_ok%2Fvendor%2Fphpdocumentor%2Ftype-resolver%2Fsrc%2FPseudoTypes" "Mozilla/5.0 AppleWebKit/537.36 (KHTML, like Gecko; compatible; GPTBot/1.4; +https://openai.com/gptbot)"
85.208.96.205 - - [16/Jun/2026:20:37:10 +0700] "GET /laravel_kendal/vendor/laravel/framework/src/Illuminate/Foundation/Console/ModelMakeCommand.php HTTP/1.1" 500 - "-" "Mozilla/5.0 (compatible; SemrushBot/7~bl; +http://www.semrush.com/bot.html)"
74.7.243.236 - - [16/Jun/2026:20:37:32 +0700] "GET /mentengpark_ok/vendor/phpdocumentor/type-resolver/src/PseudoTypes/False_.php HTTP/2.0" 500 1 "https://www.webawaw.com/laravel_kendal/vendor/league/config/src/index.php?copy=mentengpark_ok%2Fvendor%2Fphpdocumentor%2Ftype-resolver%2FLICENSE&p=mentengpark_ok%2Fvendor%2Fphpdocumentor%2Ftype-resolver%2Fsrc%2FPseudoTypes" "Mozilla/5.0 AppleWebKit/537.36 (KHTML, like Gecko; compatible; GPTBot/1.4; +https://openai.com/gptbot)"
74.7.243.236 - - [16/Jun/2026:20:38:37 +0700] "GET /mentengpark_ok/vendor/phpdocumentor/type-resolver/src/PseudoTypes/Numeric_.php HTTP/2.0" 500 1 "https://www.webawaw.com/laravel_kendal/vendor/league/config/src/index.php?copy=mentengpark_ok%2Fvendor%2Fphpdocumentor%2Ftype-resolver%2FLICENSE&p=mentengpark_ok%2Fvendor%2Fphpdocumentor%2Ftype-resolver%2Fsrc%2FPseudoTypes" "Mozilla/5.0 AppleWebKit/537.36 (KHTML, like Gecko; compatible; GPTBot/1.4; +https://openai.com/gptbot)"
185.191.171.5 - - [16/Jun/2026:20:38:58 +0700] "GET /laravel_kendal/vendor/laravel/framework/src/Illuminate/Routing/Middleware/ThrottleRequests.php HTTP/1.1" 500 - "-" "Mozilla/5.0 (compatible; SemrushBot/7~bl; +http://www.semrush.com/bot.html)"
185.191.171.8 - - [16/Jun/2026:20:39:17 +0700] "GET /laravel_kendal/vendor/phpoffice/phpspreadsheet/src/PhpSpreadsheet/Calculation/Engineering/BesselK.php HTTP/1.1" 500 - "-" "Mozilla/5.0 (compatible; SemrushBot/7~bl; +http://www.semrush.com/bot.html)"
85.208.96.193 - - [16/Jun/2026:20:39:20 +0700] "GET /mentengpark_ok/vendor/maatwebsite/excel/src/Facades/Excel.php HTTP/1.1" 500 - "-" "Mozilla/5.0 (compatible; SemrushBot/7~bl; +http://www.semrush.com/bot.html)"
74.7.243.236 - - [16/Jun/2026:20:39:37 +0700] "GET /mentengpark_ok/vendor/phpdocumentor/type-resolver/src/Types/Nullable.php HTTP/2.0" 500 1 "https://www.webawaw.com/laravel_kendal/vendor/league/config/src/index.php?copy=mentengpark_ok%2Fvendor%2Fphpdocumentor%2Ftype-resolver%2FLICENSE&p=mentengpark_ok%2Fvendor%2Fphpdocumentor%2Ftype-resolver%2Fsrc%2FTypes" "Mozilla/5.0 AppleWebKit/537.36 (KHTML, like Gecko; compatible; GPTBot/1.4; +https://openai.com/gptbot)"
74.7.243.236 - - [16/Jun/2026:20:40:42 +0700] "GET /mentengpark_ok/vendor/phpdocumentor/type-resolver/src/Types/Scalar.php HTTP/2.0" 500 1 "https://www.webawaw.com/laravel_kendal/vendor/league/config/src/index.php?copy=mentengpark_ok%2Fvendor%2Fphpdocumentor%2Ftype-resolver%2FLICENSE&p=mentengpark_ok%2Fvendor%2Fphpdocumentor%2Ftype-resolver%2Fsrc%2FTypes" "Mozilla/5.0 AppleWebKit/537.36 (KHTML, like Gecko; compatible; GPTBot/1.4; +https://openai.com/gptbot)"
85.208.96.206 - - [16/Jun/2026:20:41:11 +0700] "GET /laravel_kendal/vendor/filament/support/resources/lang/ca/components/copyable.php HTTP/1.1" 200 - "-" "Mozilla/5.0 (compatible; SemrushBot/7~bl; +http://www.semrush.com/bot.html)"
185.191.171.10 - - [16/Jun/2026:20:41:19 +0700] "GET /laravel_kendal/vendor/laravel/framework/src/Illuminate/Contracts/Foundation/MaintenanceMode.php HTTP/1.1" 200 - "-" "Mozilla/5.0 (compatible; SemrushBot/7~bl; +http://www.semrush.com/bot.html)"
74.7.243.236 - - [16/Jun/2026:20:41:47 +0700] "GET /mentengpark_ok/vendor/phpdocumentor/type-resolver/src/PseudoTypes/HtmlEscapedString.php HTTP/2.0" 500 1 "https://www.webawaw.com/laravel_kendal/vendor/league/config/src/index.php?copy=mentengpark_ok%2Fvendor%2Fphpdocumentor%2Ftype-resolver%2FLICENSE&p=mentengpark_ok%2Fvendor%2Fphpdocumentor%2Ftype-resolver%2Fsrc%2FPseudoTypes" "Mozilla/5.0 AppleWebKit/537.36 (KHTML, like Gecko; compatible; GPTBot/1.4; +https://openai.com/gptbot)"
185.191.171.18 - - [16/Jun/2026:20:42:10 +0700] "GET /laravel_kendal/vendor/ezyang/htmlpurifier/library/HTMLPurifier/Strategy/MakeWellFormed.php HTTP/1.1" 500 - "-" "Mozilla/5.0 (compatible; SemrushBot/7~bl; +http://www.semrush.com/bot.html)"
185.191.171.15 - - [16/Jun/2026:20:42:44 +0700] "GET /laravel_kendal/vendor/filament/actions/resources/lang/no/export.php HTTP/1.1" 200 - "-" "Mozilla/5.0 (compatible; SemrushBot/7~bl; +http://www.semrush.com/bot.html)"
74.7.243.236 - - [16/Jun/2026:20:42:52 +0700] "GET /mentengpark_ok/vendor/phpdocumentor/type-resolver/src/PseudoTypes/TraitString.php HTTP/2.0" 500 1 "https://www.webawaw.com/laravel_kendal/vendor/league/config/src/index.php?copy=mentengpark_ok%2Fvendor%2Fphpdocumentor%2Ftype-resolver%2FLICENSE&p=mentengpark_ok%2Fvendor%2Fphpdocumentor%2Ftype-resolver%2Fsrc%2FPseudoTypes" "Mozilla/5.0 AppleWebKit/537.36 (KHTML, like Gecko; compatible; GPTBot/1.4; +https://openai.com/gptbot)"
74.7.243.236 - - [16/Jun/2026:20:43:54 +0700] "GET /mentengpark_ok/vendor/phpdocumentor/type-resolver/src/Types/Integer.php HTTP/2.0" 500 1 "https://www.webawaw.com/laravel_kendal/vendor/league/config/src/index.php?copy=mentengpark_ok%2Fvendor%2Fphpdocumentor%2Ftype-resolver%2FLICENSE&p=mentengpark_ok%2Fvendor%2Fphpdocumentor%2Ftype-resolver%2Fsrc%2FTypes" "Mozilla/5.0 AppleWebKit/537.36 (KHTML, like Gecko; compatible; GPTBot/1.4; +https://openai.com/gptbot)"
185.191.171.7 - - [16/Jun/2026:20:44:04 +0700] "GET /laravel_kendal/vendor/spatie/laravel-package-tools/src/Commands/Concerns/ HTTP/1.1" 200 1811 "-" "Mozilla/5.0 (compatible; SemrushBot/7~bl; +http://www.semrush.com/bot.html)"
185.191.171.9 - - [16/Jun/2026:20:44:47 +0700] "GET /mentengpark_ok/vendor/laravel/framework/src/Illuminate/Mail/Message.php HTTP/1.1" 500 - "-" "Mozilla/5.0 (compatible; SemrushBot/7~bl; +http://www.semrush.com/bot.html)"
74.7.243.236 - - [16/Jun/2026:20:44:58 +0700] "GET /mentengpark_ok/vendor/phpdocumentor/type-resolver/src/Types/ArrayKey.php HTTP/2.0" 500 1 "https://www.webawaw.com/laravel_kendal/vendor/league/config/src/index.php?copy=mentengpark_ok%2Fvendor%2Fphpdocumentor%2Ftype-resolver%2FLICENSE&p=mentengpark_ok%2Fvendor%2Fphpdocumentor%2Ftype-resolver%2Fsrc%2FTypes" "Mozilla/5.0 AppleWebKit/537.36 (KHTML, like Gecko; compatible; GPTBot/1.4; +https://openai.com/gptbot)"
185.191.171.9 - - [16/Jun/2026:20:45:01 +0700] "GET /mentengpark_ok/vendor/phpoffice/phpspreadsheet/src/PhpSpreadsheet/Calculation/LookupRef/Hyperlink.php HTTP/1.1" 200 - "-" "Mozilla/5.0 (compatible; SemrushBot/7~bl; +http://www.semrush.com/bot.html)"
74.7.243.236 - - [16/Jun/2026:20:46:04 +0700] "GET /mentengpark_ok/vendor/phpdocumentor/type-resolver/src/Types/Compound.php HTTP/2.0" 500 1 "https://www.webawaw.com/laravel_kendal/vendor/league/config/src/index.php?copy=mentengpark_ok%2Fvendor%2Fphpdocumentor%2Ftype-resolver%2FLICENSE&p=mentengpark_ok%2Fvendor%2Fphpdocumentor%2Ftype-resolver%2Fsrc%2FTypes" "Mozilla/5.0 AppleWebKit/537.36 (KHTML, like Gecko; compatible; GPTBot/1.4; +https://openai.com/gptbot)"
85.208.96.200 - - [16/Jun/2026:20:46:07 +0700] "GET /laravel_kendal/vendor/fakerphp/faker/src/Faker/ORM/Spot/ColumnTypeGuesser.php HTTP/1.1" 200 - "-" "Mozilla/5.0 (compatible; SemrushBot/7~bl; +http://www.semrush.com/bot.html)"
74.7.243.236 - - [16/Jun/2026:20:47:08 +0700] "GET /mentengpark_ok/vendor/phpdocumentor/type-resolver/src/Types/Boolean.php HTTP/2.0" 500 1 "https://www.webawaw.com/laravel_kendal/vendor/league/config/src/index.php?copy=mentengpark_ok%2Fvendor%2Fphpdocumentor%2Ftype-resolver%2FLICENSE&p=mentengpark_ok%2Fvendor%2Fphpdocumentor%2Ftype-resolver%2Fsrc%2FTypes" "Mozilla/5.0 AppleWebKit/537.36 (KHTML, like Gecko; compatible; GPTBot/1.4; +https://openai.com/gptbot)"
185.191.171.5 - - [16/Jun/2026:20:47:11 +0700] "GET /laravel_kendal/vendor/laravel/framework/src/Illuminate/Routing/Console/MiddlewareMakeCommand.php HTTP/1.1" 500 - "-" "Mozilla/5.0 (compatible; SemrushBot/7~bl; +http://www.semrush.com/bot.html)"
85.208.96.200 - - [16/Jun/2026:20:48:02 +0700] "GET /mentengpark/vendor/markbaker/matrix/classes/src/ HTTP/1.1" 404 - "-" "Mozilla/5.0 (compatible; SemrushBot/7~bl; +http://www.semrush.com/bot.html)"
74.7.243.236 - - [16/Jun/2026:20:48:10 +0700] "GET /mentengpark_ok/vendor/phpdocumentor/type-resolver/src/Types/Collection.php HTTP/2.0" 500 1 "https://www.webawaw.com/laravel_kendal/vendor/league/config/src/index.php?copy=mentengpark_ok%2Fvendor%2Fphpdocumentor%2Ftype-resolver%2FLICENSE&p=mentengpark_ok%2Fvendor%2Fphpdocumentor%2Ftype-resolver%2Fsrc%2FTypes" "Mozilla/5.0 AppleWebKit/537.36 (KHTML, like Gecko; compatible; GPTBot/1.4; +https://openai.com/gptbot)"
74.7.230.45 - - [16/Jun/2026:20:48:12 +0700] "GET /robots.txt HTTP/2.0" 404 - "-" "Mozilla/5.0 (Macintosh; Intel Mac OS X 10_15_7) AppleWebKit/537.36 (KHTML, like Gecko) Chrome/131.0.0.0 Safari/537.36; compatible; OAI-SearchBot/1.4; robots.txt; +https://openai.com/searchbot"
85.208.96.193 - - [16/Jun/2026:20:48:52 +0700] "GET /mentengpark_ok/vendor/fakerphp/faker/src/Faker/Provider/it_IT/Address.php HTTP/1.1" 500 - "-" "Mozilla/5.0 (compatible; SemrushBot/7~bl; +http://www.semrush.com/bot.html)"
74.7.243.236 - - [16/Jun/2026:20:49:14 +0700] "GET /mentengpark_ok/vendor/phpdocumentor/type-resolver/src/Types/Context.php HTTP/2.0" 200 1 "https://www.webawaw.com/laravel_kendal/vendor/league/config/src/index.php?copy=mentengpark_ok%2Fvendor%2Fphpdocumentor%2Ftype-resolver%2FLICENSE&p=mentengpark_ok%2Fvendor%2Fphpdocumentor%2Ftype-resolver%2Fsrc%2FTypes" "Mozilla/5.0 AppleWebKit/537.36 (KHTML, like Gecko; compatible; GPTBot/1.4; +https://openai.com/gptbot)"
85.208.96.197 - - [16/Jun/2026:20:49:17 +0700] "GET /laravel_kendal/vendor/league/commonmark/src/Extension/Mention/Generator/StringTemplateLinkGenerator.php HTTP/1.1" 500 - "-" "Mozilla/5.0 (compatible; SemrushBot/7~bl; +http://www.semrush.com/bot.html)"
185.191.171.12 - - [16/Jun/2026:20:49:50 +0700] "GET /mentengpark/vendor/phpoffice/phpspreadsheet/src/PhpSpreadsheet/Writer/Ods/NamedExpressions.php HTTP/1.1" 404 - "-" "Mozilla/5.0 (compatible; SemrushBot/7~bl; +http://www.semrush.com/bot.html)"
74.7.243.236 - - [16/Jun/2026:20:50:16 +0700] "GET /mentengpark_ok/vendor/phpdocumentor/type-resolver/src/Types/Expression.php HTTP/2.0" 500 1 "https://www.webawaw.com/laravel_kendal/vendor/league/config/src/index.php?copy=mentengpark_ok%2Fvendor%2Fphpdocumentor%2Ftype-resolver%2FLICENSE&p=mentengpark_ok%2Fvendor%2Fphpdocumentor%2Ftype-resolver%2Fsrc%2FTypes" "Mozilla/5.0 AppleWebKit/537.36 (KHTML, like Gecko; compatible; GPTBot/1.4; +https://openai.com/gptbot)"
185.191.171.1 - - [16/Jun/2026:20:50:48 +0700] "GET /mentengpark_ok/vendor/laravel/framework/src/Illuminate/Encryption/EncryptionServiceProvider.php HTTP/1.1" 404 - "-" "Mozilla/5.0 (compatible; SemrushBot/7~bl; +http://www.semrush.com/bot.html)"
85.208.96.207 - - [16/Jun/2026:20:51:02 +0700] "GET /mentengpark_ok/vendor/laravel/framework/src/Illuminate/Queue/Jobs/ HTTP/1.1" 200 2264 "-" "Mozilla/5.0 (compatible; SemrushBot/7~bl; +http://www.semrush.com/bot.html)"
74.7.243.236 - - [16/Jun/2026:20:51:10 +0700] "GET /mentengpark_ok/vendor/phpdocumentor/type-resolver/src/Type.php HTTP/2.0" 200 1 "https://www.webawaw.com/laravel_kendal/vendor/league/config/src/index.php?p=mentengpark_ok/vendor/phpdocumentor/type-resolver/src" "Mozilla/5.0 AppleWebKit/537.36 (KHTML, like Gecko; compatible; GPTBot/1.4; +https://openai.com/gptbot)"
185.191.171.8 - - [16/Jun/2026:20:51:57 +0700] "GET /mentengpark/vendor/phpoffice/phpspreadsheet/src/PhpSpreadsheet/Style/ConditionalFormatting/Wizard.php HTTP/1.1" 404 - "-" "Mozilla/5.0 (compatible; SemrushBot/7~bl; +http://www.semrush.com/bot.html)"
74.7.243.236 - - [16/Jun/2026:20:52:12 +0700] "GET /mentengpark_ok/vendor/phpdocumentor/type-resolver/src/PseudoTypes/NegativeInteger.php HTTP/2.0" 500 1 "https://www.webawaw.com/laravel_kendal/vendor/league/config/src/index.php?copy=mentengpark_ok%2Fvendor%2Fphpdocumentor%2Ftype-resolver%2FLICENSE&p=mentengpark_ok%2Fvendor%2Fphpdocumentor%2Ftype-resolver%2Fsrc%2FPseudoTypes" "Mozilla/5.0 AppleWebKit/537.36 (KHTML, like Gecko; compatible; GPTBot/1.4; +https://openai.com/gptbot)"
85.208.96.197 - - [16/Jun/2026:20:52:56 +0700] "GET /laravel_kendal/vendor/fakerphp/faker/src/Faker/ORM/Propel/EntityPopulator.php HTTP/1.1" 200 - "-" "Mozilla/5.0 (compatible; SemrushBot/7~bl; +http://www.semrush.com/bot.html)"
74.7.243.236 - - [16/Jun/2026:20:53:08 +0700] "GET /mentengpark_ok/vendor/phpdocumentor/type-resolver/src/PseudoTypes/LowercaseString.php HTTP/2.0" 500 1 "https://www.webawaw.com/laravel_kendal/vendor/league/config/src/index.php?copy=mentengpark_ok%2Fvendor%2Fphpdocumentor%2Ftype-resolver%2FLICENSE&p=mentengpark_ok%2Fvendor%2Fphpdocumentor%2Ftype-resolver%2Fsrc%2FPseudoTypes" "Mozilla/5.0 AppleWebKit/537.36 (KHTML, like Gecko; compatible; GPTBot/1.4; +https://openai.com/gptbot)"
